{"id":6707,"date":"2026-04-23T14:17:12","date_gmt":"2026-04-23T12:17:12","guid":{"rendered":"https:\/\/www.comunicacionyescuela.es\/2026\/?post_type=tribe_events&#038;p=6707"},"modified":"2026-04-23T14:17:12","modified_gmt":"2026-04-23T12:17:12","slug":"acto-de-clausura-2","status":"publish","type":"tribe_events","link":"https:\/\/www.comunicacionyescuela.es\/2026\/evento\/acto-de-clausura-2\/","title":{"rendered":"Acto de clausura"},"content":{"rendered":"<p>Estar\u00e1n presentes en el acto de clausura el presidente del Senado de Espa\u00f1a, Pedro Roll\u00e1n; el presidente de la Junta General del Principado, Juan Manuel Cofi\u00f1o; el presidente del<br \/>\nParlamento de Galicia, Miguel \u00c1ngel Santalices; as\u00ed como los hijos e hijas del escritor Miguel Delibes, entre otros destacados invitados.<br \/>\nNota: Oportunamente, se dar\u00e1 detallada informaci\u00f3n de la planificaci\u00f3n y horarios de la jornada de clausura. No obstante, incluir\u00e1 un programa en directo de Onda Cero Radio desde la<br \/>\nBiblioteca del Instituto Elisa y Luis Villamil.<\/p>\n","protected":false},"excerpt":{"rendered":"<p>Estar\u00e1n presentes en el acto de clausura el presidente del Senado de Espa\u00f1a, Pedro Roll\u00e1n; el presidente de la Junta General del Principado, Juan Manuel Cofi\u00f1o; el presidente del Parlamento &#8230; <a title=\"Acto de clausura\" class=\"read-more\" href=\"https:\/\/www.comunicacionyescuela.es\/2026\/evento\/acto-de-clausura-2\/\" aria-label=\"Leer m\u00e1s sobre Acto de clausura\">Leer m\u00e1s<\/a><\/p>\n","protected":false},"author":2,"featured_media":0,"template":"","meta":{"ngg_post_thumbnail":0,"_tribe_events_status":"","_tribe_events_status_reason":"","footnotes":""},"tags":[],"tribe_events_cat":[80],"class_list":["post-6707","tribe_events","type-tribe_events","status-publish","hentry","tribe_events_cat-clausura-del-xviii-foro-comunicacion-y-escuela","cat_clausura-del-xviii-foro-comunicacion-y-escuela"],"_links":{"self":[{"href":"https:\/\/www.comunicacionyescuela.es\/2026\/wp-json\/wp\/v2\/tribe_events\/6707","targetHints":{"allow":["GET"]}}],"collection":[{"href":"https:\/\/www.comunicacionyescuela.es\/2026\/wp-json\/wp\/v2\/tribe_events"}],"about":[{"href":"https:\/\/www.comunicacionyescuela.es\/2026\/wp-json\/wp\/v2\/types\/tribe_events"}],"author":[{"embeddable":true,"href":"https:\/\/www.comunicacionyescuela.es\/2026\/wp-json\/wp\/v2\/users\/2"}],"version-history":[{"count":1,"href":"https:\/\/www.comunicacionyescuela.es\/2026\/wp-json\/wp\/v2\/tribe_events\/6707\/revisions"}],"predecessor-version":[{"id":6708,"href":"https:\/\/www.comunicacionyescuela.es\/2026\/wp-json\/wp\/v2\/tribe_events\/6707\/revisions\/6708"}],"wp:attachment":[{"href":"https:\/\/www.comunicacionyescuela.es\/2026\/wp-json\/wp\/v2\/media?parent=6707"}],"wp:term":[{"taxonomy":"post_tag","embeddable":true,"href":"https:\/\/www.comunicacionyescuela.es\/2026\/wp-json\/wp\/v2\/tags?post=6707"},{"taxonomy":"tribe_events_cat","embeddable":true,"href":"https:\/\/www.comunicacionyescuela.es\/2026\/wp-json\/wp\/v2\/tribe_events_cat?post=6707"}],"curies":[{"name":"wp","href":"https:\/\/api.w.org\/{rel}","templated":true}]}}

<p>Estarán presentes en el acto de clausura el presidente del Senado de España, Pedro Rollán; el presidente de la Junta General del Principado, Juan Manuel Cofiño; el presidente del<br />
Parlamento de Galicia, Miguel Ángel Santalices; así como los hijos e hijas del escritor Miguel Delibes, entre otros destacados invitados.<br />
Nota: Oportunamente, se dará detallada información de la planificación y horarios de la jornada de clausura. No obstante, incluirá un programa en directo de Onda Cero Radio desde la<br />
Biblioteca del Instituto Elisa y Luis Villamil.</p>

<p>Estarán presentes en el acto de clausura el presidente del Senado de España, Pedro Rollán; el presidente de la Junta General del Principado, Juan Manuel Cofiño; el presidente del Parlamento &#8230; <a title="Acto de clausura" class="read-more" href="https://www.comunicacionyescuela.es/2026/evento/acto-de-clausura-2/" aria-label="Leer más sobre Acto de clausura">Leer más</a></p>
