{"id":6700,"date":"2026-04-23T14:07:18","date_gmt":"2026-04-23T12:07:18","guid":{"rendered":"https:\/\/www.comunicacionyescuela.es\/2026\/?post_type=tribe_events&#038;p=6700"},"modified":"2026-04-23T14:07:18","modified_gmt":"2026-04-23T12:07:18","slug":"coloquio-premios-princesa-de-asturias-la-concordia-como-valor-universal","status":"publish","type":"tribe_events","link":"https:\/\/www.comunicacionyescuela.es\/2026\/evento\/coloquio-premios-princesa-de-asturias-la-concordia-como-valor-universal\/","title":{"rendered":"Coloquio: \u201cPremios Princesa de Asturias: la concordia como valor universal\u201d"},"content":{"rendered":"<p>INTERVIENE:<br \/>\n<strong>D\u00f1a. Teresa Sanjurjo<\/strong>. Directora de la Fundaci\u00f3n Princesa de Asturias<br \/>\nMODERA:<br \/>\n<strong>D. Pablo Serrano Mancebo<\/strong>. Director del Diario de \u00c1vila<br \/>\nPRESENTAN:<br \/>\n<strong>D. Pedro Jos\u00e9 Mu\u00f1oz Gonz\u00e1lez<\/strong>. Alcalde de Cebreros<br \/>\n<strong>D. Luis Felipe Fern\u00e1ndez Garc\u00eda<\/strong>. Coordinador del Foro Comunicaci\u00f3n y Escuela<br \/>\nCasa Natal de Adolfo Su\u00e1rez. Cebreros. 19,30 horas<br \/>\nDirigido al p\u00fablico en general<\/p>\n","protected":false},"excerpt":{"rendered":"<p>INTERVIENE: D\u00f1a. Teresa Sanjurjo. Directora de la Fundaci\u00f3n Princesa de Asturias MODERA: D. Pablo Serrano Mancebo. Director del Diario de \u00c1vila PRESENTAN: D. Pedro Jos\u00e9 Mu\u00f1oz Gonz\u00e1lez. Alcalde de Cebreros &#8230; <a title=\"Coloquio: \u201cPremios Princesa de Asturias: la concordia como valor universal\u201d\" class=\"read-more\" href=\"https:\/\/www.comunicacionyescuela.es\/2026\/evento\/coloquio-premios-princesa-de-asturias-la-concordia-como-valor-universal\/\" aria-label=\"Leer m\u00e1s sobre Coloquio: \u201cPremios Princesa de Asturias: la concordia como valor universal\u201d\">Leer m\u00e1s<\/a><\/p>\n","protected":false},"author":2,"featured_media":0,"template":"","meta":{"ngg_post_thumbnail":0,"_tribe_events_status":"","_tribe_events_status_reason":"","footnotes":""},"tags":[],"tribe_events_cat":[79],"class_list":["post-6700","tribe_events","type-tribe_events","status-publish","hentry","tribe_events_cat-actos-programados-vinculacion-avila-asturias","cat_actos-programados-vinculacion-avila-asturias"],"_links":{"self":[{"href":"https:\/\/www.comunicacionyescuela.es\/2026\/wp-json\/wp\/v2\/tribe_events\/6700","targetHints":{"allow":["GET"]}}],"collection":[{"href":"https:\/\/www.comunicacionyescuela.es\/2026\/wp-json\/wp\/v2\/tribe_events"}],"about":[{"href":"https:\/\/www.comunicacionyescuela.es\/2026\/wp-json\/wp\/v2\/types\/tribe_events"}],"author":[{"embeddable":true,"href":"https:\/\/www.comunicacionyescuela.es\/2026\/wp-json\/wp\/v2\/users\/2"}],"version-history":[{"count":1,"href":"https:\/\/www.comunicacionyescuela.es\/2026\/wp-json\/wp\/v2\/tribe_events\/6700\/revisions"}],"predecessor-version":[{"id":6702,"href":"https:\/\/www.comunicacionyescuela.es\/2026\/wp-json\/wp\/v2\/tribe_events\/6700\/revisions\/6702"}],"wp:attachment":[{"href":"https:\/\/www.comunicacionyescuela.es\/2026\/wp-json\/wp\/v2\/media?parent=6700"}],"wp:term":[{"taxonomy":"post_tag","embeddable":true,"href":"https:\/\/www.comunicacionyescuela.es\/2026\/wp-json\/wp\/v2\/tags?post=6700"},{"taxonomy":"tribe_events_cat","embeddable":true,"href":"https:\/\/www.comunicacionyescuela.es\/2026\/wp-json\/wp\/v2\/tribe_events_cat?post=6700"}],"curies":[{"name":"wp","href":"https:\/\/api.w.org\/{rel}","templated":true}]}}

<p>INTERVIENE:<br />
<strong>Dña. Teresa Sanjurjo</strong>. Directora de la Fundación Princesa de Asturias<br />
MODERA:<br />
<strong>D. Pablo Serrano Mancebo</strong>. Director del Diario de Ávila<br />
PRESENTAN:<br />
<strong>D. Pedro José Muñoz González</strong>. Alcalde de Cebreros<br />
<strong>D. Luis Felipe Fernández García</strong>. Coordinador del Foro Comunicación y Escuela<br />
Casa Natal de Adolfo Suárez. Cebreros. 19,30 horas<br />
Dirigido al público en general</p>

<p>INTERVIENE: Dña. Teresa Sanjurjo. Directora de la Fundación Princesa de Asturias MODERA: D. Pablo Serrano Mancebo. Director del Diario de Ávila PRESENTAN: D. Pedro José Muñoz González. Alcalde de Cebreros &#8230; <a title="Coloquio: “Premios Princesa de Asturias: la concordia como valor universal”" class="read-more" href="https://www.comunicacionyescuela.es/2026/evento/coloquio-premios-princesa-de-asturias-la-concordia-como-valor-universal/" aria-label="Leer más sobre Coloquio: “Premios Princesa de Asturias: la concordia como valor universal”">Leer más</a></p>
