{"id":6696,"date":"2026-04-23T13:59:26","date_gmt":"2026-04-23T11:59:26","guid":{"rendered":"https:\/\/www.comunicacionyescuela.es\/2026\/?post_type=tribe_events&#038;p=6696"},"modified":"2026-04-23T13:59:26","modified_gmt":"2026-04-23T11:59:26","slug":"dia-de-castropol-en-burgohondo","status":"publish","type":"tribe_events","link":"https:\/\/www.comunicacionyescuela.es\/2026\/evento\/dia-de-castropol-en-burgohondo\/","title":{"rendered":"D\u00eda de Castropol en Burgohondo"},"content":{"rendered":"<p>Se programa esta jornada de vinculaci\u00f3n entre Castropol y Burgohondo, hermanados en el a\u00f1o 2025, que tendr\u00e1 lugar en Burgohondo (\u00c1vila). Entre los actos que se realizar\u00e1n se incluye:<br \/>\n\u00bb Conferencia sobre Castropol y sus valores<br \/>\n\u00bb Proyecci\u00f3n de v\u00eddeos relacionados con Castropol<br \/>\n\u00bb Representaci\u00f3n teatral a cargo del grupo Cioyo de Castropol en la Plaza del Ayuntamiento de Burgohondo<br \/>\n\u00bb Excursi\u00f3n dirigida a toda la comunidad, y organizada a trav\u00e9s del Ayuntamiento de Castropol, entre el 11 al 13 de septiembre a \u00c1vila capital y a Burgohondo.<br \/>\nNota: Oportunamente y a trav\u00e9s de la p\u00e1gina web y de las redes sociales del Foro Comunicaci\u00f3n y Escuela y de los Ayuntamientos de Castropol y Burgohondo se dar\u00e1 a conocer el desarrollo detallado de esta jornada<\/p>\n","protected":false},"excerpt":{"rendered":"<p>Se programa esta jornada de vinculaci\u00f3n entre Castropol y Burgohondo, hermanados en el a\u00f1o 2025, que tendr\u00e1 lugar en Burgohondo (\u00c1vila). Entre los actos que se realizar\u00e1n se incluye: \u00bb &#8230; <a title=\"D\u00eda de Castropol en Burgohondo\" class=\"read-more\" href=\"https:\/\/www.comunicacionyescuela.es\/2026\/evento\/dia-de-castropol-en-burgohondo\/\" aria-label=\"Leer m\u00e1s sobre D\u00eda de Castropol en Burgohondo\">Leer m\u00e1s<\/a><\/p>\n","protected":false},"author":2,"featured_media":0,"template":"","meta":{"ngg_post_thumbnail":0,"_tribe_events_status":"","_tribe_events_status_reason":"","footnotes":""},"tags":[],"tribe_events_cat":[79],"class_list":["post-6696","tribe_events","type-tribe_events","status-publish","hentry","tribe_events_cat-actos-programados-vinculacion-avila-asturias","cat_actos-programados-vinculacion-avila-asturias"],"_links":{"self":[{"href":"https:\/\/www.comunicacionyescuela.es\/2026\/wp-json\/wp\/v2\/tribe_events\/6696","targetHints":{"allow":["GET"]}}],"collection":[{"href":"https:\/\/www.comunicacionyescuela.es\/2026\/wp-json\/wp\/v2\/tribe_events"}],"about":[{"href":"https:\/\/www.comunicacionyescuela.es\/2026\/wp-json\/wp\/v2\/types\/tribe_events"}],"author":[{"embeddable":true,"href":"https:\/\/www.comunicacionyescuela.es\/2026\/wp-json\/wp\/v2\/users\/2"}],"version-history":[{"count":1,"href":"https:\/\/www.comunicacionyescuela.es\/2026\/wp-json\/wp\/v2\/tribe_events\/6696\/revisions"}],"predecessor-version":[{"id":6697,"href":"https:\/\/www.comunicacionyescuela.es\/2026\/wp-json\/wp\/v2\/tribe_events\/6696\/revisions\/6697"}],"wp:attachment":[{"href":"https:\/\/www.comunicacionyescuela.es\/2026\/wp-json\/wp\/v2\/media?parent=6696"}],"wp:term":[{"taxonomy":"post_tag","embeddable":true,"href":"https:\/\/www.comunicacionyescuela.es\/2026\/wp-json\/wp\/v2\/tags?post=6696"},{"taxonomy":"tribe_events_cat","embeddable":true,"href":"https:\/\/www.comunicacionyescuela.es\/2026\/wp-json\/wp\/v2\/tribe_events_cat?post=6696"}],"curies":[{"name":"wp","href":"https:\/\/api.w.org\/{rel}","templated":true}]}}

Día de Castropol en Burgohondo

<p>Se programa esta jornada de vinculación entre Castropol y Burgohondo, hermanados en el año 2025, que tendrá lugar en Burgohondo (Ávila). Entre los actos que se realizarán se incluye:<br />
» Conferencia sobre Castropol y sus valores<br />
» Proyección de vídeos relacionados con Castropol<br />
» Representación teatral a cargo del grupo Cioyo de Castropol en la Plaza del Ayuntamiento de Burgohondo<br />
» Excursión dirigida a toda la comunidad, y organizada a través del Ayuntamiento de Castropol, entre el 11 al 13 de septiembre a Ávila capital y a Burgohondo.<br />
Nota: Oportunamente y a través de la página web y de las redes sociales del Foro Comunicación y Escuela y de los Ayuntamientos de Castropol y Burgohondo se dará a conocer el desarrollo detallado de esta jornada</p>

<p>Se programa esta jornada de vinculación entre Castropol y Burgohondo, hermanados en el año 2025, que tendrá lugar en Burgohondo (Ávila). Entre los actos que se realizarán se incluye: » &#8230; <a title="Día de Castropol en Burgohondo" class="read-more" href="https://www.comunicacionyescuela.es/2026/evento/dia-de-castropol-en-burgohondo/" aria-label="Leer más sobre Día de Castropol en Burgohondo">Leer más</a></p>
