{"id":6693,"date":"2026-04-23T13:55:00","date_gmt":"2026-04-23T11:55:00","guid":{"rendered":"https:\/\/www.comunicacionyescuela.es\/2026\/?post_type=tribe_events&#038;p=6693"},"modified":"2026-04-23T13:55:00","modified_gmt":"2026-04-23T11:55:00","slug":"acto-literario-en-torno-al-libro-cronica-de-la-transicion-en-asturias-1975-1983-ridea-2025","status":"publish","type":"tribe_events","link":"https:\/\/www.comunicacionyescuela.es\/2026\/evento\/acto-literario-en-torno-al-libro-cronica-de-la-transicion-en-asturias-1975-1983-ridea-2025\/","title":{"rendered":"Acto literario en torno al libro Cr\u00f3nica de la Transici\u00f3n en Asturias (1975-1983) (RIDEA, 2025)"},"content":{"rendered":"<p>INTERVIENEN:<br \/>\n<strong>D. Jos\u00e9 Manuel Vaquero Tresguerres<\/strong>. Ex director de La Nueva Espa\u00f1a y autor del libro<br \/>\n<strong>D. Emilio Garc\u00eda Pumarino<\/strong>. Presidente de Uni\u00f3n de Centro Democr\u00e1tico en Asturias (1979-1982)<br \/>\nMODERA:<br \/>\n<strong>Fernando Delgado<\/strong>. Periodista<br \/>\nPRESENTAN:<br \/>\n<strong>D\u00f1a. Manuela Busto Fidalgo<\/strong>. Biblioteca de Castropol<br \/>\n<strong>D. Luis Felipe Fern\u00e1ndez Garc\u00eda<\/strong>. Coordinador del Foro Comunicaci\u00f3n y Escuela<br \/>\nBiblioteca Popular Circulante Men\u00e9ndez Pelayo. Castropol.<br \/>\n19 horas<br \/>\nDirigido al p\u00fablico en general<br \/>\nCOLABORA:<br \/>\nBiblioteca Popular Circulante Men\u00e9ndez Pelayo<\/p>\n","protected":false},"excerpt":{"rendered":"<p>INTERVIENEN: D. Jos\u00e9 Manuel Vaquero Tresguerres. Ex director de La Nueva Espa\u00f1a y autor del libro D. Emilio Garc\u00eda Pumarino. Presidente de Uni\u00f3n de Centro Democr\u00e1tico en Asturias (1979-1982) MODERA: &#8230; <a title=\"Acto literario en torno al libro Cr\u00f3nica de la Transici\u00f3n en Asturias (1975-1983) (RIDEA, 2025)\" class=\"read-more\" href=\"https:\/\/www.comunicacionyescuela.es\/2026\/evento\/acto-literario-en-torno-al-libro-cronica-de-la-transicion-en-asturias-1975-1983-ridea-2025\/\" aria-label=\"Leer m\u00e1s sobre Acto literario en torno al libro Cr\u00f3nica de la Transici\u00f3n en Asturias (1975-1983) (RIDEA, 2025)\">Leer m\u00e1s<\/a><\/p>\n","protected":false},"author":2,"featured_media":0,"template":"","meta":{"ngg_post_thumbnail":0,"_tribe_events_status":"","_tribe_events_status_reason":"","footnotes":""},"tags":[],"tribe_events_cat":[78],"class_list":["post-6693","tribe_events","type-tribe_events","status-publish","hentry","tribe_events_cat-ciclo-los-valores-de-la-comarca-oscos-eo","cat_ciclo-los-valores-de-la-comarca-oscos-eo"],"_links":{"self":[{"href":"https:\/\/www.comunicacionyescuela.es\/2026\/wp-json\/wp\/v2\/tribe_events\/6693","targetHints":{"allow":["GET"]}}],"collection":[{"href":"https:\/\/www.comunicacionyescuela.es\/2026\/wp-json\/wp\/v2\/tribe_events"}],"about":[{"href":"https:\/\/www.comunicacionyescuela.es\/2026\/wp-json\/wp\/v2\/types\/tribe_events"}],"author":[{"embeddable":true,"href":"https:\/\/www.comunicacionyescuela.es\/2026\/wp-json\/wp\/v2\/users\/2"}],"version-history":[{"count":1,"href":"https:\/\/www.comunicacionyescuela.es\/2026\/wp-json\/wp\/v2\/tribe_events\/6693\/revisions"}],"predecessor-version":[{"id":6694,"href":"https:\/\/www.comunicacionyescuela.es\/2026\/wp-json\/wp\/v2\/tribe_events\/6693\/revisions\/6694"}],"wp:attachment":[{"href":"https:\/\/www.comunicacionyescuela.es\/2026\/wp-json\/wp\/v2\/media?parent=6693"}],"wp:term":[{"taxonomy":"post_tag","embeddable":true,"href":"https:\/\/www.comunicacionyescuela.es\/2026\/wp-json\/wp\/v2\/tags?post=6693"},{"taxonomy":"tribe_events_cat","embeddable":true,"href":"https:\/\/www.comunicacionyescuela.es\/2026\/wp-json\/wp\/v2\/tribe_events_cat?post=6693"}],"curies":[{"name":"wp","href":"https:\/\/api.w.org\/{rel}","templated":true}]}}

Acto literario en torno al libro Crónica de la Transición en Asturias (1975-1983) (RIDEA, 2025)

<p>INTERVIENEN:<br />
<strong>D. José Manuel Vaquero Tresguerres</strong>. Ex director de La Nueva España y autor del libro<br />
<strong>D. Emilio García Pumarino</strong>. Presidente de Unión de Centro Democrático en Asturias (1979-1982)<br />
MODERA:<br />
<strong>Fernando Delgado</strong>. Periodista<br />
PRESENTAN:<br />
<strong>Dña. Manuela Busto Fidalgo</strong>. Biblioteca de Castropol<br />
<strong>D. Luis Felipe Fernández García</strong>. Coordinador del Foro Comunicación y Escuela<br />
Biblioteca Popular Circulante Menéndez Pelayo. Castropol.<br />
19 horas<br />
Dirigido al público en general<br />
COLABORA:<br />
Biblioteca Popular Circulante Menéndez Pelayo</p>

<p>INTERVIENEN: D. José Manuel Vaquero Tresguerres. Ex director de La Nueva España y autor del libro D. Emilio García Pumarino. Presidente de Unión de Centro Democrático en Asturias (1979-1982) MODERA: &#8230; <a title="Acto literario en torno al libro Crónica de la Transición en Asturias (1975-1983) (RIDEA, 2025)" class="read-more" href="https://www.comunicacionyescuela.es/2026/evento/acto-literario-en-torno-al-libro-cronica-de-la-transicion-en-asturias-1975-1983-ridea-2025/" aria-label="Leer más sobre Acto literario en torno al libro Crónica de la Transición en Asturias (1975-1983) (RIDEA, 2025)">Leer más</a></p>
