{"id":6691,"date":"2026-04-23T13:51:18","date_gmt":"2026-04-23T11:51:18","guid":{"rendered":"https:\/\/www.comunicacionyescuela.es\/2026\/?post_type=tribe_events&#038;p=6691"},"modified":"2026-04-23T13:51:18","modified_gmt":"2026-04-23T11:51:18","slug":"acto-literario-en-torno-al-libro-lo-que-queda-a-la-espalda-ediciones-trea-2025","status":"publish","type":"tribe_events","link":"https:\/\/www.comunicacionyescuela.es\/2026\/evento\/acto-literario-en-torno-al-libro-lo-que-queda-a-la-espalda-ediciones-trea-2025\/","title":{"rendered":"Acto literario en torno al libro Lo que queda a la espalda (Ediciones Trea, 2025)"},"content":{"rendered":"<p>INTERVIENEN:<br \/>\n<strong>D. Pedro de Silva<\/strong>. Escritor y abogado. Ex presidente del Principado de Asturias<br \/>\n<strong>D. C\u00e9sar Iglesias<\/strong>. Periodista y escritor.<br \/>\nPRESENTAN:<br \/>\n<strong>D. Luis Felipe Fern\u00e1ndez Garc\u00eda<\/strong>. Coordinador del Foro Comunicaci\u00f3n y Escuela<br \/>\nSala de Exposiciones de la Casa de Cultura de Vegadeo. 19<br \/>\nhoras<br \/>\nDirigido al p\u00fablico en general<\/p>\n","protected":false},"excerpt":{"rendered":"<p>INTERVIENEN: D. Pedro de Silva. Escritor y abogado. Ex presidente del Principado de Asturias D. C\u00e9sar Iglesias. Periodista y escritor. PRESENTAN: D. Luis Felipe Fern\u00e1ndez Garc\u00eda. Coordinador del Foro Comunicaci\u00f3n &#8230; <a title=\"Acto literario en torno al libro Lo que queda a la espalda (Ediciones Trea, 2025)\" class=\"read-more\" href=\"https:\/\/www.comunicacionyescuela.es\/2026\/evento\/acto-literario-en-torno-al-libro-lo-que-queda-a-la-espalda-ediciones-trea-2025\/\" aria-label=\"Leer m\u00e1s sobre Acto literario en torno al libro Lo que queda a la espalda (Ediciones Trea, 2025)\">Leer m\u00e1s<\/a><\/p>\n","protected":false},"author":2,"featured_media":0,"template":"","meta":{"ngg_post_thumbnail":0,"_tribe_events_status":"","_tribe_events_status_reason":"","footnotes":""},"tags":[],"tribe_events_cat":[78],"class_list":["post-6691","tribe_events","type-tribe_events","status-publish","hentry","tribe_events_cat-ciclo-los-valores-de-la-comarca-oscos-eo","cat_ciclo-los-valores-de-la-comarca-oscos-eo"],"_links":{"self":[{"href":"https:\/\/www.comunicacionyescuela.es\/2026\/wp-json\/wp\/v2\/tribe_events\/6691","targetHints":{"allow":["GET"]}}],"collection":[{"href":"https:\/\/www.comunicacionyescuela.es\/2026\/wp-json\/wp\/v2\/tribe_events"}],"about":[{"href":"https:\/\/www.comunicacionyescuela.es\/2026\/wp-json\/wp\/v2\/types\/tribe_events"}],"author":[{"embeddable":true,"href":"https:\/\/www.comunicacionyescuela.es\/2026\/wp-json\/wp\/v2\/users\/2"}],"version-history":[{"count":1,"href":"https:\/\/www.comunicacionyescuela.es\/2026\/wp-json\/wp\/v2\/tribe_events\/6691\/revisions"}],"predecessor-version":[{"id":6692,"href":"https:\/\/www.comunicacionyescuela.es\/2026\/wp-json\/wp\/v2\/tribe_events\/6691\/revisions\/6692"}],"wp:attachment":[{"href":"https:\/\/www.comunicacionyescuela.es\/2026\/wp-json\/wp\/v2\/media?parent=6691"}],"wp:term":[{"taxonomy":"post_tag","embeddable":true,"href":"https:\/\/www.comunicacionyescuela.es\/2026\/wp-json\/wp\/v2\/tags?post=6691"},{"taxonomy":"tribe_events_cat","embeddable":true,"href":"https:\/\/www.comunicacionyescuela.es\/2026\/wp-json\/wp\/v2\/tribe_events_cat?post=6691"}],"curies":[{"name":"wp","href":"https:\/\/api.w.org\/{rel}","templated":true}]}}

<p>INTERVIENEN:<br />
<strong>D. Pedro de Silva</strong>. Escritor y abogado. Ex presidente del Principado de Asturias<br />
<strong>D. César Iglesias</strong>. Periodista y escritor.<br />
PRESENTAN:<br />
<strong>D. Luis Felipe Fernández García</strong>. Coordinador del Foro Comunicación y Escuela<br />
Sala de Exposiciones de la Casa de Cultura de Vegadeo. 19<br />
horas<br />
Dirigido al público en general</p>

<p>INTERVIENEN: D. Pedro de Silva. Escritor y abogado. Ex presidente del Principado de Asturias D. César Iglesias. Periodista y escritor. PRESENTAN: D. Luis Felipe Fernández García. Coordinador del Foro Comunicación &#8230; <a title="Acto literario en torno al libro Lo que queda a la espalda (Ediciones Trea, 2025)" class="read-more" href="https://www.comunicacionyescuela.es/2026/evento/acto-literario-en-torno-al-libro-lo-que-queda-a-la-espalda-ediciones-trea-2025/" aria-label="Leer más sobre Acto literario en torno al libro Lo que queda a la espalda (Ediciones Trea, 2025)">Leer más</a></p>
