{"id":6689,"date":"2026-04-23T13:50:00","date_gmt":"2026-04-23T11:50:00","guid":{"rendered":"https:\/\/www.comunicacionyescuela.es\/2026\/?post_type=tribe_events&#038;p=6689"},"modified":"2026-04-23T13:50:00","modified_gmt":"2026-04-23T11:50:00","slug":"conferencia-por-que-me-tengo-que-vacunar-si-soy-un-adulto-sano","status":"publish","type":"tribe_events","link":"https:\/\/www.comunicacionyescuela.es\/2026\/evento\/conferencia-por-que-me-tengo-que-vacunar-si-soy-un-adulto-sano\/","title":{"rendered":"Conferencia: \u201c\u00bfPor qu\u00e9 me tengo que vacunar si soy un adulto sano?\u201d"},"content":{"rendered":"<p>INTERVIENE:<br \/>\n<strong>D\u00f1a. Margarita del Val Latorre<\/strong>. Cient\u00edfica, Investigadora del CSIC<br \/>\nPRESENTAN:<br \/>\n<strong>D\u00f1a. Manuela Busto Fidalgo<\/strong>. Bibliotecaria de Castropol<br \/>\n<strong>D. Luis Felipe Fern\u00e1ndez Garc\u00eda<\/strong>. Coordinador del Foro Comunicaci\u00f3n y Escuela<br \/>\nBiblioteca Popular Circulante Men\u00e9ndez Pelayo. Castropol. 19<br \/>\nhoras<br \/>\nDirigido al p\u00fablico en general<br \/>\nCOLABORA:<br \/>\nBiblioteca Popular Circulante Men\u00e9ndez Pelayo<\/p>\n","protected":false},"excerpt":{"rendered":"<p>INTERVIENE: D\u00f1a. Margarita del Val Latorre. Cient\u00edfica, Investigadora del CSIC PRESENTAN: D\u00f1a. Manuela Busto Fidalgo. Bibliotecaria de Castropol D. Luis Felipe Fern\u00e1ndez Garc\u00eda. Coordinador del Foro Comunicaci\u00f3n y Escuela Biblioteca &#8230; <a title=\"Conferencia: \u201c\u00bfPor qu\u00e9 me tengo que vacunar si soy un adulto sano?\u201d\" class=\"read-more\" href=\"https:\/\/www.comunicacionyescuela.es\/2026\/evento\/conferencia-por-que-me-tengo-que-vacunar-si-soy-un-adulto-sano\/\" aria-label=\"Leer m\u00e1s sobre Conferencia: \u201c\u00bfPor qu\u00e9 me tengo que vacunar si soy un adulto sano?\u201d\">Leer m\u00e1s<\/a><\/p>\n","protected":false},"author":2,"featured_media":0,"template":"","meta":{"ngg_post_thumbnail":0,"_tribe_events_status":"","_tribe_events_status_reason":"","footnotes":""},"tags":[],"tribe_events_cat":[78],"class_list":["post-6689","tribe_events","type-tribe_events","status-publish","hentry","tribe_events_cat-ciclo-los-valores-de-la-comarca-oscos-eo","cat_ciclo-los-valores-de-la-comarca-oscos-eo"],"_links":{"self":[{"href":"https:\/\/www.comunicacionyescuela.es\/2026\/wp-json\/wp\/v2\/tribe_events\/6689","targetHints":{"allow":["GET"]}}],"collection":[{"href":"https:\/\/www.comunicacionyescuela.es\/2026\/wp-json\/wp\/v2\/tribe_events"}],"about":[{"href":"https:\/\/www.comunicacionyescuela.es\/2026\/wp-json\/wp\/v2\/types\/tribe_events"}],"author":[{"embeddable":true,"href":"https:\/\/www.comunicacionyescuela.es\/2026\/wp-json\/wp\/v2\/users\/2"}],"version-history":[{"count":1,"href":"https:\/\/www.comunicacionyescuela.es\/2026\/wp-json\/wp\/v2\/tribe_events\/6689\/revisions"}],"predecessor-version":[{"id":6690,"href":"https:\/\/www.comunicacionyescuela.es\/2026\/wp-json\/wp\/v2\/tribe_events\/6689\/revisions\/6690"}],"wp:attachment":[{"href":"https:\/\/www.comunicacionyescuela.es\/2026\/wp-json\/wp\/v2\/media?parent=6689"}],"wp:term":[{"taxonomy":"post_tag","embeddable":true,"href":"https:\/\/www.comunicacionyescuela.es\/2026\/wp-json\/wp\/v2\/tags?post=6689"},{"taxonomy":"tribe_events_cat","embeddable":true,"href":"https:\/\/www.comunicacionyescuela.es\/2026\/wp-json\/wp\/v2\/tribe_events_cat?post=6689"}],"curies":[{"name":"wp","href":"https:\/\/api.w.org\/{rel}","templated":true}]}}

Conferencia: “¿Por qué me tengo que vacunar si soy un adulto sano?”

<p>INTERVIENE:<br />
<strong>Dña. Margarita del Val Latorre</strong>. Científica, Investigadora del CSIC<br />
PRESENTAN:<br />
<strong>Dña. Manuela Busto Fidalgo</strong>. Bibliotecaria de Castropol<br />
<strong>D. Luis Felipe Fernández García</strong>. Coordinador del Foro Comunicación y Escuela<br />
Biblioteca Popular Circulante Menéndez Pelayo. Castropol. 19<br />
horas<br />
Dirigido al público en general<br />
COLABORA:<br />
Biblioteca Popular Circulante Menéndez Pelayo</p>

<p>INTERVIENE: Dña. Margarita del Val Latorre. Científica, Investigadora del CSIC PRESENTAN: Dña. Manuela Busto Fidalgo. Bibliotecaria de Castropol D. Luis Felipe Fernández García. Coordinador del Foro Comunicación y Escuela Biblioteca &#8230; <a title="Conferencia: “¿Por qué me tengo que vacunar si soy un adulto sano?”" class="read-more" href="https://www.comunicacionyescuela.es/2026/evento/conferencia-por-que-me-tengo-que-vacunar-si-soy-un-adulto-sano/" aria-label="Leer más sobre Conferencia: “¿Por qué me tengo que vacunar si soy un adulto sano?”">Leer más</a></p>
