{"id":6687,"date":"2026-04-23T13:47:40","date_gmt":"2026-04-23T11:47:40","guid":{"rendered":"https:\/\/www.comunicacionyescuela.es\/2026\/?post_type=tribe_events&#038;p=6687"},"modified":"2026-04-23T13:47:40","modified_gmt":"2026-04-23T11:47:40","slug":"tertulia-literaria-mujer-y-literatura","status":"publish","type":"tribe_events","link":"https:\/\/www.comunicacionyescuela.es\/2026\/evento\/tertulia-literaria-mujer-y-literatura\/","title":{"rendered":"Tertulia literaria: \u201cMujer y literatura\u201d"},"content":{"rendered":"<p>INTERVIENEN:<br \/>\n<strong>D\u00f1a. Mar\u00eda Teresa \u00c1lvarez<\/strong>. Escritora<br \/>\n<strong>D\u00f1a. Mayte Uceda<\/strong>. Escritora<br \/>\n<strong>D\u00f1a. Laura Casta\u00f1\u00f3n<\/strong>. Escritora<br \/>\nPRESENTAN:<br \/>\n<strong>D\u00f1a. Manuela Busto Fidalgo<\/strong>. Bibliotecaria de Castropol<br \/>\n<strong>D\u00f1a. Mar\u00eda Meit\u00edn Buj\u00e1n<\/strong>. Profesora del Departamento de Lengua Castellana y Literatura del IES Elisa y Luis Villamil<br \/>\nBiblioteca Popular Circulante Men\u00e9ndez Pelayo. Castropol. 19<br \/>\nhoras<br \/>\nDirigido al p\u00fablico en general<br \/>\nCOLABORA:<br \/>\nBiblioteca Popular Circulante Men\u00e9ndez Pelayo<\/p>\n","protected":false},"excerpt":{"rendered":"<p>INTERVIENEN: D\u00f1a. Mar\u00eda Teresa \u00c1lvarez. Escritora D\u00f1a. Mayte Uceda. Escritora D\u00f1a. Laura Casta\u00f1\u00f3n. Escritora PRESENTAN: D\u00f1a. Manuela Busto Fidalgo. Bibliotecaria de Castropol D\u00f1a. Mar\u00eda Meit\u00edn Buj\u00e1n. Profesora del Departamento de &#8230; <a title=\"Tertulia literaria: \u201cMujer y literatura\u201d\" class=\"read-more\" href=\"https:\/\/www.comunicacionyescuela.es\/2026\/evento\/tertulia-literaria-mujer-y-literatura\/\" aria-label=\"Leer m\u00e1s sobre Tertulia literaria: \u201cMujer y literatura\u201d\">Leer m\u00e1s<\/a><\/p>\n","protected":false},"author":2,"featured_media":0,"template":"","meta":{"ngg_post_thumbnail":0,"_tribe_events_status":"","_tribe_events_status_reason":"","footnotes":""},"tags":[],"tribe_events_cat":[78],"class_list":["post-6687","tribe_events","type-tribe_events","status-publish","hentry","tribe_events_cat-ciclo-los-valores-de-la-comarca-oscos-eo","cat_ciclo-los-valores-de-la-comarca-oscos-eo"],"_links":{"self":[{"href":"https:\/\/www.comunicacionyescuela.es\/2026\/wp-json\/wp\/v2\/tribe_events\/6687","targetHints":{"allow":["GET"]}}],"collection":[{"href":"https:\/\/www.comunicacionyescuela.es\/2026\/wp-json\/wp\/v2\/tribe_events"}],"about":[{"href":"https:\/\/www.comunicacionyescuela.es\/2026\/wp-json\/wp\/v2\/types\/tribe_events"}],"author":[{"embeddable":true,"href":"https:\/\/www.comunicacionyescuela.es\/2026\/wp-json\/wp\/v2\/users\/2"}],"version-history":[{"count":1,"href":"https:\/\/www.comunicacionyescuela.es\/2026\/wp-json\/wp\/v2\/tribe_events\/6687\/revisions"}],"predecessor-version":[{"id":6688,"href":"https:\/\/www.comunicacionyescuela.es\/2026\/wp-json\/wp\/v2\/tribe_events\/6687\/revisions\/6688"}],"wp:attachment":[{"href":"https:\/\/www.comunicacionyescuela.es\/2026\/wp-json\/wp\/v2\/media?parent=6687"}],"wp:term":[{"taxonomy":"post_tag","embeddable":true,"href":"https:\/\/www.comunicacionyescuela.es\/2026\/wp-json\/wp\/v2\/tags?post=6687"},{"taxonomy":"tribe_events_cat","embeddable":true,"href":"https:\/\/www.comunicacionyescuela.es\/2026\/wp-json\/wp\/v2\/tribe_events_cat?post=6687"}],"curies":[{"name":"wp","href":"https:\/\/api.w.org\/{rel}","templated":true}]}}

<p>INTERVIENEN:<br />
<strong>Dña. María Teresa Álvarez</strong>. Escritora<br />
<strong>Dña. Mayte Uceda</strong>. Escritora<br />
<strong>Dña. Laura Castañón</strong>. Escritora<br />
PRESENTAN:<br />
<strong>Dña. Manuela Busto Fidalgo</strong>. Bibliotecaria de Castropol<br />
<strong>Dña. María Meitín Buján</strong>. Profesora del Departamento de Lengua Castellana y Literatura del IES Elisa y Luis Villamil<br />
Biblioteca Popular Circulante Menéndez Pelayo. Castropol. 19<br />
horas<br />
Dirigido al público en general<br />
COLABORA:<br />
Biblioteca Popular Circulante Menéndez Pelayo</p>

<p>INTERVIENEN: Dña. María Teresa Álvarez. Escritora Dña. Mayte Uceda. Escritora Dña. Laura Castañón. Escritora PRESENTAN: Dña. Manuela Busto Fidalgo. Bibliotecaria de Castropol Dña. María Meitín Buján. Profesora del Departamento de &#8230; <a title="Tertulia literaria: “Mujer y literatura”" class="read-more" href="https://www.comunicacionyescuela.es/2026/evento/tertulia-literaria-mujer-y-literatura/" aria-label="Leer más sobre Tertulia literaria: “Mujer y literatura”">Leer más</a></p>
