{"id":6684,"date":"2026-04-23T13:44:13","date_gmt":"2026-04-23T11:44:13","guid":{"rendered":"https:\/\/www.comunicacionyescuela.es\/2026\/?post_type=tribe_events&#038;p=6684"},"modified":"2026-04-23T13:44:13","modified_gmt":"2026-04-23T11:44:13","slug":"coloquio-los-valores-de-la-comarca-oscos-eo","status":"publish","type":"tribe_events","link":"https:\/\/www.comunicacionyescuela.es\/2026\/evento\/coloquio-los-valores-de-la-comarca-oscos-eo\/","title":{"rendered":"Coloquio: \u201cLos valores de la Comarca Oscos-Eo\u201d"},"content":{"rendered":"<p>INTERVIENEN:<br \/>\n<strong>D. Pedro \u00c1lvarez Mart\u00ednez<\/strong>. Alcalde de San Mart\u00edn de Oscos<br \/>\n<strong>D. Abel Lastra P\u00e9rez<\/strong>. Alcalde de Villanueva de Oscos<br \/>\n<strong>D. Francisco L\u00f3pez Enriquez<\/strong>. Alcalde de San Mart\u00edn de Oscos<br \/>\n<strong>D. C\u00e9sar Villabrille Quintana<\/strong>. Alcalde de Taramundi<br \/>\n<strong>D. Clemente Mart\u00ednez Rodil<\/strong>. Alcalde de San Tirso de Abres<br \/>\n<strong>D. Francisco Javier Vinjoy Valea<\/strong>. Alcalde de Castropol<br \/>\n<strong>D. C\u00e9sar \u00c1lvarez Fern\u00e1ndez<\/strong>. Alcalde de Vegadeo<br \/>\nMODERA:<br \/>\n<strong>Mar\u00eda Jos\u00e9 Iglesias<\/strong>. Directora del Club de Prensa Asturiana de La Nueva Espa\u00f1a<br \/>\nPRESENTA:<br \/>\n<strong>Luis Felipe Fern\u00e1ndez Garc\u00eda<\/strong>. Coordinador del Foro Comunicaci\u00f3n y Escuela<br \/>\nClub de Prensa Asturiana de La Nueva Espa\u00f1a. Oviedo. 18<br \/>\nhoras<br \/>\nDirigido a toda la comunidad<\/p>\n","protected":false},"excerpt":{"rendered":"<p>INTERVIENEN: D. Pedro \u00c1lvarez Mart\u00ednez. Alcalde de San Mart\u00edn de Oscos D. Abel Lastra P\u00e9rez. Alcalde de Villanueva de Oscos D. Francisco L\u00f3pez Enriquez. Alcalde de San Mart\u00edn de Oscos &#8230; <a title=\"Coloquio: \u201cLos valores de la Comarca Oscos-Eo\u201d\" class=\"read-more\" href=\"https:\/\/www.comunicacionyescuela.es\/2026\/evento\/coloquio-los-valores-de-la-comarca-oscos-eo\/\" aria-label=\"Leer m\u00e1s sobre Coloquio: \u201cLos valores de la Comarca Oscos-Eo\u201d\">Leer m\u00e1s<\/a><\/p>\n","protected":false},"author":2,"featured_media":0,"template":"","meta":{"ngg_post_thumbnail":0,"_tribe_events_status":"","_tribe_events_status_reason":"","footnotes":""},"tags":[],"tribe_events_cat":[78],"class_list":["post-6684","tribe_events","type-tribe_events","status-publish","hentry","tribe_events_cat-ciclo-los-valores-de-la-comarca-oscos-eo","cat_ciclo-los-valores-de-la-comarca-oscos-eo"],"_links":{"self":[{"href":"https:\/\/www.comunicacionyescuela.es\/2026\/wp-json\/wp\/v2\/tribe_events\/6684","targetHints":{"allow":["GET"]}}],"collection":[{"href":"https:\/\/www.comunicacionyescuela.es\/2026\/wp-json\/wp\/v2\/tribe_events"}],"about":[{"href":"https:\/\/www.comunicacionyescuela.es\/2026\/wp-json\/wp\/v2\/types\/tribe_events"}],"author":[{"embeddable":true,"href":"https:\/\/www.comunicacionyescuela.es\/2026\/wp-json\/wp\/v2\/users\/2"}],"version-history":[{"count":1,"href":"https:\/\/www.comunicacionyescuela.es\/2026\/wp-json\/wp\/v2\/tribe_events\/6684\/revisions"}],"predecessor-version":[{"id":6686,"href":"https:\/\/www.comunicacionyescuela.es\/2026\/wp-json\/wp\/v2\/tribe_events\/6684\/revisions\/6686"}],"wp:attachment":[{"href":"https:\/\/www.comunicacionyescuela.es\/2026\/wp-json\/wp\/v2\/media?parent=6684"}],"wp:term":[{"taxonomy":"post_tag","embeddable":true,"href":"https:\/\/www.comunicacionyescuela.es\/2026\/wp-json\/wp\/v2\/tags?post=6684"},{"taxonomy":"tribe_events_cat","embeddable":true,"href":"https:\/\/www.comunicacionyescuela.es\/2026\/wp-json\/wp\/v2\/tribe_events_cat?post=6684"}],"curies":[{"name":"wp","href":"https:\/\/api.w.org\/{rel}","templated":true}]}}

<p>INTERVIENEN:<br />
<strong>D. Pedro Álvarez Martínez</strong>. Alcalde de San Martín de Oscos<br />
<strong>D. Abel Lastra Pérez</strong>. Alcalde de Villanueva de Oscos<br />
<strong>D. Francisco López Enriquez</strong>. Alcalde de San Martín de Oscos<br />
<strong>D. César Villabrille Quintana</strong>. Alcalde de Taramundi<br />
<strong>D. Clemente Martínez Rodil</strong>. Alcalde de San Tirso de Abres<br />
<strong>D. Francisco Javier Vinjoy Valea</strong>. Alcalde de Castropol<br />
<strong>D. César Álvarez Fernández</strong>. Alcalde de Vegadeo<br />
MODERA:<br />
<strong>María José Iglesias</strong>. Directora del Club de Prensa Asturiana de La Nueva España<br />
PRESENTA:<br />
<strong>Luis Felipe Fernández García</strong>. Coordinador del Foro Comunicación y Escuela<br />
Club de Prensa Asturiana de La Nueva España. Oviedo. 18<br />
horas<br />
Dirigido a toda la comunidad</p>

<p>INTERVIENEN: D. Pedro Álvarez Martínez. Alcalde de San Martín de Oscos D. Abel Lastra Pérez. Alcalde de Villanueva de Oscos D. Francisco López Enriquez. Alcalde de San Martín de Oscos &#8230; <a title="Coloquio: “Los valores de la Comarca Oscos-Eo”" class="read-more" href="https://www.comunicacionyescuela.es/2026/evento/coloquio-los-valores-de-la-comarca-oscos-eo/" aria-label="Leer más sobre Coloquio: “Los valores de la Comarca Oscos-Eo”">Leer más</a></p>
