{"id":6681,"date":"2026-04-23T13:39:20","date_gmt":"2026-04-23T11:39:20","guid":{"rendered":"https:\/\/www.comunicacionyescuela.es\/2026\/?post_type=tribe_events&#038;p=6681"},"modified":"2026-04-23T13:39:20","modified_gmt":"2026-04-23T11:39:20","slug":"coloquio-los-valores-de-vegadeo","status":"publish","type":"tribe_events","link":"https:\/\/www.comunicacionyescuela.es\/2026\/evento\/coloquio-los-valores-de-vegadeo\/","title":{"rendered":"Coloquio: \u201cLos valores de Vegadeo\u201d"},"content":{"rendered":"<p>INTERVIENEN:<br \/>\n<strong>D. Jos\u00e9 Antonio Seijo Veiguela<\/strong>. Presidente de la Asociaci\u00f3n de Comerciantes de Vegadeo (ASCOVE)<br \/>\n<strong>D. Alejandro Murias<\/strong>. Empresario<br \/>\n<strong>D\u00f1a. Noelia Rodr\u00edguez Gonz\u00e1lez<\/strong>. Presidenta de la Asociaci\u00f3n Cultural Veigue\u00f1a Le\u00f1a Verde<br \/>\n<strong>D\u00f1a. Roc\u00edo Mart\u00ednez Fern\u00e1ndez<\/strong>. Gerente de la empresa FabEo S.C y de Apartamentos Rurales Torre de la Alcandra<br \/>\n<strong>D. Javier Marcos Marcos<\/strong>. Cotitular de la Ganader\u00eda SOLFER TCEA<br \/>\nMODERA:<br \/>\n<strong>Mar\u00eda Jos\u00e9 Iglesias<\/strong>. Directora del Club de Prensa Asturiana de La Nueva Espa\u00f1a<br \/>\nPRESENTA:<br \/>\n<strong>Luis Felipe Fern\u00e1ndez Garc\u00eda<\/strong>. Coordinador del Foro Comunicaci\u00f3n y Escuela<br \/>\nSal\u00f3n de Plenos del Ayuntamiento de Vegadeo, 18 horas<br \/>\nDirigido a toda la comunidad<\/p>\n","protected":false},"excerpt":{"rendered":"<p>INTERVIENEN: D. Jos\u00e9 Antonio Seijo Veiguela. Presidente de la Asociaci\u00f3n de Comerciantes de Vegadeo (ASCOVE) D. Alejandro Murias. Empresario D\u00f1a. Noelia Rodr\u00edguez Gonz\u00e1lez. Presidenta de la Asociaci\u00f3n Cultural Veigue\u00f1a Le\u00f1a &#8230; <a title=\"Coloquio: \u201cLos valores de Vegadeo\u201d\" class=\"read-more\" href=\"https:\/\/www.comunicacionyescuela.es\/2026\/evento\/coloquio-los-valores-de-vegadeo\/\" aria-label=\"Leer m\u00e1s sobre Coloquio: \u201cLos valores de Vegadeo\u201d\">Leer m\u00e1s<\/a><\/p>\n","protected":false},"author":2,"featured_media":0,"template":"","meta":{"ngg_post_thumbnail":0,"_tribe_events_status":"","_tribe_events_status_reason":"","footnotes":""},"tags":[],"tribe_events_cat":[78],"class_list":["post-6681","tribe_events","type-tribe_events","status-publish","hentry","tribe_events_cat-ciclo-los-valores-de-la-comarca-oscos-eo","cat_ciclo-los-valores-de-la-comarca-oscos-eo"],"_links":{"self":[{"href":"https:\/\/www.comunicacionyescuela.es\/2026\/wp-json\/wp\/v2\/tribe_events\/6681","targetHints":{"allow":["GET"]}}],"collection":[{"href":"https:\/\/www.comunicacionyescuela.es\/2026\/wp-json\/wp\/v2\/tribe_events"}],"about":[{"href":"https:\/\/www.comunicacionyescuela.es\/2026\/wp-json\/wp\/v2\/types\/tribe_events"}],"author":[{"embeddable":true,"href":"https:\/\/www.comunicacionyescuela.es\/2026\/wp-json\/wp\/v2\/users\/2"}],"version-history":[{"count":1,"href":"https:\/\/www.comunicacionyescuela.es\/2026\/wp-json\/wp\/v2\/tribe_events\/6681\/revisions"}],"predecessor-version":[{"id":6683,"href":"https:\/\/www.comunicacionyescuela.es\/2026\/wp-json\/wp\/v2\/tribe_events\/6681\/revisions\/6683"}],"wp:attachment":[{"href":"https:\/\/www.comunicacionyescuela.es\/2026\/wp-json\/wp\/v2\/media?parent=6681"}],"wp:term":[{"taxonomy":"post_tag","embeddable":true,"href":"https:\/\/www.comunicacionyescuela.es\/2026\/wp-json\/wp\/v2\/tags?post=6681"},{"taxonomy":"tribe_events_cat","embeddable":true,"href":"https:\/\/www.comunicacionyescuela.es\/2026\/wp-json\/wp\/v2\/tribe_events_cat?post=6681"}],"curies":[{"name":"wp","href":"https:\/\/api.w.org\/{rel}","templated":true}]}}

<p>INTERVIENEN:<br />
<strong>D. José Antonio Seijo Veiguela</strong>. Presidente de la Asociación de Comerciantes de Vegadeo (ASCOVE)<br />
<strong>D. Alejandro Murias</strong>. Empresario<br />
<strong>Dña. Noelia Rodríguez González</strong>. Presidenta de la Asociación Cultural Veigueña Leña Verde<br />
<strong>Dña. Rocío Martínez Fernández</strong>. Gerente de la empresa FabEo S.C y de Apartamentos Rurales Torre de la Alcandra<br />
<strong>D. Javier Marcos Marcos</strong>. Cotitular de la Ganadería SOLFER TCEA<br />
MODERA:<br />
<strong>María José Iglesias</strong>. Directora del Club de Prensa Asturiana de La Nueva España<br />
PRESENTA:<br />
<strong>Luis Felipe Fernández García</strong>. Coordinador del Foro Comunicación y Escuela<br />
Salón de Plenos del Ayuntamiento de Vegadeo, 18 horas<br />
Dirigido a toda la comunidad</p>

<p>INTERVIENEN: D. José Antonio Seijo Veiguela. Presidente de la Asociación de Comerciantes de Vegadeo (ASCOVE) D. Alejandro Murias. Empresario Dña. Noelia Rodríguez González. Presidenta de la Asociación Cultural Veigueña Leña &#8230; <a title="Coloquio: “Los valores de Vegadeo”" class="read-more" href="https://www.comunicacionyescuela.es/2026/evento/coloquio-los-valores-de-vegadeo/" aria-label="Leer más sobre Coloquio: “Los valores de Vegadeo”">Leer más</a></p>
