{"id":6678,"date":"2026-04-23T13:33:44","date_gmt":"2026-04-23T11:33:44","guid":{"rendered":"https:\/\/www.comunicacionyescuela.es\/2026\/?post_type=tribe_events&#038;p=6678"},"modified":"2026-04-23T13:33:44","modified_gmt":"2026-04-23T11:33:44","slug":"coloquio-los-valores-de-castropol","status":"publish","type":"tribe_events","link":"https:\/\/www.comunicacionyescuela.es\/2026\/evento\/coloquio-los-valores-de-castropol\/","title":{"rendered":"Coloquio: \u201cLos valores de Castropol\u201d"},"content":{"rendered":"<p>INTERVIENEN:<br \/>\n<strong>D\u00f1a. Thais Eineberholm Garc\u00eda<\/strong>. Emprendedora multidisciplinar<br \/>\n<strong>D. Manuel P\u00e9rez Iglesias<\/strong>. Gestor de Ganader\u00eda Naval\u00edn S.C.<br \/>\n<strong>D\u00f1a. Laura Villabrille L\u00f3pez<\/strong>. Presidenta del Club de Mar de Castropol<br \/>\n<strong>D. Javier Fern\u00e1ndez-Catuxo Garc\u00eda<\/strong>. Director general de Uromac Systems S.A<br \/>\n<strong>D\u00f1a. Bel\u00e9n Garc\u00eda Castropol<\/strong>. Empresaria del sector tur\u00edstico<br \/>\nMODERA:<br \/>\n<strong>Mar\u00eda Jos\u00e9 Iglesias<\/strong>. Directora del Club de Prensa Asturiana de La Nueva Espa\u00f1a<br \/>\nPRESENTA:<br \/>\n<strong>Luis Felipe Fern\u00e1ndez Garc\u00eda<\/strong>. Coordinador del Foro Comunicaci\u00f3n y Escuela<br \/>\nSal\u00f3n de Plenos del Ayuntamiento de Castropol, 18,30 horas<br \/>\nDirigido a toda la comunidad<\/p>\n","protected":false},"excerpt":{"rendered":"<p>INTERVIENEN: D\u00f1a. Thais Eineberholm Garc\u00eda. Emprendedora multidisciplinar D. Manuel P\u00e9rez Iglesias. Gestor de Ganader\u00eda Naval\u00edn S.C. D\u00f1a. Laura Villabrille L\u00f3pez. Presidenta del Club de Mar de Castropol D. Javier Fern\u00e1ndez-Catuxo &#8230; <a title=\"Coloquio: \u201cLos valores de Castropol\u201d\" class=\"read-more\" href=\"https:\/\/www.comunicacionyescuela.es\/2026\/evento\/coloquio-los-valores-de-castropol\/\" aria-label=\"Leer m\u00e1s sobre Coloquio: \u201cLos valores de Castropol\u201d\">Leer m\u00e1s<\/a><\/p>\n","protected":false},"author":2,"featured_media":0,"template":"","meta":{"ngg_post_thumbnail":0,"_tribe_events_status":"","_tribe_events_status_reason":"","footnotes":""},"tags":[],"tribe_events_cat":[78],"class_list":["post-6678","tribe_events","type-tribe_events","status-publish","hentry","tribe_events_cat-ciclo-los-valores-de-la-comarca-oscos-eo","cat_ciclo-los-valores-de-la-comarca-oscos-eo"],"_links":{"self":[{"href":"https:\/\/www.comunicacionyescuela.es\/2026\/wp-json\/wp\/v2\/tribe_events\/6678","targetHints":{"allow":["GET"]}}],"collection":[{"href":"https:\/\/www.comunicacionyescuela.es\/2026\/wp-json\/wp\/v2\/tribe_events"}],"about":[{"href":"https:\/\/www.comunicacionyescuela.es\/2026\/wp-json\/wp\/v2\/types\/tribe_events"}],"author":[{"embeddable":true,"href":"https:\/\/www.comunicacionyescuela.es\/2026\/wp-json\/wp\/v2\/users\/2"}],"version-history":[{"count":1,"href":"https:\/\/www.comunicacionyescuela.es\/2026\/wp-json\/wp\/v2\/tribe_events\/6678\/revisions"}],"predecessor-version":[{"id":6680,"href":"https:\/\/www.comunicacionyescuela.es\/2026\/wp-json\/wp\/v2\/tribe_events\/6678\/revisions\/6680"}],"wp:attachment":[{"href":"https:\/\/www.comunicacionyescuela.es\/2026\/wp-json\/wp\/v2\/media?parent=6678"}],"wp:term":[{"taxonomy":"post_tag","embeddable":true,"href":"https:\/\/www.comunicacionyescuela.es\/2026\/wp-json\/wp\/v2\/tags?post=6678"},{"taxonomy":"tribe_events_cat","embeddable":true,"href":"https:\/\/www.comunicacionyescuela.es\/2026\/wp-json\/wp\/v2\/tribe_events_cat?post=6678"}],"curies":[{"name":"wp","href":"https:\/\/api.w.org\/{rel}","templated":true}]}}

<p>INTERVIENEN:<br />
<strong>Dña. Thais Eineberholm García</strong>. Emprendedora multidisciplinar<br />
<strong>D. Manuel Pérez Iglesias</strong>. Gestor de Ganadería Navalín S.C.<br />
<strong>Dña. Laura Villabrille López</strong>. Presidenta del Club de Mar de Castropol<br />
<strong>D. Javier Fernández-Catuxo García</strong>. Director general de Uromac Systems S.A<br />
<strong>Dña. Belén García Castropol</strong>. Empresaria del sector turístico<br />
MODERA:<br />
<strong>María José Iglesias</strong>. Directora del Club de Prensa Asturiana de La Nueva España<br />
PRESENTA:<br />
<strong>Luis Felipe Fernández García</strong>. Coordinador del Foro Comunicación y Escuela<br />
Salón de Plenos del Ayuntamiento de Castropol, 18,30 horas<br />
Dirigido a toda la comunidad</p>

<p>INTERVIENEN: Dña. Thais Eineberholm García. Emprendedora multidisciplinar D. Manuel Pérez Iglesias. Gestor de Ganadería Navalín S.C. Dña. Laura Villabrille López. Presidenta del Club de Mar de Castropol D. Javier Fernández-Catuxo &#8230; <a title="Coloquio: “Los valores de Castropol”" class="read-more" href="https://www.comunicacionyescuela.es/2026/evento/coloquio-los-valores-de-castropol/" aria-label="Leer más sobre Coloquio: “Los valores de Castropol”">Leer más</a></p>
