{"id":6676,"date":"2026-04-23T13:27:23","date_gmt":"2026-04-23T11:27:23","guid":{"rendered":"https:\/\/www.comunicacionyescuela.es\/2026\/?post_type=tribe_events&#038;p=6676"},"modified":"2026-04-23T13:27:23","modified_gmt":"2026-04-23T11:27:23","slug":"coloquio-los-valores-de-los-oscos","status":"publish","type":"tribe_events","link":"https:\/\/www.comunicacionyescuela.es\/2026\/evento\/coloquio-los-valores-de-los-oscos\/","title":{"rendered":"Coloquio: \u201cLos valores de los Oscos\u201d"},"content":{"rendered":"<p>INTERVIENEN:<br \/>\n<strong>D\u00f1a. Ar\u00e1nzazu Freije Mesa<\/strong>. Ganadera San Martin de Oscos. Presidenta de APEA (Asociaci\u00f3n de Productores Ecol\u00f3gicos de Asturias)<br \/>\n<strong>D\u00f1a. Ena Victoria Mateos Gonz\u00e1lez<\/strong>. Secretaria de la Asociaci\u00f3n turismo rural Oscos- Eo y Empresaria de gesti\u00f3n de apartamentos rurales<br \/>\n<strong>D. Enrique L\u00f3pez Argiz<\/strong>. Consejero delegado de industrias l\u00e1cteas Monteverde. Proyecto ra\u00edces con futuro vivienda y trabajo rural<br \/>\n<strong>D\u00f1a. Bego\u00f1a Oliveira<\/strong>. Empresaria<br \/>\n<strong>D. Nicolas Garc\u00eda<\/strong>. Fabricante de productos de aromatizaci\u00f3n<br \/>\nMODERA:<br \/>\n<strong>Mar\u00eda Jos\u00e9 Iglesias<\/strong>. Directora del Club de Prensa Asturiana de La Nueva Espa\u00f1a<br \/>\nPRESENTA:<br \/>\n<strong>Luis Felipe Fern\u00e1ndez Garc\u00eda<\/strong>. Coordinador del Foro Comunicaci\u00f3n y Escuela<br \/>\nCasa de Cultura de Santa Eulalia de Oscos, 18,30 horas<br \/>\nDirigido a toda la comunidad<br \/>\nCOLABORA:<br \/>\nClub de Prensa Asturiana de La Nueva Espa\u00f1a<\/p>\n","protected":false},"excerpt":{"rendered":"<p>INTERVIENEN: D\u00f1a. Ar\u00e1nzazu Freije Mesa. Ganadera San Martin de Oscos. Presidenta de APEA (Asociaci\u00f3n de Productores Ecol\u00f3gicos de Asturias) D\u00f1a. Ena Victoria Mateos Gonz\u00e1lez. Secretaria de la Asociaci\u00f3n turismo rural &#8230; <a title=\"Coloquio: \u201cLos valores de los Oscos\u201d\" class=\"read-more\" href=\"https:\/\/www.comunicacionyescuela.es\/2026\/evento\/coloquio-los-valores-de-los-oscos\/\" aria-label=\"Leer m\u00e1s sobre Coloquio: \u201cLos valores de los Oscos\u201d\">Leer m\u00e1s<\/a><\/p>\n","protected":false},"author":2,"featured_media":0,"template":"","meta":{"ngg_post_thumbnail":0,"_tribe_events_status":"","_tribe_events_status_reason":"","footnotes":""},"tags":[],"tribe_events_cat":[78],"class_list":["post-6676","tribe_events","type-tribe_events","status-publish","hentry","tribe_events_cat-ciclo-los-valores-de-la-comarca-oscos-eo","cat_ciclo-los-valores-de-la-comarca-oscos-eo"],"_links":{"self":[{"href":"https:\/\/www.comunicacionyescuela.es\/2026\/wp-json\/wp\/v2\/tribe_events\/6676","targetHints":{"allow":["GET"]}}],"collection":[{"href":"https:\/\/www.comunicacionyescuela.es\/2026\/wp-json\/wp\/v2\/tribe_events"}],"about":[{"href":"https:\/\/www.comunicacionyescuela.es\/2026\/wp-json\/wp\/v2\/types\/tribe_events"}],"author":[{"embeddable":true,"href":"https:\/\/www.comunicacionyescuela.es\/2026\/wp-json\/wp\/v2\/users\/2"}],"version-history":[{"count":1,"href":"https:\/\/www.comunicacionyescuela.es\/2026\/wp-json\/wp\/v2\/tribe_events\/6676\/revisions"}],"predecessor-version":[{"id":6677,"href":"https:\/\/www.comunicacionyescuela.es\/2026\/wp-json\/wp\/v2\/tribe_events\/6676\/revisions\/6677"}],"wp:attachment":[{"href":"https:\/\/www.comunicacionyescuela.es\/2026\/wp-json\/wp\/v2\/media?parent=6676"}],"wp:term":[{"taxonomy":"post_tag","embeddable":true,"href":"https:\/\/www.comunicacionyescuela.es\/2026\/wp-json\/wp\/v2\/tags?post=6676"},{"taxonomy":"tribe_events_cat","embeddable":true,"href":"https:\/\/www.comunicacionyescuela.es\/2026\/wp-json\/wp\/v2\/tribe_events_cat?post=6676"}],"curies":[{"name":"wp","href":"https:\/\/api.w.org\/{rel}","templated":true}]}}

<p>INTERVIENEN:<br />
<strong>Dña. Aránzazu Freije Mesa</strong>. Ganadera San Martin de Oscos. Presidenta de APEA (Asociación de Productores Ecológicos de Asturias)<br />
<strong>Dña. Ena Victoria Mateos González</strong>. Secretaria de la Asociación turismo rural Oscos- Eo y Empresaria de gestión de apartamentos rurales<br />
<strong>D. Enrique López Argiz</strong>. Consejero delegado de industrias lácteas Monteverde. Proyecto raíces con futuro vivienda y trabajo rural<br />
<strong>Dña. Begoña Oliveira</strong>. Empresaria<br />
<strong>D. Nicolas García</strong>. Fabricante de productos de aromatización<br />
MODERA:<br />
<strong>María José Iglesias</strong>. Directora del Club de Prensa Asturiana de La Nueva España<br />
PRESENTA:<br />
<strong>Luis Felipe Fernández García</strong>. Coordinador del Foro Comunicación y Escuela<br />
Casa de Cultura de Santa Eulalia de Oscos, 18,30 horas<br />
Dirigido a toda la comunidad<br />
COLABORA:<br />
Club de Prensa Asturiana de La Nueva España</p>

<p>INTERVIENEN: Dña. Aránzazu Freije Mesa. Ganadera San Martin de Oscos. Presidenta de APEA (Asociación de Productores Ecológicos de Asturias) Dña. Ena Victoria Mateos González. Secretaria de la Asociación turismo rural &#8230; <a title="Coloquio: “Los valores de los Oscos”" class="read-more" href="https://www.comunicacionyescuela.es/2026/evento/coloquio-los-valores-de-los-oscos/" aria-label="Leer más sobre Coloquio: “Los valores de los Oscos”">Leer más</a></p>
