{"id":6671,"date":"2026-04-23T13:19:45","date_gmt":"2026-04-23T11:19:45","guid":{"rendered":"https:\/\/www.comunicacionyescuela.es\/2026\/?post_type=tribe_events&#038;p=6671"},"modified":"2026-04-23T13:19:45","modified_gmt":"2026-04-23T11:19:45","slug":"coloquio-los-valores-de-taramundi","status":"publish","type":"tribe_events","link":"https:\/\/www.comunicacionyescuela.es\/2026\/evento\/coloquio-los-valores-de-taramundi\/","title":{"rendered":"Coloquio: \u201cLos valores de Taramundi\u201d"},"content":{"rendered":"<p>INTERVIENEN:<br \/>\n<strong>D\u00f1a. Ana Mar\u00eda Cotarelo Ron<\/strong>. Maestra quesera<br \/>\n<strong>D. Aurelio D\u00edaz Fern\u00e1ndez<\/strong>. Artesano cuchillero<br \/>\n<strong>D\u00f1a. Celtia Traviesas M\u00e9ndez<\/strong>. Gerente Casa del Agua de Bres y Museo de la Cuchiller\u00eda<br \/>\n<strong>D. Jes\u00fas Mier Barrenechea<\/strong>. Gerente hotel La Rectoral<br \/>\n<strong>D\u00f1a. Susana Mart\u00ednez Quintana<\/strong>. Empresaria rural<br \/>\nMODERA:<br \/>\n<strong>Mar\u00eda Jos\u00e9 Iglesias<\/strong>. Directora del Club de Prensa Asturiana de La Nueva Espa\u00f1a<br \/>\nPRESENTA:<br \/>\n<strong>Luis Felipe Fern\u00e1ndez Garc\u00eda<\/strong>. Coordinador del Foro Comunicaci\u00f3n y Escuela<br \/>\nCasa de Cultura Eduardo Lastra P\u00e9rez. Taramundi. 18,30 horas<br \/>\nDirigido a toda la comunidad<br \/>\nCOLABORA:<br \/>\nClub de Prensa Asturiana de La Nueva Espa\u00f1a<\/p>\n","protected":false},"excerpt":{"rendered":"<p>INTERVIENEN: D\u00f1a. Ana Mar\u00eda Cotarelo Ron. Maestra quesera D. Aurelio D\u00edaz Fern\u00e1ndez. Artesano cuchillero D\u00f1a. Celtia Traviesas M\u00e9ndez. Gerente Casa del Agua de Bres y Museo de la Cuchiller\u00eda D. &#8230; <a title=\"Coloquio: \u201cLos valores de Taramundi\u201d\" class=\"read-more\" href=\"https:\/\/www.comunicacionyescuela.es\/2026\/evento\/coloquio-los-valores-de-taramundi\/\" aria-label=\"Leer m\u00e1s sobre Coloquio: \u201cLos valores de Taramundi\u201d\">Leer m\u00e1s<\/a><\/p>\n","protected":false},"author":2,"featured_media":0,"template":"","meta":{"ngg_post_thumbnail":0,"_tribe_events_status":"","_tribe_events_status_reason":"","footnotes":""},"tags":[],"tribe_events_cat":[78],"class_list":["post-6671","tribe_events","type-tribe_events","status-publish","hentry","tribe_events_cat-ciclo-los-valores-de-la-comarca-oscos-eo","cat_ciclo-los-valores-de-la-comarca-oscos-eo"],"_links":{"self":[{"href":"https:\/\/www.comunicacionyescuela.es\/2026\/wp-json\/wp\/v2\/tribe_events\/6671","targetHints":{"allow":["GET"]}}],"collection":[{"href":"https:\/\/www.comunicacionyescuela.es\/2026\/wp-json\/wp\/v2\/tribe_events"}],"about":[{"href":"https:\/\/www.comunicacionyescuela.es\/2026\/wp-json\/wp\/v2\/types\/tribe_events"}],"author":[{"embeddable":true,"href":"https:\/\/www.comunicacionyescuela.es\/2026\/wp-json\/wp\/v2\/users\/2"}],"version-history":[{"count":1,"href":"https:\/\/www.comunicacionyescuela.es\/2026\/wp-json\/wp\/v2\/tribe_events\/6671\/revisions"}],"predecessor-version":[{"id":6672,"href":"https:\/\/www.comunicacionyescuela.es\/2026\/wp-json\/wp\/v2\/tribe_events\/6671\/revisions\/6672"}],"wp:attachment":[{"href":"https:\/\/www.comunicacionyescuela.es\/2026\/wp-json\/wp\/v2\/media?parent=6671"}],"wp:term":[{"taxonomy":"post_tag","embeddable":true,"href":"https:\/\/www.comunicacionyescuela.es\/2026\/wp-json\/wp\/v2\/tags?post=6671"},{"taxonomy":"tribe_events_cat","embeddable":true,"href":"https:\/\/www.comunicacionyescuela.es\/2026\/wp-json\/wp\/v2\/tribe_events_cat?post=6671"}],"curies":[{"name":"wp","href":"https:\/\/api.w.org\/{rel}","templated":true}]}}

<p>INTERVIENEN:<br />
<strong>Dña. Ana María Cotarelo Ron</strong>. Maestra quesera<br />
<strong>D. Aurelio Díaz Fernández</strong>. Artesano cuchillero<br />
<strong>Dña. Celtia Traviesas Méndez</strong>. Gerente Casa del Agua de Bres y Museo de la Cuchillería<br />
<strong>D. Jesús Mier Barrenechea</strong>. Gerente hotel La Rectoral<br />
<strong>Dña. Susana Martínez Quintana</strong>. Empresaria rural<br />
MODERA:<br />
<strong>María José Iglesias</strong>. Directora del Club de Prensa Asturiana de La Nueva España<br />
PRESENTA:<br />
<strong>Luis Felipe Fernández García</strong>. Coordinador del Foro Comunicación y Escuela<br />
Casa de Cultura Eduardo Lastra Pérez. Taramundi. 18,30 horas<br />
Dirigido a toda la comunidad<br />
COLABORA:<br />
Club de Prensa Asturiana de La Nueva España</p>

<p>INTERVIENEN: Dña. Ana María Cotarelo Ron. Maestra quesera D. Aurelio Díaz Fernández. Artesano cuchillero Dña. Celtia Traviesas Méndez. Gerente Casa del Agua de Bres y Museo de la Cuchillería D. &#8230; <a title="Coloquio: “Los valores de Taramundi”" class="read-more" href="https://www.comunicacionyescuela.es/2026/evento/coloquio-los-valores-de-taramundi/" aria-label="Leer más sobre Coloquio: “Los valores de Taramundi”">Leer más</a></p>
