{"id":6667,"date":"2026-04-23T13:14:43","date_gmt":"2026-04-23T11:14:43","guid":{"rendered":"https:\/\/www.comunicacionyescuela.es\/2026\/?post_type=tribe_events&#038;p=6667"},"modified":"2026-04-23T13:14:43","modified_gmt":"2026-04-23T11:14:43","slug":"mesa-redonda-facultad-de-formacion-del-profesorado-y-educacion-tecnologia-y-acceso-digital-miradas-y-desafios","status":"publish","type":"tribe_events","link":"https:\/\/www.comunicacionyescuela.es\/2026\/evento\/mesa-redonda-facultad-de-formacion-del-profesorado-y-educacion-tecnologia-y-acceso-digital-miradas-y-desafios\/","title":{"rendered":"Mesa Redonda Facultad de Formaci\u00f3n del Profesorado y Educaci\u00f3n \u201cTecnolog\u00eda y acceso digital: miradas y desaf\u00edos\u201d"},"content":{"rendered":"<p>INTERVIENEN:<br \/>\n<strong>D\u00f1a. Soraya Calvo Gonz\u00e1lez<\/strong>, <strong>D\u00f1a. Mar\u00eda Amparo Gonz\u00e1lez R\u00faa<\/strong>, <strong>D. Diego Pur\u00f3n Celorio<\/strong>, <strong>D\u00f1a. Nieves Garc\u00eda Mor\u00e1n<\/strong><br \/>\nCOORDINA:<br \/>\n<strong>D\u00f1a. Susana S\u00e1nchez Castro<\/strong>. Universidad de Oviedo<br \/>\nSal\u00f3n de Actos del Instituto de Educaci\u00f3n Secundaria Elisa y Luis Villamil<br \/>\nCOLABORA:<br \/>\nFacultad de Formaci\u00f3n del Profesorado y Educaci\u00f3n. Universidad de Oviedo<br \/>\nNota: Oportunamente y a trav\u00e9s de la p\u00e1gina web y de las redes sociales del Foro Comunicaci\u00f3n y Escuela se dar\u00e1 a conocer el cronograma completo de esta jornada<\/p>\n","protected":false},"excerpt":{"rendered":"<p>INTERVIENEN: D\u00f1a. Soraya Calvo Gonz\u00e1lez, D\u00f1a. Mar\u00eda Amparo Gonz\u00e1lez R\u00faa, D. Diego Pur\u00f3n Celorio, D\u00f1a. Nieves Garc\u00eda Mor\u00e1n COORDINA: D\u00f1a. Susana S\u00e1nchez Castro. Universidad de Oviedo Sal\u00f3n de Actos del &#8230; <a title=\"Mesa Redonda Facultad de Formaci\u00f3n del Profesorado y Educaci\u00f3n \u201cTecnolog\u00eda y acceso digital: miradas y desaf\u00edos\u201d\" class=\"read-more\" href=\"https:\/\/www.comunicacionyescuela.es\/2026\/evento\/mesa-redonda-facultad-de-formacion-del-profesorado-y-educacion-tecnologia-y-acceso-digital-miradas-y-desafios\/\" aria-label=\"Leer m\u00e1s sobre Mesa Redonda Facultad de Formaci\u00f3n del Profesorado y Educaci\u00f3n \u201cTecnolog\u00eda y acceso digital: miradas y desaf\u00edos\u201d\">Leer m\u00e1s<\/a><\/p>\n","protected":false},"author":2,"featured_media":0,"template":"","meta":{"ngg_post_thumbnail":0,"_tribe_events_status":"","_tribe_events_status_reason":"","footnotes":""},"tags":[],"tribe_events_cat":[76],"class_list":["post-6667","tribe_events","type-tribe_events","status-publish","hentry","tribe_events_cat-jornada-academica-escuela-comunidad-y-territorio-tejiendo-edusistemas-para-la-transformacion-educativa","cat_jornada-academica-escuela-comunidad-y-territorio-tejiendo-edusistemas-para-la-transformacion-educativa"],"_links":{"self":[{"href":"https:\/\/www.comunicacionyescuela.es\/2026\/wp-json\/wp\/v2\/tribe_events\/6667","targetHints":{"allow":["GET"]}}],"collection":[{"href":"https:\/\/www.comunicacionyescuela.es\/2026\/wp-json\/wp\/v2\/tribe_events"}],"about":[{"href":"https:\/\/www.comunicacionyescuela.es\/2026\/wp-json\/wp\/v2\/types\/tribe_events"}],"author":[{"embeddable":true,"href":"https:\/\/www.comunicacionyescuela.es\/2026\/wp-json\/wp\/v2\/users\/2"}],"version-history":[{"count":1,"href":"https:\/\/www.comunicacionyescuela.es\/2026\/wp-json\/wp\/v2\/tribe_events\/6667\/revisions"}],"predecessor-version":[{"id":6668,"href":"https:\/\/www.comunicacionyescuela.es\/2026\/wp-json\/wp\/v2\/tribe_events\/6667\/revisions\/6668"}],"wp:attachment":[{"href":"https:\/\/www.comunicacionyescuela.es\/2026\/wp-json\/wp\/v2\/media?parent=6667"}],"wp:term":[{"taxonomy":"post_tag","embeddable":true,"href":"https:\/\/www.comunicacionyescuela.es\/2026\/wp-json\/wp\/v2\/tags?post=6667"},{"taxonomy":"tribe_events_cat","embeddable":true,"href":"https:\/\/www.comunicacionyescuela.es\/2026\/wp-json\/wp\/v2\/tribe_events_cat?post=6667"}],"curies":[{"name":"wp","href":"https:\/\/api.w.org\/{rel}","templated":true}]}}

Mesa Redonda Facultad de Formación del Profesorado y Educación “Tecnología y acceso digital: miradas y desafíos”

<p>INTERVIENEN:<br />
<strong>Dña. Soraya Calvo González</strong>, <strong>Dña. María Amparo González Rúa</strong>, <strong>D. Diego Purón Celorio</strong>, <strong>Dña. Nieves García Morán</strong><br />
COORDINA:<br />
<strong>Dña. Susana Sánchez Castro</strong>. Universidad de Oviedo<br />
Salón de Actos del Instituto de Educación Secundaria Elisa y Luis Villamil<br />
COLABORA:<br />
Facultad de Formación del Profesorado y Educación. Universidad de Oviedo<br />
Nota: Oportunamente y a través de la página web y de las redes sociales del Foro Comunicación y Escuela se dará a conocer el cronograma completo de esta jornada</p>

<p>INTERVIENEN: Dña. Soraya Calvo González, Dña. María Amparo González Rúa, D. Diego Purón Celorio, Dña. Nieves García Morán COORDINA: Dña. Susana Sánchez Castro. Universidad de Oviedo Salón de Actos del &#8230; <a title="Mesa Redonda Facultad de Formación del Profesorado y Educación “Tecnología y acceso digital: miradas y desafíos”" class="read-more" href="https://www.comunicacionyescuela.es/2026/evento/mesa-redonda-facultad-de-formacion-del-profesorado-y-educacion-tecnologia-y-acceso-digital-miradas-y-desafios/" aria-label="Leer más sobre Mesa Redonda Facultad de Formación del Profesorado y Educación “Tecnología y acceso digital: miradas y desafíos”">Leer más</a></p>
