{"id":6663,"date":"2026-04-23T13:07:33","date_gmt":"2026-04-23T11:07:33","guid":{"rendered":"https:\/\/www.comunicacionyescuela.es\/2026\/?post_type=tribe_events&#038;p=6663"},"modified":"2026-04-23T13:07:33","modified_gmt":"2026-04-23T11:07:33","slug":"primera-conferencia-aprender-conectar-transformar-del-foro-comunicacion-y-escuela-al-edusistema-inteligente-adaptativo","status":"publish","type":"tribe_events","link":"https:\/\/www.comunicacionyescuela.es\/2026\/evento\/primera-conferencia-aprender-conectar-transformar-del-foro-comunicacion-y-escuela-al-edusistema-inteligente-adaptativo\/","title":{"rendered":"Primera conferencia: \u201cAprender, conectar, transformar: del Foro Comunicaci\u00f3n y Escuela al Edusistema Inteligente Adaptativo\u201d"},"content":{"rendered":"<p>INTERVIENEN:<br \/>\n<strong>D. Emilio \u00c1lvarez Arregui<\/strong>. Catedr\u00e1tico de la Universidad de Oviedo<br \/>\n<strong>D. Luis Felipe Fern\u00e1ndez Garc\u00eda<\/strong>. Doctor en Equidad e Innovaci\u00f3n en Educaci\u00f3n y coordinador del Foro Comunicaci\u00f3n y Escuela<\/p>\n","protected":false},"excerpt":{"rendered":"<p>INTERVIENEN: D. Emilio \u00c1lvarez Arregui. Catedr\u00e1tico de la Universidad de Oviedo D. Luis Felipe Fern\u00e1ndez Garc\u00eda. Doctor en Equidad e Innovaci\u00f3n en Educaci\u00f3n y coordinador del Foro Comunicaci\u00f3n y Escuela<\/p>\n","protected":false},"author":2,"featured_media":0,"template":"","meta":{"ngg_post_thumbnail":0,"_tribe_events_status":"","_tribe_events_status_reason":"","footnotes":""},"tags":[],"tribe_events_cat":[76],"class_list":["post-6663","tribe_events","type-tribe_events","status-publish","hentry","tribe_events_cat-jornada-academica-escuela-comunidad-y-territorio-tejiendo-edusistemas-para-la-transformacion-educativa","cat_jornada-academica-escuela-comunidad-y-territorio-tejiendo-edusistemas-para-la-transformacion-educativa"],"_links":{"self":[{"href":"https:\/\/www.comunicacionyescuela.es\/2026\/wp-json\/wp\/v2\/tribe_events\/6663","targetHints":{"allow":["GET"]}}],"collection":[{"href":"https:\/\/www.comunicacionyescuela.es\/2026\/wp-json\/wp\/v2\/tribe_events"}],"about":[{"href":"https:\/\/www.comunicacionyescuela.es\/2026\/wp-json\/wp\/v2\/types\/tribe_events"}],"author":[{"embeddable":true,"href":"https:\/\/www.comunicacionyescuela.es\/2026\/wp-json\/wp\/v2\/users\/2"}],"version-history":[{"count":1,"href":"https:\/\/www.comunicacionyescuela.es\/2026\/wp-json\/wp\/v2\/tribe_events\/6663\/revisions"}],"predecessor-version":[{"id":6664,"href":"https:\/\/www.comunicacionyescuela.es\/2026\/wp-json\/wp\/v2\/tribe_events\/6663\/revisions\/6664"}],"wp:attachment":[{"href":"https:\/\/www.comunicacionyescuela.es\/2026\/wp-json\/wp\/v2\/media?parent=6663"}],"wp:term":[{"taxonomy":"post_tag","embeddable":true,"href":"https:\/\/www.comunicacionyescuela.es\/2026\/wp-json\/wp\/v2\/tags?post=6663"},{"taxonomy":"tribe_events_cat","embeddable":true,"href":"https:\/\/www.comunicacionyescuela.es\/2026\/wp-json\/wp\/v2\/tribe_events_cat?post=6663"}],"curies":[{"name":"wp","href":"https:\/\/api.w.org\/{rel}","templated":true}]}}

Primera conferencia: “Aprender, conectar, transformar: del Foro Comunicación y Escuela al Edusistema Inteligente Adaptativo”

<p>INTERVIENEN:<br />
<strong>D. Emilio Álvarez Arregui</strong>. Catedrático de la Universidad de Oviedo<br />
<strong>D. Luis Felipe Fernández García</strong>. Doctor en Equidad e Innovación en Educación y coordinador del Foro Comunicación y Escuela</p>

<p>INTERVIENEN: D. Emilio Álvarez Arregui. Catedrático de la Universidad de Oviedo D. Luis Felipe Fernández García. Doctor en Equidad e Innovación en Educación y coordinador del Foro Comunicación y Escuela</p>
