{"id":6652,"date":"2026-04-23T12:53:51","date_gmt":"2026-04-23T10:53:51","guid":{"rendered":"https:\/\/www.comunicacionyescuela.es\/2026\/?post_type=tribe_events&#038;p=6652"},"modified":"2026-04-23T12:53:51","modified_gmt":"2026-04-23T10:53:51","slug":"taller-construimos-una-imprenta","status":"publish","type":"tribe_events","link":"https:\/\/www.comunicacionyescuela.es\/2026\/evento\/taller-construimos-una-imprenta\/","title":{"rendered":"Taller: \u201cConstruimos una imprenta\u201d"},"content":{"rendered":"<p>El objetivo de esta actividad es profundizar en los conocimientos en torno al origen hist\u00f3rico de la imprenta y la evoluci\u00f3n de las diferentes tipograf\u00edas a lo largo de la historia, as\u00ed como investigar y descubrir tipograf\u00edas diferentes que servir\u00e1n de inspiraci\u00f3n para crear dise\u00f1os propios. A trav\u00e9s de una metodolog\u00eda te\u00f3ricopr\u00e1ctica, se pretende fomentar el aprendizaje activo en peque\u00f1os grupos, contando con los recursos que ofrecen las colecciones de la BNE.<br \/>\nLa actividad forma parte de las propuestas recogidas en el portal BNEscolar, que tiene como objetivo que se conozca y utilice el patrimonio digital de la BNE en la ense\u00f1anza y aprendizaje escolar.<br \/>\nIMPARTE:<br \/>\nBiblioteca Nacional de Espa\u00f1a<br \/>\nCOORDINA:<br \/>\nDepartamento de Lengua Castellana del IES Elisa y Luis Villamil<br \/>\nDirigido al alumnado de 6\u00ba de Educaci\u00f3n Primaria y 1\u00ba de<br \/>\nEducaci\u00f3n Secundaria<\/p>\n","protected":false},"excerpt":{"rendered":"<p>El objetivo de esta actividad es profundizar en los conocimientos en torno al origen hist\u00f3rico de la imprenta y la evoluci\u00f3n de las diferentes tipograf\u00edas a lo largo de la &#8230; <a title=\"Taller: \u201cConstruimos una imprenta\u201d\" class=\"read-more\" href=\"https:\/\/www.comunicacionyescuela.es\/2026\/evento\/taller-construimos-una-imprenta\/\" aria-label=\"Leer m\u00e1s sobre Taller: \u201cConstruimos una imprenta\u201d\">Leer m\u00e1s<\/a><\/p>\n","protected":false},"author":2,"featured_media":0,"template":"","meta":{"ngg_post_thumbnail":0,"_tribe_events_status":"","_tribe_events_status_reason":"","footnotes":""},"tags":[],"tribe_events_cat":[75],"class_list":["post-6652","tribe_events","type-tribe_events","status-publish","hentry","tribe_events_cat-talleres-con-la-biblioteca-nacional-de-espana-entre-tinta-y-movimiento","cat_talleres-con-la-biblioteca-nacional-de-espana-entre-tinta-y-movimiento"],"_links":{"self":[{"href":"https:\/\/www.comunicacionyescuela.es\/2026\/wp-json\/wp\/v2\/tribe_events\/6652","targetHints":{"allow":["GET"]}}],"collection":[{"href":"https:\/\/www.comunicacionyescuela.es\/2026\/wp-json\/wp\/v2\/tribe_events"}],"about":[{"href":"https:\/\/www.comunicacionyescuela.es\/2026\/wp-json\/wp\/v2\/types\/tribe_events"}],"author":[{"embeddable":true,"href":"https:\/\/www.comunicacionyescuela.es\/2026\/wp-json\/wp\/v2\/users\/2"}],"version-history":[{"count":1,"href":"https:\/\/www.comunicacionyescuela.es\/2026\/wp-json\/wp\/v2\/tribe_events\/6652\/revisions"}],"predecessor-version":[{"id":6653,"href":"https:\/\/www.comunicacionyescuela.es\/2026\/wp-json\/wp\/v2\/tribe_events\/6652\/revisions\/6653"}],"wp:attachment":[{"href":"https:\/\/www.comunicacionyescuela.es\/2026\/wp-json\/wp\/v2\/media?parent=6652"}],"wp:term":[{"taxonomy":"post_tag","embeddable":true,"href":"https:\/\/www.comunicacionyescuela.es\/2026\/wp-json\/wp\/v2\/tags?post=6652"},{"taxonomy":"tribe_events_cat","embeddable":true,"href":"https:\/\/www.comunicacionyescuela.es\/2026\/wp-json\/wp\/v2\/tribe_events_cat?post=6652"}],"curies":[{"name":"wp","href":"https:\/\/api.w.org\/{rel}","templated":true}]}}

<p>El objetivo de esta actividad es profundizar en los conocimientos en torno al origen histórico de la imprenta y la evolución de las diferentes tipografías a lo largo de la historia, así como investigar y descubrir tipografías diferentes que servirán de inspiración para crear diseños propios. A través de una metodología teóricopráctica, se pretende fomentar el aprendizaje activo en pequeños grupos, contando con los recursos que ofrecen las colecciones de la BNE.<br />
La actividad forma parte de las propuestas recogidas en el portal BNEscolar, que tiene como objetivo que se conozca y utilice el patrimonio digital de la BNE en la enseñanza y aprendizaje escolar.<br />
IMPARTE:<br />
Biblioteca Nacional de España<br />
COORDINA:<br />
Departamento de Lengua Castellana del IES Elisa y Luis Villamil<br />
Dirigido al alumnado de 6º de Educación Primaria y 1º de<br />
Educación Secundaria</p>

<p>El objetivo de esta actividad es profundizar en los conocimientos en torno al origen histórico de la imprenta y la evolución de las diferentes tipografías a lo largo de la &#8230; <a title="Taller: “Construimos una imprenta”" class="read-more" href="https://www.comunicacionyescuela.es/2026/evento/taller-construimos-una-imprenta/" aria-label="Leer más sobre Taller: “Construimos una imprenta”">Leer más</a></p>
