{"id":6648,"date":"2026-04-23T12:46:49","date_gmt":"2026-04-23T10:46:49","guid":{"rendered":"https:\/\/www.comunicacionyescuela.es\/2026\/?post_type=tribe_events&#038;p=6648"},"modified":"2026-04-23T12:47:19","modified_gmt":"2026-04-23T10:47:19","slug":"situacion-de-aprendizaje-avila-historia-y-tradicion","status":"publish","type":"tribe_events","link":"https:\/\/www.comunicacionyescuela.es\/2026\/evento\/situacion-de-aprendizaje-avila-historia-y-tradicion\/","title":{"rendered":"Situaci\u00f3n de aprendizaje: \u201c\u00c1vila: historia y tradici\u00f3n\u201d"},"content":{"rendered":"<p>Itinerario did\u00e1ctico en la provincia de \u00c1vila en el que participar\u00e1n 50 estudiantes de 3\u00ba de ESO del Instituto de Educaci\u00f3n Secundaria Elisa y Luis Villamil de Vegadeo, con el fin de<br \/>\nacercarles a la realidad cultural, hist\u00f3rica, patrimonial y econ\u00f3mica de la provincia de \u00c1vila; as\u00ed como de estrechar, a trav\u00e9s de las nuevas generaciones de j\u00f3venes los v\u00ednculos entre la tierra abulense y asturiana.<br \/>\nPARTICIPA:<br \/>\nInstituto de Educaci\u00f3n Secundaria Elisa y Luis Villamil. Vegadeo<br \/>\nNota: Oportunamente, se dar\u00e1 a conocer a trav\u00e9s de la p\u00e1gina web y de las redes sociales del Foro Comunicaci\u00f3n y Escuela la programaci\u00f3n \u00edntegra de este itinerario did\u00e1ctico.<\/p>\n","protected":false},"excerpt":{"rendered":"<p>Itinerario did\u00e1ctico en la provincia de \u00c1vila en el que participar\u00e1n 50 estudiantes de 3\u00ba de ESO del Instituto de Educaci\u00f3n Secundaria Elisa y Luis Villamil de Vegadeo, con el &#8230; <a title=\"Situaci\u00f3n de aprendizaje: \u201c\u00c1vila: historia y tradici\u00f3n\u201d\" class=\"read-more\" href=\"https:\/\/www.comunicacionyescuela.es\/2026\/evento\/situacion-de-aprendizaje-avila-historia-y-tradicion\/\" aria-label=\"Leer m\u00e1s sobre Situaci\u00f3n de aprendizaje: \u201c\u00c1vila: historia y tradici\u00f3n\u201d\">Leer m\u00e1s<\/a><\/p>\n","protected":false},"author":2,"featured_media":0,"template":"","meta":{"ngg_post_thumbnail":0,"_tribe_events_status":"","_tribe_events_status_reason":"","footnotes":""},"tags":[],"tribe_events_cat":[73],"class_list":["post-6648","tribe_events","type-tribe_events","status-publish","hentry","tribe_events_cat-intercambio-educativo-avila-asturias","cat_intercambio-educativo-avila-asturias"],"_links":{"self":[{"href":"https:\/\/www.comunicacionyescuela.es\/2026\/wp-json\/wp\/v2\/tribe_events\/6648","targetHints":{"allow":["GET"]}}],"collection":[{"href":"https:\/\/www.comunicacionyescuela.es\/2026\/wp-json\/wp\/v2\/tribe_events"}],"about":[{"href":"https:\/\/www.comunicacionyescuela.es\/2026\/wp-json\/wp\/v2\/types\/tribe_events"}],"author":[{"embeddable":true,"href":"https:\/\/www.comunicacionyescuela.es\/2026\/wp-json\/wp\/v2\/users\/2"}],"version-history":[{"count":1,"href":"https:\/\/www.comunicacionyescuela.es\/2026\/wp-json\/wp\/v2\/tribe_events\/6648\/revisions"}],"predecessor-version":[{"id":6649,"href":"https:\/\/www.comunicacionyescuela.es\/2026\/wp-json\/wp\/v2\/tribe_events\/6648\/revisions\/6649"}],"wp:attachment":[{"href":"https:\/\/www.comunicacionyescuela.es\/2026\/wp-json\/wp\/v2\/media?parent=6648"}],"wp:term":[{"taxonomy":"post_tag","embeddable":true,"href":"https:\/\/www.comunicacionyescuela.es\/2026\/wp-json\/wp\/v2\/tags?post=6648"},{"taxonomy":"tribe_events_cat","embeddable":true,"href":"https:\/\/www.comunicacionyescuela.es\/2026\/wp-json\/wp\/v2\/tribe_events_cat?post=6648"}],"curies":[{"name":"wp","href":"https:\/\/api.w.org\/{rel}","templated":true}]}}

Situación de aprendizaje: “Ávila: historia y tradición”

<p>Itinerario didáctico en la provincia de Ávila en el que participarán 50 estudiantes de 3º de ESO del Instituto de Educación Secundaria Elisa y Luis Villamil de Vegadeo, con el fin de<br />
acercarles a la realidad cultural, histórica, patrimonial y económica de la provincia de Ávila; así como de estrechar, a través de las nuevas generaciones de jóvenes los vínculos entre la tierra abulense y asturiana.<br />
PARTICIPA:<br />
Instituto de Educación Secundaria Elisa y Luis Villamil. Vegadeo<br />
Nota: Oportunamente, se dará a conocer a través de la página web y de las redes sociales del Foro Comunicación y Escuela la programación íntegra de este itinerario didáctico.</p>

<p>Itinerario didáctico en la provincia de Ávila en el que participarán 50 estudiantes de 3º de ESO del Instituto de Educación Secundaria Elisa y Luis Villamil de Vegadeo, con el &#8230; <a title="Situación de aprendizaje: “Ávila: historia y tradición”" class="read-more" href="https://www.comunicacionyescuela.es/2026/evento/situacion-de-aprendizaje-avila-historia-y-tradicion/" aria-label="Leer más sobre Situación de aprendizaje: “Ávila: historia y tradición”">Leer más</a></p>
