{"id":6646,"date":"2026-04-23T12:45:29","date_gmt":"2026-04-23T10:45:29","guid":{"rendered":"https:\/\/www.comunicacionyescuela.es\/2026\/?post_type=tribe_events&#038;p=6646"},"modified":"2026-04-23T12:45:29","modified_gmt":"2026-04-23T10:45:29","slug":"situacion-de-aprendizaje-oscos-eo-un-pequeno-pais-de-cuento","status":"publish","type":"tribe_events","link":"https:\/\/www.comunicacionyescuela.es\/2026\/evento\/situacion-de-aprendizaje-oscos-eo-un-pequeno-pais-de-cuento\/","title":{"rendered":"Situaci\u00f3n de aprendizaje: \u201cOscos-Eo: un peque\u00f1o pa\u00eds de cuento\u201d"},"content":{"rendered":"<p>Itinerario did\u00e1ctico en la Comarca Oscos-Eo en el que participar\u00e1n 50 estudiantes de 3\u00ba de ESO de los Instituto de Educaci\u00f3n Secundaria Valle del Alberche de Navaluenga (\u00c1vila) y del Instituto Hermenegildo Mart\u00edn Borro de Cebreros (\u00c1vila), con el fin de acercarles a la realidad cultural, hist\u00f3rica, patrimonial y econ\u00f3mica de esta comarca del occidente de Asturias; as\u00ed como de estrechar a trav\u00e9s de las nuevas generaciones de j\u00f3venes los v\u00ednculos entre esta parte de Asturias y la provincia de \u00c1vila.<br \/>\nPARTICIPAN:<br \/>\nInstituto de Educaci\u00f3n Secundaria Valle del Alberche. Navaluenga (\u00c1vila)<br \/>\nInstituto de Educaci\u00f3n Secundaria Hermenegildo Mart\u00edn Borro. Cebreros (\u00c1vila)<br \/>\nNota: Oportunamente, se dar\u00e1 a conocer a trav\u00e9s de la p\u00e1gina web y de las redes sociales del Foro Comunicaci\u00f3n y Escuela, la programaci\u00f3n \u00edntegra de este itinerario did\u00e1ctico.<\/p>\n","protected":false},"excerpt":{"rendered":"<p>Itinerario did\u00e1ctico en la Comarca Oscos-Eo en el que participar\u00e1n 50 estudiantes de 3\u00ba de ESO de los Instituto de Educaci\u00f3n Secundaria Valle del Alberche de Navaluenga (\u00c1vila) y del &#8230; <a title=\"Situaci\u00f3n de aprendizaje: \u201cOscos-Eo: un peque\u00f1o pa\u00eds de cuento\u201d\" class=\"read-more\" href=\"https:\/\/www.comunicacionyescuela.es\/2026\/evento\/situacion-de-aprendizaje-oscos-eo-un-pequeno-pais-de-cuento\/\" aria-label=\"Leer m\u00e1s sobre Situaci\u00f3n de aprendizaje: \u201cOscos-Eo: un peque\u00f1o pa\u00eds de cuento\u201d\">Leer m\u00e1s<\/a><\/p>\n","protected":false},"author":2,"featured_media":0,"template":"","meta":{"ngg_post_thumbnail":0,"_tribe_events_status":"","_tribe_events_status_reason":"","footnotes":""},"tags":[],"tribe_events_cat":[73],"class_list":["post-6646","tribe_events","type-tribe_events","status-publish","hentry","tribe_events_cat-intercambio-educativo-avila-asturias","cat_intercambio-educativo-avila-asturias"],"_links":{"self":[{"href":"https:\/\/www.comunicacionyescuela.es\/2026\/wp-json\/wp\/v2\/tribe_events\/6646","targetHints":{"allow":["GET"]}}],"collection":[{"href":"https:\/\/www.comunicacionyescuela.es\/2026\/wp-json\/wp\/v2\/tribe_events"}],"about":[{"href":"https:\/\/www.comunicacionyescuela.es\/2026\/wp-json\/wp\/v2\/types\/tribe_events"}],"author":[{"embeddable":true,"href":"https:\/\/www.comunicacionyescuela.es\/2026\/wp-json\/wp\/v2\/users\/2"}],"version-history":[{"count":1,"href":"https:\/\/www.comunicacionyescuela.es\/2026\/wp-json\/wp\/v2\/tribe_events\/6646\/revisions"}],"predecessor-version":[{"id":6647,"href":"https:\/\/www.comunicacionyescuela.es\/2026\/wp-json\/wp\/v2\/tribe_events\/6646\/revisions\/6647"}],"wp:attachment":[{"href":"https:\/\/www.comunicacionyescuela.es\/2026\/wp-json\/wp\/v2\/media?parent=6646"}],"wp:term":[{"taxonomy":"post_tag","embeddable":true,"href":"https:\/\/www.comunicacionyescuela.es\/2026\/wp-json\/wp\/v2\/tags?post=6646"},{"taxonomy":"tribe_events_cat","embeddable":true,"href":"https:\/\/www.comunicacionyescuela.es\/2026\/wp-json\/wp\/v2\/tribe_events_cat?post=6646"}],"curies":[{"name":"wp","href":"https:\/\/api.w.org\/{rel}","templated":true}]}}

Situación de aprendizaje: “Oscos-Eo: un pequeño país de cuento”

<p>Itinerario didáctico en la Comarca Oscos-Eo en el que participarán 50 estudiantes de 3º de ESO de los Instituto de Educación Secundaria Valle del Alberche de Navaluenga (Ávila) y del Instituto Hermenegildo Martín Borro de Cebreros (Ávila), con el fin de acercarles a la realidad cultural, histórica, patrimonial y económica de esta comarca del occidente de Asturias; así como de estrechar a través de las nuevas generaciones de jóvenes los vínculos entre esta parte de Asturias y la provincia de Ávila.<br />
PARTICIPAN:<br />
Instituto de Educación Secundaria Valle del Alberche. Navaluenga (Ávila)<br />
Instituto de Educación Secundaria Hermenegildo Martín Borro. Cebreros (Ávila)<br />
Nota: Oportunamente, se dará a conocer a través de la página web y de las redes sociales del Foro Comunicación y Escuela, la programación íntegra de este itinerario didáctico.</p>

<p>Itinerario didáctico en la Comarca Oscos-Eo en el que participarán 50 estudiantes de 3º de ESO de los Instituto de Educación Secundaria Valle del Alberche de Navaluenga (Ávila) y del &#8230; <a title="Situación de aprendizaje: “Oscos-Eo: un pequeño país de cuento”" class="read-more" href="https://www.comunicacionyescuela.es/2026/evento/situacion-de-aprendizaje-oscos-eo-un-pequeno-pais-de-cuento/" aria-label="Leer más sobre Situación de aprendizaje: “Oscos-Eo: un pequeño país de cuento”">Leer más</a></p>
