{"id":6638,"date":"2026-04-23T12:30:35","date_gmt":"2026-04-23T10:30:35","guid":{"rendered":"https:\/\/www.comunicacionyescuela.es\/2026\/?post_type=tribe_events&#038;p=6638"},"modified":"2026-04-23T12:30:35","modified_gmt":"2026-04-23T10:30:35","slug":"una-clase-con-donar-sangre-ciencia-solidaridad-y-futuro-3","status":"publish","type":"tribe_events","link":"https:\/\/www.comunicacionyescuela.es\/2026\/evento\/una-clase-con-donar-sangre-ciencia-solidaridad-y-futuro-3\/","title":{"rendered":"Una clase con: \u201cDonar sangre: ciencia, solidaridad y futuro\u201d"},"content":{"rendered":"<p>INTERVIENE:<br \/>\n<strong>Dr. Pablo Mata Fern\u00e1ndez<\/strong>. Responsable de promoci\u00f3n de la donaci\u00f3n del Centro Comunitario de Sangre y Tejidos de Asturias<br \/>\nAulas del IES Carmen y Severo Ochoa<br \/>\nDirigido al alumnado de 2\u00ba de Educaci\u00f3n Secundaria<\/p>\n","protected":false},"excerpt":{"rendered":"<p>INTERVIENE: Dr. Pablo Mata Fern\u00e1ndez. Responsable de promoci\u00f3n de la donaci\u00f3n del Centro Comunitario de Sangre y Tejidos de Asturias Aulas del IES Carmen y Severo Ochoa Dirigido al alumnado &#8230; <a title=\"Una clase con: \u201cDonar sangre: ciencia, solidaridad y futuro\u201d\" class=\"read-more\" href=\"https:\/\/www.comunicacionyescuela.es\/2026\/evento\/una-clase-con-donar-sangre-ciencia-solidaridad-y-futuro-3\/\" aria-label=\"Leer m\u00e1s sobre Una clase con: \u201cDonar sangre: ciencia, solidaridad y futuro\u201d\">Leer m\u00e1s<\/a><\/p>\n","protected":false},"author":2,"featured_media":0,"template":"","meta":{"ngg_post_thumbnail":0,"_tribe_events_status":"","_tribe_events_status_reason":"","footnotes":""},"tags":[],"tribe_events_cat":[71],"class_list":["post-6638","tribe_events","type-tribe_events","status-publish","hentry","tribe_events_cat-ies-carmen-y-severo-ochoa","cat_ies-carmen-y-severo-ochoa"],"_links":{"self":[{"href":"https:\/\/www.comunicacionyescuela.es\/2026\/wp-json\/wp\/v2\/tribe_events\/6638","targetHints":{"allow":["GET"]}}],"collection":[{"href":"https:\/\/www.comunicacionyescuela.es\/2026\/wp-json\/wp\/v2\/tribe_events"}],"about":[{"href":"https:\/\/www.comunicacionyescuela.es\/2026\/wp-json\/wp\/v2\/types\/tribe_events"}],"author":[{"embeddable":true,"href":"https:\/\/www.comunicacionyescuela.es\/2026\/wp-json\/wp\/v2\/users\/2"}],"version-history":[{"count":1,"href":"https:\/\/www.comunicacionyescuela.es\/2026\/wp-json\/wp\/v2\/tribe_events\/6638\/revisions"}],"predecessor-version":[{"id":6639,"href":"https:\/\/www.comunicacionyescuela.es\/2026\/wp-json\/wp\/v2\/tribe_events\/6638\/revisions\/6639"}],"wp:attachment":[{"href":"https:\/\/www.comunicacionyescuela.es\/2026\/wp-json\/wp\/v2\/media?parent=6638"}],"wp:term":[{"taxonomy":"post_tag","embeddable":true,"href":"https:\/\/www.comunicacionyescuela.es\/2026\/wp-json\/wp\/v2\/tags?post=6638"},{"taxonomy":"tribe_events_cat","embeddable":true,"href":"https:\/\/www.comunicacionyescuela.es\/2026\/wp-json\/wp\/v2\/tribe_events_cat?post=6638"}],"curies":[{"name":"wp","href":"https:\/\/api.w.org\/{rel}","templated":true}]}}

<p>INTERVIENE:<br />
<strong>Dr. Pablo Mata Fernández</strong>. Responsable de promoción de la donación del Centro Comunitario de Sangre y Tejidos de Asturias<br />
Aulas del IES Carmen y Severo Ochoa<br />
Dirigido al alumnado de 2º de Educación Secundaria</p>

<p>INTERVIENE: Dr. Pablo Mata Fernández. Responsable de promoción de la donación del Centro Comunitario de Sangre y Tejidos de Asturias Aulas del IES Carmen y Severo Ochoa Dirigido al alumnado &#8230; <a title="Una clase con: “Donar sangre: ciencia, solidaridad y futuro”" class="read-more" href="https://www.comunicacionyescuela.es/2026/evento/una-clase-con-donar-sangre-ciencia-solidaridad-y-futuro-3/" aria-label="Leer más sobre Una clase con: “Donar sangre: ciencia, solidaridad y futuro”">Leer más</a></p>
