{"id":6636,"date":"2026-04-23T12:29:17","date_gmt":"2026-04-23T10:29:17","guid":{"rendered":"https:\/\/www.comunicacionyescuela.es\/2026\/?post_type=tribe_events&#038;p=6636"},"modified":"2026-04-23T12:29:17","modified_gmt":"2026-04-23T10:29:17","slug":"una-clase-con-donar-sangre-ciencia-solidaridad-y-futuro-2","status":"publish","type":"tribe_events","link":"https:\/\/www.comunicacionyescuela.es\/2026\/evento\/una-clase-con-donar-sangre-ciencia-solidaridad-y-futuro-2\/","title":{"rendered":"Una clase con: \u201cDonar sangre: ciencia, solidaridad y futuro\u201d"},"content":{"rendered":"<p>INTERVIENE:<br \/>\n<strong>Dra. Ana Mar\u00eda Ojea P\u00e9rez<\/strong>. Directora T\u00e9cnica del Centro Comunitario de Sangre y Tejidos de Asturias<br \/>\nAulas del IES Carmen y Severo Ochoa<br \/>\nDirigido al alumnado de 2\u00ba de Educaci\u00f3n Secundaria<\/p>\n","protected":false},"excerpt":{"rendered":"<p>INTERVIENE: Dra. Ana Mar\u00eda Ojea P\u00e9rez. Directora T\u00e9cnica del Centro Comunitario de Sangre y Tejidos de Asturias Aulas del IES Carmen y Severo Ochoa Dirigido al alumnado de 2\u00ba de &#8230; <a title=\"Una clase con: \u201cDonar sangre: ciencia, solidaridad y futuro\u201d\" class=\"read-more\" href=\"https:\/\/www.comunicacionyescuela.es\/2026\/evento\/una-clase-con-donar-sangre-ciencia-solidaridad-y-futuro-2\/\" aria-label=\"Leer m\u00e1s sobre Una clase con: \u201cDonar sangre: ciencia, solidaridad y futuro\u201d\">Leer m\u00e1s<\/a><\/p>\n","protected":false},"author":2,"featured_media":0,"template":"","meta":{"ngg_post_thumbnail":0,"_tribe_events_status":"","_tribe_events_status_reason":"","footnotes":""},"tags":[],"tribe_events_cat":[71],"class_list":["post-6636","tribe_events","type-tribe_events","status-publish","hentry","tribe_events_cat-ies-carmen-y-severo-ochoa","cat_ies-carmen-y-severo-ochoa"],"_links":{"self":[{"href":"https:\/\/www.comunicacionyescuela.es\/2026\/wp-json\/wp\/v2\/tribe_events\/6636","targetHints":{"allow":["GET"]}}],"collection":[{"href":"https:\/\/www.comunicacionyescuela.es\/2026\/wp-json\/wp\/v2\/tribe_events"}],"about":[{"href":"https:\/\/www.comunicacionyescuela.es\/2026\/wp-json\/wp\/v2\/types\/tribe_events"}],"author":[{"embeddable":true,"href":"https:\/\/www.comunicacionyescuela.es\/2026\/wp-json\/wp\/v2\/users\/2"}],"version-history":[{"count":1,"href":"https:\/\/www.comunicacionyescuela.es\/2026\/wp-json\/wp\/v2\/tribe_events\/6636\/revisions"}],"predecessor-version":[{"id":6637,"href":"https:\/\/www.comunicacionyescuela.es\/2026\/wp-json\/wp\/v2\/tribe_events\/6636\/revisions\/6637"}],"wp:attachment":[{"href":"https:\/\/www.comunicacionyescuela.es\/2026\/wp-json\/wp\/v2\/media?parent=6636"}],"wp:term":[{"taxonomy":"post_tag","embeddable":true,"href":"https:\/\/www.comunicacionyescuela.es\/2026\/wp-json\/wp\/v2\/tags?post=6636"},{"taxonomy":"tribe_events_cat","embeddable":true,"href":"https:\/\/www.comunicacionyescuela.es\/2026\/wp-json\/wp\/v2\/tribe_events_cat?post=6636"}],"curies":[{"name":"wp","href":"https:\/\/api.w.org\/{rel}","templated":true}]}}

<p>INTERVIENE:<br />
<strong>Dra. Ana María Ojea Pérez</strong>. Directora Técnica del Centro Comunitario de Sangre y Tejidos de Asturias<br />
Aulas del IES Carmen y Severo Ochoa<br />
Dirigido al alumnado de 2º de Educación Secundaria</p>

<p>INTERVIENE: Dra. Ana María Ojea Pérez. Directora Técnica del Centro Comunitario de Sangre y Tejidos de Asturias Aulas del IES Carmen y Severo Ochoa Dirigido al alumnado de 2º de &#8230; <a title="Una clase con: “Donar sangre: ciencia, solidaridad y futuro”" class="read-more" href="https://www.comunicacionyescuela.es/2026/evento/una-clase-con-donar-sangre-ciencia-solidaridad-y-futuro-2/" aria-label="Leer más sobre Una clase con: “Donar sangre: ciencia, solidaridad y futuro”">Leer más</a></p>
