{"id":6634,"date":"2026-04-23T12:26:26","date_gmt":"2026-04-23T10:26:26","guid":{"rendered":"https:\/\/www.comunicacionyescuela.es\/2026\/?post_type=tribe_events&#038;p=6634"},"modified":"2026-04-23T12:26:26","modified_gmt":"2026-04-23T10:26:26","slug":"una-clase-con-como-realizar-la-reanimacion-cardiopulmonar-rcp-2","status":"publish","type":"tribe_events","link":"https:\/\/www.comunicacionyescuela.es\/2026\/evento\/una-clase-con-como-realizar-la-reanimacion-cardiopulmonar-rcp-2\/","title":{"rendered":"Una clase con: \u201cC\u00f3mo realizar la reanimaci\u00f3n cardiopulmonar (RCP)\u201d"},"content":{"rendered":"<p>INTERVIENE:<br \/>\n<strong>Dr. David Fern\u00e1ndez Gonzalo<\/strong>. M\u00e9dico del Servicio de Asistencia Urgente del Principado de Asturias. Coordinador de la unidad m\u00f3vil de Jarrio<br \/>\nSal\u00f3n de Actos del IES Carmen y Severo Ochoa<br \/>\nDirigido al alumnado de 3\u00ba y 4\u00ba de Educaci\u00f3n Secundaria<\/p>\n","protected":false},"excerpt":{"rendered":"<p>INTERVIENE: Dr. David Fern\u00e1ndez Gonzalo. M\u00e9dico del Servicio de Asistencia Urgente del Principado de Asturias. Coordinador de la unidad m\u00f3vil de Jarrio Sal\u00f3n de Actos del IES Carmen y Severo &#8230; <a title=\"Una clase con: \u201cC\u00f3mo realizar la reanimaci\u00f3n cardiopulmonar (RCP)\u201d\" class=\"read-more\" href=\"https:\/\/www.comunicacionyescuela.es\/2026\/evento\/una-clase-con-como-realizar-la-reanimacion-cardiopulmonar-rcp-2\/\" aria-label=\"Leer m\u00e1s sobre Una clase con: \u201cC\u00f3mo realizar la reanimaci\u00f3n cardiopulmonar (RCP)\u201d\">Leer m\u00e1s<\/a><\/p>\n","protected":false},"author":2,"featured_media":0,"template":"","meta":{"ngg_post_thumbnail":0,"_tribe_events_status":"","_tribe_events_status_reason":"","footnotes":""},"tags":[],"tribe_events_cat":[71],"class_list":["post-6634","tribe_events","type-tribe_events","status-publish","hentry","tribe_events_cat-ies-carmen-y-severo-ochoa","cat_ies-carmen-y-severo-ochoa"],"_links":{"self":[{"href":"https:\/\/www.comunicacionyescuela.es\/2026\/wp-json\/wp\/v2\/tribe_events\/6634","targetHints":{"allow":["GET"]}}],"collection":[{"href":"https:\/\/www.comunicacionyescuela.es\/2026\/wp-json\/wp\/v2\/tribe_events"}],"about":[{"href":"https:\/\/www.comunicacionyescuela.es\/2026\/wp-json\/wp\/v2\/types\/tribe_events"}],"author":[{"embeddable":true,"href":"https:\/\/www.comunicacionyescuela.es\/2026\/wp-json\/wp\/v2\/users\/2"}],"version-history":[{"count":1,"href":"https:\/\/www.comunicacionyescuela.es\/2026\/wp-json\/wp\/v2\/tribe_events\/6634\/revisions"}],"predecessor-version":[{"id":6635,"href":"https:\/\/www.comunicacionyescuela.es\/2026\/wp-json\/wp\/v2\/tribe_events\/6634\/revisions\/6635"}],"wp:attachment":[{"href":"https:\/\/www.comunicacionyescuela.es\/2026\/wp-json\/wp\/v2\/media?parent=6634"}],"wp:term":[{"taxonomy":"post_tag","embeddable":true,"href":"https:\/\/www.comunicacionyescuela.es\/2026\/wp-json\/wp\/v2\/tags?post=6634"},{"taxonomy":"tribe_events_cat","embeddable":true,"href":"https:\/\/www.comunicacionyescuela.es\/2026\/wp-json\/wp\/v2\/tribe_events_cat?post=6634"}],"curies":[{"name":"wp","href":"https:\/\/api.w.org\/{rel}","templated":true}]}}

Una clase con: “Cómo realizar la reanimación cardiopulmonar (RCP)”

<p>INTERVIENE:<br />
<strong>Dr. David Fernández Gonzalo</strong>. Médico del Servicio de Asistencia Urgente del Principado de Asturias. Coordinador de la unidad móvil de Jarrio<br />
Salón de Actos del IES Carmen y Severo Ochoa<br />
Dirigido al alumnado de 3º y 4º de Educación Secundaria</p>

<p>INTERVIENE: Dr. David Fernández Gonzalo. Médico del Servicio de Asistencia Urgente del Principado de Asturias. Coordinador de la unidad móvil de Jarrio Salón de Actos del IES Carmen y Severo &#8230; <a title="Una clase con: “Cómo realizar la reanimación cardiopulmonar (RCP)”" class="read-more" href="https://www.comunicacionyescuela.es/2026/evento/una-clase-con-como-realizar-la-reanimacion-cardiopulmonar-rcp-2/" aria-label="Leer más sobre Una clase con: “Cómo realizar la reanimación cardiopulmonar (RCP)”">Leer más</a></p>
