{"id":6632,"date":"2026-04-23T12:24:24","date_gmt":"2026-04-23T10:24:24","guid":{"rendered":"https:\/\/www.comunicacionyescuela.es\/2026\/?post_type=tribe_events&#038;p=6632"},"modified":"2026-04-23T12:24:24","modified_gmt":"2026-04-23T10:24:24","slug":"una-clase-con-como-cuidar-nuestro-corazon-desde-la-infancia-2","status":"publish","type":"tribe_events","link":"https:\/\/www.comunicacionyescuela.es\/2026\/evento\/una-clase-con-como-cuidar-nuestro-corazon-desde-la-infancia-2\/","title":{"rendered":"Una clase con: \u201cC\u00f3mo cuidar nuestro coraz\u00f3n desde la infancia\u201d"},"content":{"rendered":"<p>INTERVIENEN:<br \/>\n<strong>Dr. Pablo Avanzas Fern\u00e1ndez<\/strong>. Cardi\u00f3logo. Profesor titular de Cardiolog\u00eda de la Universidad de Oviedo. Director del \u00c1rea de Coraz\u00f3n del Hospital Universitario Central de Asturias (HUCA)<br \/>\n<strong>Dra. Beatriz D\u00edaz Molina<\/strong>. Cardi\u00f3loga. Jefa de Secci\u00f3n de Insuficiencia Card\u00edaca. Hospital Universitario Central de Asturias (HUCA)<br \/>\n<strong>Dr. Roi Bangueses Quintana<\/strong>. Cardi\u00f3logo del Hospital Universitario Central de Asturias<br \/>\n<strong>Dra. F\u00e1tima P\u00e9rez Gonz\u00e1lez<\/strong>. Cardi\u00f3loga del Hospital Comarcal de Jarrio<br \/>\n<strong>Dr. Jos\u00e9 Manuel Garc\u00eda Ruiz<\/strong>. Cardi\u00f3logo del Hospital Universitario de Cabue\u00f1es. Presidente de la Sociedad Asturiana de Cardiolog\u00eda<br \/>\nAulas del IES Carmen y Severo Ochoa<br \/>\nDirigido a los alumnado de 3\u00ba y 4\u00ba de Educaci\u00f3n Secundaria<\/p>\n","protected":false},"excerpt":{"rendered":"<p>INTERVIENEN: Dr. Pablo Avanzas Fern\u00e1ndez. Cardi\u00f3logo. Profesor titular de Cardiolog\u00eda de la Universidad de Oviedo. Director del \u00c1rea de Coraz\u00f3n del Hospital Universitario Central de Asturias (HUCA) Dra. Beatriz D\u00edaz &#8230; <a title=\"Una clase con: \u201cC\u00f3mo cuidar nuestro coraz\u00f3n desde la infancia\u201d\" class=\"read-more\" href=\"https:\/\/www.comunicacionyescuela.es\/2026\/evento\/una-clase-con-como-cuidar-nuestro-corazon-desde-la-infancia-2\/\" aria-label=\"Leer m\u00e1s sobre Una clase con: \u201cC\u00f3mo cuidar nuestro coraz\u00f3n desde la infancia\u201d\">Leer m\u00e1s<\/a><\/p>\n","protected":false},"author":2,"featured_media":0,"template":"","meta":{"ngg_post_thumbnail":0,"_tribe_events_status":"","_tribe_events_status_reason":"","footnotes":""},"tags":[],"tribe_events_cat":[71],"class_list":["post-6632","tribe_events","type-tribe_events","status-publish","hentry","tribe_events_cat-ies-carmen-y-severo-ochoa","cat_ies-carmen-y-severo-ochoa"],"_links":{"self":[{"href":"https:\/\/www.comunicacionyescuela.es\/2026\/wp-json\/wp\/v2\/tribe_events\/6632","targetHints":{"allow":["GET"]}}],"collection":[{"href":"https:\/\/www.comunicacionyescuela.es\/2026\/wp-json\/wp\/v2\/tribe_events"}],"about":[{"href":"https:\/\/www.comunicacionyescuela.es\/2026\/wp-json\/wp\/v2\/types\/tribe_events"}],"author":[{"embeddable":true,"href":"https:\/\/www.comunicacionyescuela.es\/2026\/wp-json\/wp\/v2\/users\/2"}],"version-history":[{"count":1,"href":"https:\/\/www.comunicacionyescuela.es\/2026\/wp-json\/wp\/v2\/tribe_events\/6632\/revisions"}],"predecessor-version":[{"id":6633,"href":"https:\/\/www.comunicacionyescuela.es\/2026\/wp-json\/wp\/v2\/tribe_events\/6632\/revisions\/6633"}],"wp:attachment":[{"href":"https:\/\/www.comunicacionyescuela.es\/2026\/wp-json\/wp\/v2\/media?parent=6632"}],"wp:term":[{"taxonomy":"post_tag","embeddable":true,"href":"https:\/\/www.comunicacionyescuela.es\/2026\/wp-json\/wp\/v2\/tags?post=6632"},{"taxonomy":"tribe_events_cat","embeddable":true,"href":"https:\/\/www.comunicacionyescuela.es\/2026\/wp-json\/wp\/v2\/tribe_events_cat?post=6632"}],"curies":[{"name":"wp","href":"https:\/\/api.w.org\/{rel}","templated":true}]}}

Una clase con: “Cómo cuidar nuestro corazón desde la infancia”

<p>INTERVIENEN:<br />
<strong>Dr. Pablo Avanzas Fernández</strong>. Cardiólogo. Profesor titular de Cardiología de la Universidad de Oviedo. Director del Área de Corazón del Hospital Universitario Central de Asturias (HUCA)<br />
<strong>Dra. Beatriz Díaz Molina</strong>. Cardióloga. Jefa de Sección de Insuficiencia Cardíaca. Hospital Universitario Central de Asturias (HUCA)<br />
<strong>Dr. Roi Bangueses Quintana</strong>. Cardiólogo del Hospital Universitario Central de Asturias<br />
<strong>Dra. Fátima Pérez González</strong>. Cardióloga del Hospital Comarcal de Jarrio<br />
<strong>Dr. José Manuel García Ruiz</strong>. Cardiólogo del Hospital Universitario de Cabueñes. Presidente de la Sociedad Asturiana de Cardiología<br />
Aulas del IES Carmen y Severo Ochoa<br />
Dirigido a los alumnado de 3º y 4º de Educación Secundaria</p>

<p>INTERVIENEN: Dr. Pablo Avanzas Fernández. Cardiólogo. Profesor titular de Cardiología de la Universidad de Oviedo. Director del Área de Corazón del Hospital Universitario Central de Asturias (HUCA) Dra. Beatriz Díaz &#8230; <a title="Una clase con: “Cómo cuidar nuestro corazón desde la infancia”" class="read-more" href="https://www.comunicacionyescuela.es/2026/evento/una-clase-con-como-cuidar-nuestro-corazon-desde-la-infancia-2/" aria-label="Leer más sobre Una clase con: “Cómo cuidar nuestro corazón desde la infancia”">Leer más</a></p>
