{"id":6628,"date":"2026-04-23T12:11:12","date_gmt":"2026-04-23T10:11:12","guid":{"rendered":"https:\/\/www.comunicacionyescuela.es\/2026\/?post_type=tribe_events&#038;p=6628"},"modified":"2026-04-23T12:20:53","modified_gmt":"2026-04-23T10:20:53","slug":"conferencia-la-donacion-de-organos-en-asturias-solidaridad-del-siglo-xxi","status":"publish","type":"tribe_events","link":"https:\/\/www.comunicacionyescuela.es\/2026\/evento\/conferencia-la-donacion-de-organos-en-asturias-solidaridad-del-siglo-xxi\/","title":{"rendered":"Conferencia: \u201cLa donaci\u00f3n de \u00f3rganos en Asturias. Solidaridad del siglo XXI\u201d"},"content":{"rendered":"<p>INTERVIENEN:<br \/>\n<strong>Dr. Iv\u00e1n Astola Hidalgo<\/strong>. Coordinador auton\u00f3mico de Trasplantes<br \/>\n<strong>Dra. Luisa Gonz\u00e1lez<\/strong>. M\u00e9dico del Servicio Digestivo Hepatolog\u00eda. Responsable del trasplante hep\u00e1tico del Hospital Universitario Central de Asturias (HUCA)<br \/>\n<strong>Dr. Jacobo Silva<\/strong>. Jefe del Servicio de Cirug\u00eda Card\u00edaca y responsable del trasplante card\u00edaco<br \/>\n<strong>Dr. Miguel Hevia<\/strong>. Responsable de trasplante Renal del Hospital Universitario Central de Asturias<br \/>\n<strong>D. Sergio Batic\u00f3n Lav\u00edn<\/strong>. Trasplantado card\u00edaco<br \/>\nPRESENTA:<br \/>\n<strong>D. Pablo \u00c1lvarez<\/strong>. Periodista del peri\u00f3dico La Nueva Espa\u00f1a<br \/>\nSal\u00f3n de Actos del IES Galileo Galilei<br \/>\nDirigido al alumnado de 1\u00ba de Bachillerato<\/p>\n","protected":false},"excerpt":{"rendered":"<p>INTERVIENEN: Dr. Iv\u00e1n Astola Hidalgo. Coordinador auton\u00f3mico de Trasplantes Dra. Luisa Gonz\u00e1lez. M\u00e9dico del Servicio Digestivo Hepatolog\u00eda. Responsable del trasplante hep\u00e1tico del Hospital Universitario Central de Asturias (HUCA) Dr. Jacobo &#8230; <a title=\"Conferencia: \u201cLa donaci\u00f3n de \u00f3rganos en Asturias. Solidaridad del siglo XXI\u201d\" class=\"read-more\" href=\"https:\/\/www.comunicacionyescuela.es\/2026\/evento\/conferencia-la-donacion-de-organos-en-asturias-solidaridad-del-siglo-xxi\/\" aria-label=\"Leer m\u00e1s sobre Conferencia: \u201cLa donaci\u00f3n de \u00f3rganos en Asturias. Solidaridad del siglo XXI\u201d\">Leer m\u00e1s<\/a><\/p>\n","protected":false},"author":2,"featured_media":0,"template":"","meta":{"ngg_post_thumbnail":0,"_tribe_events_status":"","_tribe_events_status_reason":"","footnotes":""},"tags":[],"tribe_events_cat":[70],"class_list":["post-6628","tribe_events","type-tribe_events","status-publish","hentry","tribe_events_cat-ies-galileo-galilei","cat_ies-galileo-galilei"],"_links":{"self":[{"href":"https:\/\/www.comunicacionyescuela.es\/2026\/wp-json\/wp\/v2\/tribe_events\/6628","targetHints":{"allow":["GET"]}}],"collection":[{"href":"https:\/\/www.comunicacionyescuela.es\/2026\/wp-json\/wp\/v2\/tribe_events"}],"about":[{"href":"https:\/\/www.comunicacionyescuela.es\/2026\/wp-json\/wp\/v2\/types\/tribe_events"}],"author":[{"embeddable":true,"href":"https:\/\/www.comunicacionyescuela.es\/2026\/wp-json\/wp\/v2\/users\/2"}],"version-history":[{"count":1,"href":"https:\/\/www.comunicacionyescuela.es\/2026\/wp-json\/wp\/v2\/tribe_events\/6628\/revisions"}],"predecessor-version":[{"id":6629,"href":"https:\/\/www.comunicacionyescuela.es\/2026\/wp-json\/wp\/v2\/tribe_events\/6628\/revisions\/6629"}],"wp:attachment":[{"href":"https:\/\/www.comunicacionyescuela.es\/2026\/wp-json\/wp\/v2\/media?parent=6628"}],"wp:term":[{"taxonomy":"post_tag","embeddable":true,"href":"https:\/\/www.comunicacionyescuela.es\/2026\/wp-json\/wp\/v2\/tags?post=6628"},{"taxonomy":"tribe_events_cat","embeddable":true,"href":"https:\/\/www.comunicacionyescuela.es\/2026\/wp-json\/wp\/v2\/tribe_events_cat?post=6628"}],"curies":[{"name":"wp","href":"https:\/\/api.w.org\/{rel}","templated":true}]}}

Conferencia: “La donación de órganos en Asturias. Solidaridad del siglo XXI”

<p>INTERVIENEN:<br />
<strong>Dr. Iván Astola Hidalgo</strong>. Coordinador autonómico de Trasplantes<br />
<strong>Dra. Luisa González</strong>. Médico del Servicio Digestivo Hepatología. Responsable del trasplante hepático del Hospital Universitario Central de Asturias (HUCA)<br />
<strong>Dr. Jacobo Silva</strong>. Jefe del Servicio de Cirugía Cardíaca y responsable del trasplante cardíaco<br />
<strong>Dr. Miguel Hevia</strong>. Responsable de trasplante Renal del Hospital Universitario Central de Asturias<br />
<strong>D. Sergio Baticón Lavín</strong>. Trasplantado cardíaco<br />
PRESENTA:<br />
<strong>D. Pablo Álvarez</strong>. Periodista del periódico La Nueva España<br />
Salón de Actos del IES Galileo Galilei<br />
Dirigido al alumnado de 1º de Bachillerato</p>

<p>INTERVIENEN: Dr. Iván Astola Hidalgo. Coordinador autonómico de Trasplantes Dra. Luisa González. Médico del Servicio Digestivo Hepatología. Responsable del trasplante hepático del Hospital Universitario Central de Asturias (HUCA) Dr. Jacobo &#8230; <a title="Conferencia: “La donación de órganos en Asturias. Solidaridad del siglo XXI”" class="read-more" href="https://www.comunicacionyescuela.es/2026/evento/conferencia-la-donacion-de-organos-en-asturias-solidaridad-del-siglo-xxi/" aria-label="Leer más sobre Conferencia: “La donación de órganos en Asturias. Solidaridad del siglo XXI”">Leer más</a></p>
