{"id":6626,"date":"2026-04-23T12:09:34","date_gmt":"2026-04-23T10:09:34","guid":{"rendered":"https:\/\/www.comunicacionyescuela.es\/2026\/?post_type=tribe_events&#038;p=6626"},"modified":"2026-04-23T12:20:39","modified_gmt":"2026-04-23T10:20:39","slug":"talleres-de-reanimacion-cardiopulmonar-escape-room-rcp-si-quieres-salir-aprende-a-comprimir","status":"publish","type":"tribe_events","link":"https:\/\/www.comunicacionyescuela.es\/2026\/evento\/talleres-de-reanimacion-cardiopulmonar-escape-room-rcp-si-quieres-salir-aprende-a-comprimir\/","title":{"rendered":"Talleres de Reanimaci\u00f3n Cardiopulmonar: \u201cESCAPE ROOM RCP: si quieres salir aprende a comprimir\u201d"},"content":{"rendered":"<p>INTERVIENEN:<br \/>\n<strong>Dr. Jos\u00e9 Antonio Gonzalo Guerra<\/strong>. Presidente de la Comisi\u00f3n de RCP del \u00c1rea Sanitaria IV. M\u00e9dico adjunto del Servicio de Medicina intensiva del Hospital Universitario Central de Asturias (HUCA)<br \/>\n<strong>Dra. Silvia Vi\u00f1as Dom\u00ednguez<\/strong>. Servicio de Medicinan Intensiva del Hospital Valle del Nal\u00f3n<br \/>\n<strong>Dr. Salvador Balboa Palomino<\/strong>. M\u00e9dico adjunto del Servicio de Medicina intensiva del Hospital de Cabue\u00f1es de Gij\u00f3n<br \/>\n<strong>Dr. Emilio Garc\u00eda Prieto<\/strong>. M\u00e9dico adjunto del Servicio de Medicina intensiva del Hospital Universitario Central de Asturias (HUCA)<br \/>\n<strong>Dra. Estefan\u00eda Salgado del Riego<\/strong>. M\u00e9dica adjunta al Servicio de Medicina intensiva del Hospital Universitario Central de Asturias (HUCA)<br \/>\n<strong>Dr. Salvador Villalgordo Garc\u00eda<\/strong>. Servicio de Medicina Intensiva del Hospital Universitario Central de Asturias (HUCA)<br \/>\n<strong>Dra. Junkal Mart\u00ednez Elizalde<\/strong>. Servicio de Medicina Intensiva del Hospital de Cabue\u00f1es<br \/>\n<strong>Dra. Eva Ocampos Mart\u00ednez<\/strong>. Servicio de Medicina Intensiva del Hospital Valle del Nal\u00f3n<br \/>\nPolideportivo del IES Galileo Galilei<br \/>\nDirigido al alumnado de 4\u00ba de Educaci\u00f3n Secundaria<\/p>\n","protected":false},"excerpt":{"rendered":"<p>INTERVIENEN: Dr. Jos\u00e9 Antonio Gonzalo Guerra. Presidente de la Comisi\u00f3n de RCP del \u00c1rea Sanitaria IV. M\u00e9dico adjunto del Servicio de Medicina intensiva del Hospital Universitario Central de Asturias (HUCA) &#8230; <a title=\"Talleres de Reanimaci\u00f3n Cardiopulmonar: \u201cESCAPE ROOM RCP: si quieres salir aprende a comprimir\u201d\" class=\"read-more\" href=\"https:\/\/www.comunicacionyescuela.es\/2026\/evento\/talleres-de-reanimacion-cardiopulmonar-escape-room-rcp-si-quieres-salir-aprende-a-comprimir\/\" aria-label=\"Leer m\u00e1s sobre Talleres de Reanimaci\u00f3n Cardiopulmonar: \u201cESCAPE ROOM RCP: si quieres salir aprende a comprimir\u201d\">Leer m\u00e1s<\/a><\/p>\n","protected":false},"author":2,"featured_media":0,"template":"","meta":{"ngg_post_thumbnail":0,"_tribe_events_status":"","_tribe_events_status_reason":"","footnotes":""},"tags":[],"tribe_events_cat":[70],"class_list":["post-6626","tribe_events","type-tribe_events","status-publish","hentry","tribe_events_cat-ies-galileo-galilei","cat_ies-galileo-galilei"],"_links":{"self":[{"href":"https:\/\/www.comunicacionyescuela.es\/2026\/wp-json\/wp\/v2\/tribe_events\/6626","targetHints":{"allow":["GET"]}}],"collection":[{"href":"https:\/\/www.comunicacionyescuela.es\/2026\/wp-json\/wp\/v2\/tribe_events"}],"about":[{"href":"https:\/\/www.comunicacionyescuela.es\/2026\/wp-json\/wp\/v2\/types\/tribe_events"}],"author":[{"embeddable":true,"href":"https:\/\/www.comunicacionyescuela.es\/2026\/wp-json\/wp\/v2\/users\/2"}],"version-history":[{"count":1,"href":"https:\/\/www.comunicacionyescuela.es\/2026\/wp-json\/wp\/v2\/tribe_events\/6626\/revisions"}],"predecessor-version":[{"id":6627,"href":"https:\/\/www.comunicacionyescuela.es\/2026\/wp-json\/wp\/v2\/tribe_events\/6626\/revisions\/6627"}],"wp:attachment":[{"href":"https:\/\/www.comunicacionyescuela.es\/2026\/wp-json\/wp\/v2\/media?parent=6626"}],"wp:term":[{"taxonomy":"post_tag","embeddable":true,"href":"https:\/\/www.comunicacionyescuela.es\/2026\/wp-json\/wp\/v2\/tags?post=6626"},{"taxonomy":"tribe_events_cat","embeddable":true,"href":"https:\/\/www.comunicacionyescuela.es\/2026\/wp-json\/wp\/v2\/tribe_events_cat?post=6626"}],"curies":[{"name":"wp","href":"https:\/\/api.w.org\/{rel}","templated":true}]}}

Talleres de Reanimación Cardiopulmonar: “ESCAPE ROOM RCP: si quieres salir aprende a comprimir”

<p>INTERVIENEN:<br />
<strong>Dr. José Antonio Gonzalo Guerra</strong>. Presidente de la Comisión de RCP del Área Sanitaria IV. Médico adjunto del Servicio de Medicina intensiva del Hospital Universitario Central de Asturias (HUCA)<br />
<strong>Dra. Silvia Viñas Domínguez</strong>. Servicio de Medicinan Intensiva del Hospital Valle del Nalón<br />
<strong>Dr. Salvador Balboa Palomino</strong>. Médico adjunto del Servicio de Medicina intensiva del Hospital de Cabueñes de Gijón<br />
<strong>Dr. Emilio García Prieto</strong>. Médico adjunto del Servicio de Medicina intensiva del Hospital Universitario Central de Asturias (HUCA)<br />
<strong>Dra. Estefanía Salgado del Riego</strong>. Médica adjunta al Servicio de Medicina intensiva del Hospital Universitario Central de Asturias (HUCA)<br />
<strong>Dr. Salvador Villalgordo García</strong>. Servicio de Medicina Intensiva del Hospital Universitario Central de Asturias (HUCA)<br />
<strong>Dra. Junkal Martínez Elizalde</strong>. Servicio de Medicina Intensiva del Hospital de Cabueñes<br />
<strong>Dra. Eva Ocampos Martínez</strong>. Servicio de Medicina Intensiva del Hospital Valle del Nalón<br />
Polideportivo del IES Galileo Galilei<br />
Dirigido al alumnado de 4º de Educación Secundaria</p>

<p>INTERVIENEN: Dr. José Antonio Gonzalo Guerra. Presidente de la Comisión de RCP del Área Sanitaria IV. Médico adjunto del Servicio de Medicina intensiva del Hospital Universitario Central de Asturias (HUCA) &#8230; <a title="Talleres de Reanimación Cardiopulmonar: “ESCAPE ROOM RCP: si quieres salir aprende a comprimir”" class="read-more" href="https://www.comunicacionyescuela.es/2026/evento/talleres-de-reanimacion-cardiopulmonar-escape-room-rcp-si-quieres-salir-aprende-a-comprimir/" aria-label="Leer más sobre Talleres de Reanimación Cardiopulmonar: “ESCAPE ROOM RCP: si quieres salir aprende a comprimir”">Leer más</a></p>
