{"id":6624,"date":"2026-04-23T12:07:14","date_gmt":"2026-04-23T10:07:14","guid":{"rendered":"https:\/\/www.comunicacionyescuela.es\/2026\/?post_type=tribe_events&#038;p=6624"},"modified":"2026-04-23T12:20:18","modified_gmt":"2026-04-23T10:20:18","slug":"una-clase-con-donar-sangre-ciencia-solidaridad-y-futuro","status":"publish","type":"tribe_events","link":"https:\/\/www.comunicacionyescuela.es\/2026\/evento\/una-clase-con-donar-sangre-ciencia-solidaridad-y-futuro\/","title":{"rendered":"Una clase con: \u201cDonar sangre: ciencia, solidaridad y futuro\u201d"},"content":{"rendered":"<p>INTERVIENE:<br \/>\n<strong>Dra. Ana Mar\u00eda Ojea P\u00e9rez<\/strong>. Directora T\u00e9cnica del Centro Comunitario de Sangre y Tejidos de Asturias<br \/>\nSal\u00f3n de Actos del IES Galileo Galilei<br \/>\nDirigido al alumnado de 3\u00ba de Educaci\u00f3n Secundaria<\/p>\n","protected":false},"excerpt":{"rendered":"<p>INTERVIENE: Dra. Ana Mar\u00eda Ojea P\u00e9rez. Directora T\u00e9cnica del Centro Comunitario de Sangre y Tejidos de Asturias Sal\u00f3n de Actos del IES Galileo Galilei Dirigido al alumnado de 3\u00ba de &#8230; <a title=\"Una clase con: \u201cDonar sangre: ciencia, solidaridad y futuro\u201d\" class=\"read-more\" href=\"https:\/\/www.comunicacionyescuela.es\/2026\/evento\/una-clase-con-donar-sangre-ciencia-solidaridad-y-futuro\/\" aria-label=\"Leer m\u00e1s sobre Una clase con: \u201cDonar sangre: ciencia, solidaridad y futuro\u201d\">Leer m\u00e1s<\/a><\/p>\n","protected":false},"author":2,"featured_media":0,"template":"","meta":{"ngg_post_thumbnail":0,"_tribe_events_status":"","_tribe_events_status_reason":"","footnotes":""},"tags":[],"tribe_events_cat":[70],"class_list":["post-6624","tribe_events","type-tribe_events","status-publish","hentry","tribe_events_cat-ies-galileo-galilei","cat_ies-galileo-galilei"],"_links":{"self":[{"href":"https:\/\/www.comunicacionyescuela.es\/2026\/wp-json\/wp\/v2\/tribe_events\/6624","targetHints":{"allow":["GET"]}}],"collection":[{"href":"https:\/\/www.comunicacionyescuela.es\/2026\/wp-json\/wp\/v2\/tribe_events"}],"about":[{"href":"https:\/\/www.comunicacionyescuela.es\/2026\/wp-json\/wp\/v2\/types\/tribe_events"}],"author":[{"embeddable":true,"href":"https:\/\/www.comunicacionyescuela.es\/2026\/wp-json\/wp\/v2\/users\/2"}],"version-history":[{"count":1,"href":"https:\/\/www.comunicacionyescuela.es\/2026\/wp-json\/wp\/v2\/tribe_events\/6624\/revisions"}],"predecessor-version":[{"id":6625,"href":"https:\/\/www.comunicacionyescuela.es\/2026\/wp-json\/wp\/v2\/tribe_events\/6624\/revisions\/6625"}],"wp:attachment":[{"href":"https:\/\/www.comunicacionyescuela.es\/2026\/wp-json\/wp\/v2\/media?parent=6624"}],"wp:term":[{"taxonomy":"post_tag","embeddable":true,"href":"https:\/\/www.comunicacionyescuela.es\/2026\/wp-json\/wp\/v2\/tags?post=6624"},{"taxonomy":"tribe_events_cat","embeddable":true,"href":"https:\/\/www.comunicacionyescuela.es\/2026\/wp-json\/wp\/v2\/tribe_events_cat?post=6624"}],"curies":[{"name":"wp","href":"https:\/\/api.w.org\/{rel}","templated":true}]}}

<p>INTERVIENE:<br />
<strong>Dra. Ana María Ojea Pérez</strong>. Directora Técnica del Centro Comunitario de Sangre y Tejidos de Asturias<br />
Salón de Actos del IES Galileo Galilei<br />
Dirigido al alumnado de 3º de Educación Secundaria</p>

<p>INTERVIENE: Dra. Ana María Ojea Pérez. Directora Técnica del Centro Comunitario de Sangre y Tejidos de Asturias Salón de Actos del IES Galileo Galilei Dirigido al alumnado de 3º de &#8230; <a title="Una clase con: “Donar sangre: ciencia, solidaridad y futuro”" class="read-more" href="https://www.comunicacionyescuela.es/2026/evento/una-clase-con-donar-sangre-ciencia-solidaridad-y-futuro/" aria-label="Leer más sobre Una clase con: “Donar sangre: ciencia, solidaridad y futuro”">Leer más</a></p>
