{"id":6622,"date":"2026-04-23T12:05:44","date_gmt":"2026-04-23T10:05:44","guid":{"rendered":"https:\/\/www.comunicacionyescuela.es\/2026\/?post_type=tribe_events&#038;p=6622"},"modified":"2026-04-23T12:20:02","modified_gmt":"2026-04-23T10:20:02","slug":"una-clase-con-como-realizar-la-reanimacion-cardiopulmonar-rcp","status":"publish","type":"tribe_events","link":"https:\/\/www.comunicacionyescuela.es\/2026\/evento\/una-clase-con-como-realizar-la-reanimacion-cardiopulmonar-rcp\/","title":{"rendered":"Una clase con: \u201cC\u00f3mo realizar la reanimaci\u00f3n cardiopulmonar (RCP)\u201d"},"content":{"rendered":"<p>INTERVIENE:<br \/>\n<strong>Dr. Jos\u00e9 Antonio Gonzalo Guerra<\/strong>. Presidente de la Comisi\u00f3n de RCP del \u00c1rea Sanitaria IV. M\u00e9dico adjunto del Servicio de Medicina intensiva del Hospital Universitario Central de Asturias (HUCA)<br \/>\nSal\u00f3n de Actos del IES Galileo Galilei<br \/>\nDirigido al alumnado de 4\u00ba de Educaci\u00f3n Secundaria<\/p>\n","protected":false},"excerpt":{"rendered":"<p>INTERVIENE: Dr. Jos\u00e9 Antonio Gonzalo Guerra. Presidente de la Comisi\u00f3n de RCP del \u00c1rea Sanitaria IV. M\u00e9dico adjunto del Servicio de Medicina intensiva del Hospital Universitario Central de Asturias (HUCA) &#8230; <a title=\"Una clase con: \u201cC\u00f3mo realizar la reanimaci\u00f3n cardiopulmonar (RCP)\u201d\" class=\"read-more\" href=\"https:\/\/www.comunicacionyescuela.es\/2026\/evento\/una-clase-con-como-realizar-la-reanimacion-cardiopulmonar-rcp\/\" aria-label=\"Leer m\u00e1s sobre Una clase con: \u201cC\u00f3mo realizar la reanimaci\u00f3n cardiopulmonar (RCP)\u201d\">Leer m\u00e1s<\/a><\/p>\n","protected":false},"author":2,"featured_media":0,"template":"","meta":{"ngg_post_thumbnail":0,"_tribe_events_status":"","_tribe_events_status_reason":"","footnotes":""},"tags":[],"tribe_events_cat":[70],"class_list":["post-6622","tribe_events","type-tribe_events","status-publish","hentry","tribe_events_cat-ies-galileo-galilei","cat_ies-galileo-galilei"],"_links":{"self":[{"href":"https:\/\/www.comunicacionyescuela.es\/2026\/wp-json\/wp\/v2\/tribe_events\/6622","targetHints":{"allow":["GET"]}}],"collection":[{"href":"https:\/\/www.comunicacionyescuela.es\/2026\/wp-json\/wp\/v2\/tribe_events"}],"about":[{"href":"https:\/\/www.comunicacionyescuela.es\/2026\/wp-json\/wp\/v2\/types\/tribe_events"}],"author":[{"embeddable":true,"href":"https:\/\/www.comunicacionyescuela.es\/2026\/wp-json\/wp\/v2\/users\/2"}],"version-history":[{"count":1,"href":"https:\/\/www.comunicacionyescuela.es\/2026\/wp-json\/wp\/v2\/tribe_events\/6622\/revisions"}],"predecessor-version":[{"id":6623,"href":"https:\/\/www.comunicacionyescuela.es\/2026\/wp-json\/wp\/v2\/tribe_events\/6622\/revisions\/6623"}],"wp:attachment":[{"href":"https:\/\/www.comunicacionyescuela.es\/2026\/wp-json\/wp\/v2\/media?parent=6622"}],"wp:term":[{"taxonomy":"post_tag","embeddable":true,"href":"https:\/\/www.comunicacionyescuela.es\/2026\/wp-json\/wp\/v2\/tags?post=6622"},{"taxonomy":"tribe_events_cat","embeddable":true,"href":"https:\/\/www.comunicacionyescuela.es\/2026\/wp-json\/wp\/v2\/tribe_events_cat?post=6622"}],"curies":[{"name":"wp","href":"https:\/\/api.w.org\/{rel}","templated":true}]}}

Una clase con: “Cómo realizar la reanimación cardiopulmonar (RCP)”

<p>INTERVIENE:<br />
<strong>Dr. José Antonio Gonzalo Guerra</strong>. Presidente de la Comisión de RCP del Área Sanitaria IV. Médico adjunto del Servicio de Medicina intensiva del Hospital Universitario Central de Asturias (HUCA)<br />
Salón de Actos del IES Galileo Galilei<br />
Dirigido al alumnado de 4º de Educación Secundaria</p>

<p>INTERVIENE: Dr. José Antonio Gonzalo Guerra. Presidente de la Comisión de RCP del Área Sanitaria IV. Médico adjunto del Servicio de Medicina intensiva del Hospital Universitario Central de Asturias (HUCA) &#8230; <a title="Una clase con: “Cómo realizar la reanimación cardiopulmonar (RCP)”" class="read-more" href="https://www.comunicacionyescuela.es/2026/evento/una-clase-con-como-realizar-la-reanimacion-cardiopulmonar-rcp/" aria-label="Leer más sobre Una clase con: “Cómo realizar la reanimación cardiopulmonar (RCP)”">Leer más</a></p>
