{"id":6617,"date":"2026-04-23T10:45:32","date_gmt":"2026-04-23T08:45:32","guid":{"rendered":"https:\/\/www.comunicacionyescuela.es\/2026\/?post_type=tribe_events&#038;p=6617"},"modified":"2026-04-23T10:45:32","modified_gmt":"2026-04-23T08:45:32","slug":"situacion-de-aprendizaje-curso-de-soporte-vital-basico-y-manejo-del-desfibrilador-automatizado","status":"publish","type":"tribe_events","link":"https:\/\/www.comunicacionyescuela.es\/2026\/evento\/situacion-de-aprendizaje-curso-de-soporte-vital-basico-y-manejo-del-desfibrilador-automatizado\/","title":{"rendered":"Situaci\u00f3n de Aprendizaje: \u201cCurso de Soporte Vital B\u00e1sico y manejo del Desfibrilador Automatizado\u201d"},"content":{"rendered":"<p>PROGRAMA<br \/>\n9 horas. Bienvenida. Repaso te\u00f3rico del algoritmo de Soporte Vital B\u00e1sico (SVB) y manejo del Desfibrilador Externo Automatizado<br \/>\n9,30 horas. Demostraci\u00f3n por parte de los instructores de la secuencia del algoritmo de SVB y DEA<br \/>\n9,45 horas. Talleres pr\u00e1cticos de SVB y DEA<br \/>\n11,15 horas. Descanso<br \/>\n11,30 horas. Simulaciones integradas de SVB y DEA<br \/>\n12,45 horas. Taller pr\u00e1ctico de desobstrucci\u00f3n de la v\u00eda a\u00e9rea (OVACE) y Posici\u00f3n Lateral de Seguridad (PSL)<br \/>\nCOORDINA EN EL IES:<br \/>\n<strong>D\u00f1a. Marta Trelles L\u00f3pez<\/strong>. Jefa del Departamento del Ciclo Formativo de Grado Medio de Cuidados Auxiliares de Enfermer\u00eda del IES Galileo Galilei<br \/>\nDIRIGEN EL CURSO:<br \/>\n<strong>Dr. Jos\u00e9 Antonio Gonzalo Guerra<\/strong>. Presidente de la Comisi\u00f3n de RCP del \u00c1rea Sanitaria IV. M\u00e9dico adjunto del Servicio de Medicina intensiva del Hospital Universitario Central de Asturias (HUCA <strong>Dr. Emilio Garc\u00eda Prieto<\/strong>. M\u00e9dico adjunto del Servicio de Medicina intensiva del Hospital Universitario Central de Asturias (HUCA Hospital Universitario Central de Asturias (HUCA). Oviedo<br \/>\nDirigido al alumnado del Ciclo Formativo de Grado Medio de Cuidados Auxiliares de Enfermer\u00eda del IES Galileo Galilei<br \/>\nNota. El alumnado participante en este curso recibir\u00e1 un diploma oficial acreditativo de asistencia al mismo<\/p>\n","protected":false},"excerpt":{"rendered":"<p>PROGRAMA 9 horas. Bienvenida. Repaso te\u00f3rico del algoritmo de Soporte Vital B\u00e1sico (SVB) y manejo del Desfibrilador Externo Automatizado 9,30 horas. Demostraci\u00f3n por parte de los instructores de la secuencia &#8230; <a title=\"Situaci\u00f3n de Aprendizaje: \u201cCurso de Soporte Vital B\u00e1sico y manejo del Desfibrilador Automatizado\u201d\" class=\"read-more\" href=\"https:\/\/www.comunicacionyescuela.es\/2026\/evento\/situacion-de-aprendizaje-curso-de-soporte-vital-basico-y-manejo-del-desfibrilador-automatizado\/\" aria-label=\"Leer m\u00e1s sobre Situaci\u00f3n de Aprendizaje: \u201cCurso de Soporte Vital B\u00e1sico y manejo del Desfibrilador Automatizado\u201d\">Leer m\u00e1s<\/a><\/p>\n","protected":false},"author":2,"featured_media":0,"template":"","meta":{"ngg_post_thumbnail":0,"_tribe_events_status":"","_tribe_events_status_reason":"","footnotes":""},"tags":[],"tribe_events_cat":[68],"class_list":["post-6617","tribe_events","type-tribe_events","status-publish","hentry","tribe_events_cat-situacion-de-aprendizaje-rebot-tu-poder-para-salvar-vidas","cat_situacion-de-aprendizaje-rebot-tu-poder-para-salvar-vidas"],"_links":{"self":[{"href":"https:\/\/www.comunicacionyescuela.es\/2026\/wp-json\/wp\/v2\/tribe_events\/6617","targetHints":{"allow":["GET"]}}],"collection":[{"href":"https:\/\/www.comunicacionyescuela.es\/2026\/wp-json\/wp\/v2\/tribe_events"}],"about":[{"href":"https:\/\/www.comunicacionyescuela.es\/2026\/wp-json\/wp\/v2\/types\/tribe_events"}],"author":[{"embeddable":true,"href":"https:\/\/www.comunicacionyescuela.es\/2026\/wp-json\/wp\/v2\/users\/2"}],"version-history":[{"count":1,"href":"https:\/\/www.comunicacionyescuela.es\/2026\/wp-json\/wp\/v2\/tribe_events\/6617\/revisions"}],"predecessor-version":[{"id":6619,"href":"https:\/\/www.comunicacionyescuela.es\/2026\/wp-json\/wp\/v2\/tribe_events\/6617\/revisions\/6619"}],"wp:attachment":[{"href":"https:\/\/www.comunicacionyescuela.es\/2026\/wp-json\/wp\/v2\/media?parent=6617"}],"wp:term":[{"taxonomy":"post_tag","embeddable":true,"href":"https:\/\/www.comunicacionyescuela.es\/2026\/wp-json\/wp\/v2\/tags?post=6617"},{"taxonomy":"tribe_events_cat","embeddable":true,"href":"https:\/\/www.comunicacionyescuela.es\/2026\/wp-json\/wp\/v2\/tribe_events_cat?post=6617"}],"curies":[{"name":"wp","href":"https:\/\/api.w.org\/{rel}","templated":true}]}}

Situación de Aprendizaje: “Curso de Soporte Vital Básico y manejo del Desfibrilador Automatizado”

<p>PROGRAMA<br />
9 horas. Bienvenida. Repaso teórico del algoritmo de Soporte Vital Básico (SVB) y manejo del Desfibrilador Externo Automatizado<br />
9,30 horas. Demostración por parte de los instructores de la secuencia del algoritmo de SVB y DEA<br />
9,45 horas. Talleres prácticos de SVB y DEA<br />
11,15 horas. Descanso<br />
11,30 horas. Simulaciones integradas de SVB y DEA<br />
12,45 horas. Taller práctico de desobstrucción de la vía aérea (OVACE) y Posición Lateral de Seguridad (PSL)<br />
COORDINA EN EL IES:<br />
<strong>Dña. Marta Trelles López</strong>. Jefa del Departamento del Ciclo Formativo de Grado Medio de Cuidados Auxiliares de Enfermería del IES Galileo Galilei<br />
DIRIGEN EL CURSO:<br />
<strong>Dr. José Antonio Gonzalo Guerra</strong>. Presidente de la Comisión de RCP del Área Sanitaria IV. Médico adjunto del Servicio de Medicina intensiva del Hospital Universitario Central de Asturias (HUCA <strong>Dr. Emilio García Prieto</strong>. Médico adjunto del Servicio de Medicina intensiva del Hospital Universitario Central de Asturias (HUCA Hospital Universitario Central de Asturias (HUCA). Oviedo<br />
Dirigido al alumnado del Ciclo Formativo de Grado Medio de Cuidados Auxiliares de Enfermería del IES Galileo Galilei<br />
Nota. El alumnado participante en este curso recibirá un diploma oficial acreditativo de asistencia al mismo</p>

<p>PROGRAMA 9 horas. Bienvenida. Repaso teórico del algoritmo de Soporte Vital Básico (SVB) y manejo del Desfibrilador Externo Automatizado 9,30 horas. Demostración por parte de los instructores de la secuencia &#8230; <a title="Situación de Aprendizaje: “Curso de Soporte Vital Básico y manejo del Desfibrilador Automatizado”" class="read-more" href="https://www.comunicacionyescuela.es/2026/evento/situacion-de-aprendizaje-curso-de-soporte-vital-basico-y-manejo-del-desfibrilador-automatizado/" aria-label="Leer más sobre Situación de Aprendizaje: “Curso de Soporte Vital Básico y manejo del Desfibrilador Automatizado”">Leer más</a></p>
