{"id":6612,"date":"2026-04-23T10:38:51","date_gmt":"2026-04-23T08:38:51","guid":{"rendered":"https:\/\/www.comunicacionyescuela.es\/2026\/?post_type=tribe_events&#038;p=6612"},"modified":"2026-04-23T10:38:51","modified_gmt":"2026-04-23T08:38:51","slug":"situacion-de-aprendizaje-un-paseo-por-marineda","status":"publish","type":"tribe_events","link":"https:\/\/www.comunicacionyescuela.es\/2026\/evento\/situacion-de-aprendizaje-un-paseo-por-marineda\/","title":{"rendered":"Situaci\u00f3n de Aprendizaje: \u201cUn paseo por Marineda\u201d"},"content":{"rendered":"<p>Recorrido literario por la ciudad de A Coru\u00f1a vinculado a la figura de la escritora <strong>Emilia Pardo Baz\u00e1n<\/strong> en colaboraci\u00f3n con la Casa Museo Emilia Pardo Baz\u00e1n-Real Academia Galega y coordinado por <strong>Xulia Santiso<\/strong>, conservadora de la Casa Museo <strong>Emilia Pardo Baz\u00e1n<\/strong>. Durante la estancia en A Coru\u00f1a los estudiantes visitar\u00e1n, igualmente, el Pazo de Meir\u00e1s del que fue propietaria la prestigiosa autora gallega.<br \/>\nDirigido al alumnado de 1\u00ba de Bachillerato<br \/>\nPARTICIPAN:<br \/>\nColegio Jovellanos. Vegadeo<br \/>\nCRA R\u00eda del Eo. Vegadeo<br \/>\nCRA Oscos. Santa Eulalia de Oscos<br \/>\nColegio La Paloma. Castropol<br \/>\nInstituto de Educaci\u00f3n Secundaria Elisa y Luis Villamil. Vegadeo<\/p>\n","protected":false},"excerpt":{"rendered":"<p>Recorrido literario por la ciudad de A Coru\u00f1a vinculado a la figura de la escritora Emilia Pardo Baz\u00e1n en colaboraci\u00f3n con la Casa Museo Emilia Pardo Baz\u00e1n-Real Academia Galega y &#8230; <a title=\"Situaci\u00f3n de Aprendizaje: \u201cUn paseo por Marineda\u201d\" class=\"read-more\" href=\"https:\/\/www.comunicacionyescuela.es\/2026\/evento\/situacion-de-aprendizaje-un-paseo-por-marineda\/\" aria-label=\"Leer m\u00e1s sobre Situaci\u00f3n de Aprendizaje: \u201cUn paseo por Marineda\u201d\">Leer m\u00e1s<\/a><\/p>\n","protected":false},"author":2,"featured_media":0,"template":"","meta":{"ngg_post_thumbnail":0,"_tribe_events_status":"","_tribe_events_status_reason":"","footnotes":""},"tags":[],"tribe_events_cat":[37],"class_list":["post-6612","tribe_events","type-tribe_events","status-publish","hentry","tribe_events_cat-proyecto-aula-literaria","cat_proyecto-aula-literaria"],"_links":{"self":[{"href":"https:\/\/www.comunicacionyescuela.es\/2026\/wp-json\/wp\/v2\/tribe_events\/6612","targetHints":{"allow":["GET"]}}],"collection":[{"href":"https:\/\/www.comunicacionyescuela.es\/2026\/wp-json\/wp\/v2\/tribe_events"}],"about":[{"href":"https:\/\/www.comunicacionyescuela.es\/2026\/wp-json\/wp\/v2\/types\/tribe_events"}],"author":[{"embeddable":true,"href":"https:\/\/www.comunicacionyescuela.es\/2026\/wp-json\/wp\/v2\/users\/2"}],"version-history":[{"count":1,"href":"https:\/\/www.comunicacionyescuela.es\/2026\/wp-json\/wp\/v2\/tribe_events\/6612\/revisions"}],"predecessor-version":[{"id":6613,"href":"https:\/\/www.comunicacionyescuela.es\/2026\/wp-json\/wp\/v2\/tribe_events\/6612\/revisions\/6613"}],"wp:attachment":[{"href":"https:\/\/www.comunicacionyescuela.es\/2026\/wp-json\/wp\/v2\/media?parent=6612"}],"wp:term":[{"taxonomy":"post_tag","embeddable":true,"href":"https:\/\/www.comunicacionyescuela.es\/2026\/wp-json\/wp\/v2\/tags?post=6612"},{"taxonomy":"tribe_events_cat","embeddable":true,"href":"https:\/\/www.comunicacionyescuela.es\/2026\/wp-json\/wp\/v2\/tribe_events_cat?post=6612"}],"curies":[{"name":"wp","href":"https:\/\/api.w.org\/{rel}","templated":true}]}}

Situación de Aprendizaje: “Un paseo por Marineda”

<p>Recorrido literario por la ciudad de A Coruña vinculado a la figura de la escritora <strong>Emilia Pardo Bazán</strong> en colaboración con la Casa Museo Emilia Pardo Bazán-Real Academia Galega y coordinado por <strong>Xulia Santiso</strong>, conservadora de la Casa Museo <strong>Emilia Pardo Bazán</strong>. Durante la estancia en A Coruña los estudiantes visitarán, igualmente, el Pazo de Meirás del que fue propietaria la prestigiosa autora gallega.<br />
Dirigido al alumnado de 1º de Bachillerato<br />
PARTICIPAN:<br />
Colegio Jovellanos. Vegadeo<br />
CRA Ría del Eo. Vegadeo<br />
CRA Oscos. Santa Eulalia de Oscos<br />
Colegio La Paloma. Castropol<br />
Instituto de Educación Secundaria Elisa y Luis Villamil. Vegadeo</p>

<p>Recorrido literario por la ciudad de A Coruña vinculado a la figura de la escritora Emilia Pardo Bazán en colaboración con la Casa Museo Emilia Pardo Bazán-Real Academia Galega y &#8230; <a title="Situación de Aprendizaje: “Un paseo por Marineda”" class="read-more" href="https://www.comunicacionyescuela.es/2026/evento/situacion-de-aprendizaje-un-paseo-por-marineda/" aria-label="Leer más sobre Situación de Aprendizaje: “Un paseo por Marineda”">Leer más</a></p>
