{"id":6610,"date":"2026-04-23T10:36:57","date_gmt":"2026-04-23T08:36:57","guid":{"rendered":"https:\/\/www.comunicacionyescuela.es\/2026\/?post_type=tribe_events&#038;p=6610"},"modified":"2026-04-23T10:36:57","modified_gmt":"2026-04-23T08:36:57","slug":"inauguracion-de-la-exposicion-literaria-al-aire-libre-mujer-y-literatura","status":"publish","type":"tribe_events","link":"https:\/\/www.comunicacionyescuela.es\/2026\/evento\/inauguracion-de-la-exposicion-literaria-al-aire-libre-mujer-y-literatura\/","title":{"rendered":"Inauguraci\u00f3n de la exposici\u00f3n literaria al aire libre: \u201cMujer y literatura\u201d"},"content":{"rendered":"<p>Recorrido literario en el Instituto de Educaci\u00f3n Secundaria Elisa y Luis Villamil durante el cual se leer\u00e1n textos escritos sobre paneles colocados a lo largo de la zona exterior del recinto escolar, a cargo de sus autoras: <em>Violeta Monreal, M\u00f3nica Rodr\u00edguez, Chiqui F\u00e1bregat, Beatriz Os\u00e9s, Isabel Molina, Sof\u00eda Rhey, Carme Riera, Mar\u00eda Teresa \u00c1lvarez, Mayte Uceda<\/em>.<br \/>\nPRESENTA:<br \/>\n<strong>D\u00f1a. Eva P\u00e9rez Coto<\/strong>. Jefa de Estudios del IES Elisa y Luis Villamil<br \/>\nRecinto del IES Elisa y Luis Villamil. Vegadeo. Del 15 al 30 de abril de 2026<br \/>\n14,00 horas<br \/>\nLa Biblioteca IES Elisa y Luis Villamil abre sus puertas para recibir a los escritores\/as participantes en el acto de firma de sus obras, que pasar\u00e1n a engrosar la secci\u00f3n de libros dedicados.<br \/>\nActo de firma de libros de las escritoras <strong>Violeta Monreal, Chiqui F\u00e1bregat, Beatriz Os\u00e9s, Isabel Molina, Sof\u00eda Rhey, Mar\u00eda Teresa \u00c1lvarez<\/strong><br \/>\nPRESENTA:<br \/>\n<strong>Nancy Vijande Valledor<\/strong>. Coordinadora de la Biblioteca del IES Elisa y Luis Villamil<\/p>\n","protected":false},"excerpt":{"rendered":"<p>Recorrido literario en el Instituto de Educaci\u00f3n Secundaria Elisa y Luis Villamil durante el cual se leer\u00e1n textos escritos sobre paneles colocados a lo largo de la zona exterior del &#8230; <a title=\"Inauguraci\u00f3n de la exposici\u00f3n literaria al aire libre: \u201cMujer y literatura\u201d\" class=\"read-more\" href=\"https:\/\/www.comunicacionyescuela.es\/2026\/evento\/inauguracion-de-la-exposicion-literaria-al-aire-libre-mujer-y-literatura\/\" aria-label=\"Leer m\u00e1s sobre Inauguraci\u00f3n de la exposici\u00f3n literaria al aire libre: \u201cMujer y literatura\u201d\">Leer m\u00e1s<\/a><\/p>\n","protected":false},"author":2,"featured_media":0,"template":"","meta":{"ngg_post_thumbnail":0,"_tribe_events_status":"","_tribe_events_status_reason":"","footnotes":""},"tags":[],"tribe_events_cat":[66],"class_list":["post-6610","tribe_events","type-tribe_events","status-publish","hentry","tribe_events_cat-jornadas-literarias-mujer-y-literatura","cat_jornadas-literarias-mujer-y-literatura"],"_links":{"self":[{"href":"https:\/\/www.comunicacionyescuela.es\/2026\/wp-json\/wp\/v2\/tribe_events\/6610","targetHints":{"allow":["GET"]}}],"collection":[{"href":"https:\/\/www.comunicacionyescuela.es\/2026\/wp-json\/wp\/v2\/tribe_events"}],"about":[{"href":"https:\/\/www.comunicacionyescuela.es\/2026\/wp-json\/wp\/v2\/types\/tribe_events"}],"author":[{"embeddable":true,"href":"https:\/\/www.comunicacionyescuela.es\/2026\/wp-json\/wp\/v2\/users\/2"}],"version-history":[{"count":1,"href":"https:\/\/www.comunicacionyescuela.es\/2026\/wp-json\/wp\/v2\/tribe_events\/6610\/revisions"}],"predecessor-version":[{"id":6611,"href":"https:\/\/www.comunicacionyescuela.es\/2026\/wp-json\/wp\/v2\/tribe_events\/6610\/revisions\/6611"}],"wp:attachment":[{"href":"https:\/\/www.comunicacionyescuela.es\/2026\/wp-json\/wp\/v2\/media?parent=6610"}],"wp:term":[{"taxonomy":"post_tag","embeddable":true,"href":"https:\/\/www.comunicacionyescuela.es\/2026\/wp-json\/wp\/v2\/tags?post=6610"},{"taxonomy":"tribe_events_cat","embeddable":true,"href":"https:\/\/www.comunicacionyescuela.es\/2026\/wp-json\/wp\/v2\/tribe_events_cat?post=6610"}],"curies":[{"name":"wp","href":"https:\/\/api.w.org\/{rel}","templated":true}]}}

Inauguración de la exposición literaria al aire libre: “Mujer y literatura”

<p>Recorrido literario en el Instituto de Educación Secundaria Elisa y Luis Villamil durante el cual se leerán textos escritos sobre paneles colocados a lo largo de la zona exterior del recinto escolar, a cargo de sus autoras: <em>Violeta Monreal, Mónica Rodríguez, Chiqui Fábregat, Beatriz Osés, Isabel Molina, Sofía Rhey, Carme Riera, María Teresa Álvarez, Mayte Uceda</em>.<br />
PRESENTA:<br />
<strong>Dña. Eva Pérez Coto</strong>. Jefa de Estudios del IES Elisa y Luis Villamil<br />
Recinto del IES Elisa y Luis Villamil. Vegadeo. Del 15 al 30 de abril de 2026<br />
14,00 horas<br />
La Biblioteca IES Elisa y Luis Villamil abre sus puertas para recibir a los escritores/as participantes en el acto de firma de sus obras, que pasarán a engrosar la sección de libros dedicados.<br />
Acto de firma de libros de las escritoras <strong>Violeta Monreal, Chiqui Fábregat, Beatriz Osés, Isabel Molina, Sofía Rhey, María Teresa Álvarez</strong><br />
PRESENTA:<br />
<strong>Nancy Vijande Valledor</strong>. Coordinadora de la Biblioteca del IES Elisa y Luis Villamil</p>

<p>Recorrido literario en el Instituto de Educación Secundaria Elisa y Luis Villamil durante el cual se leerán textos escritos sobre paneles colocados a lo largo de la zona exterior del &#8230; <a title="Inauguración de la exposición literaria al aire libre: “Mujer y literatura”" class="read-more" href="https://www.comunicacionyescuela.es/2026/evento/inauguracion-de-la-exposicion-literaria-al-aire-libre-mujer-y-literatura/" aria-label="Leer más sobre Inauguración de la exposición literaria al aire libre: “Mujer y literatura”">Leer más</a></p>
