{"id":6608,"date":"2026-04-23T10:34:07","date_gmt":"2026-04-23T08:34:07","guid":{"rendered":"https:\/\/www.comunicacionyescuela.es\/2026\/?post_type=tribe_events&#038;p=6608"},"modified":"2026-04-23T10:34:07","modified_gmt":"2026-04-23T08:34:07","slug":"conferencia-vida-y-obra-de-la-escritora-emilia-pardo-bazan","status":"publish","type":"tribe_events","link":"https:\/\/www.comunicacionyescuela.es\/2026\/evento\/conferencia-vida-y-obra-de-la-escritora-emilia-pardo-bazan\/","title":{"rendered":"Conferencia: \u201cVida y obra de la escritora Emilia Pardo Baz\u00e1n\u201d"},"content":{"rendered":"<p><strong>D\u00f1a. Xulia Santiso<\/strong>. Conservadora de la Casa Museo de Emilia Pardo Baz\u00e1n<br \/>\n<strong>D\u00f1a. Mar\u00eda Teresa \u00c1lvarez<\/strong>. Escritora y periodista<br \/>\nPRESENTA:<br \/>\n<strong>D\u00f1a. Nerea Fern\u00e1ndez<\/strong>. Profesora del Departamento de Lengua Castellana y Literatura del IES Elisa y Luis Villamil<br \/>\nAula de Educaci\u00f3n F\u00edsica<br \/>\nDirigido al alumnado de 4\u00ba de Educaci\u00f3n Secundaria<\/p>\n","protected":false},"excerpt":{"rendered":"<p>D\u00f1a. Xulia Santiso. Conservadora de la Casa Museo de Emilia Pardo Baz\u00e1n D\u00f1a. Mar\u00eda Teresa \u00c1lvarez. Escritora y periodista PRESENTA: D\u00f1a. Nerea Fern\u00e1ndez. Profesora del Departamento de Lengua Castellana y &#8230; <a title=\"Conferencia: \u201cVida y obra de la escritora Emilia Pardo Baz\u00e1n\u201d\" class=\"read-more\" href=\"https:\/\/www.comunicacionyescuela.es\/2026\/evento\/conferencia-vida-y-obra-de-la-escritora-emilia-pardo-bazan\/\" aria-label=\"Leer m\u00e1s sobre Conferencia: \u201cVida y obra de la escritora Emilia Pardo Baz\u00e1n\u201d\">Leer m\u00e1s<\/a><\/p>\n","protected":false},"author":2,"featured_media":0,"template":"","meta":{"ngg_post_thumbnail":0,"_tribe_events_status":"","_tribe_events_status_reason":"","footnotes":""},"tags":[],"tribe_events_cat":[66],"class_list":["post-6608","tribe_events","type-tribe_events","status-publish","hentry","tribe_events_cat-jornadas-literarias-mujer-y-literatura","cat_jornadas-literarias-mujer-y-literatura"],"_links":{"self":[{"href":"https:\/\/www.comunicacionyescuela.es\/2026\/wp-json\/wp\/v2\/tribe_events\/6608","targetHints":{"allow":["GET"]}}],"collection":[{"href":"https:\/\/www.comunicacionyescuela.es\/2026\/wp-json\/wp\/v2\/tribe_events"}],"about":[{"href":"https:\/\/www.comunicacionyescuela.es\/2026\/wp-json\/wp\/v2\/types\/tribe_events"}],"author":[{"embeddable":true,"href":"https:\/\/www.comunicacionyescuela.es\/2026\/wp-json\/wp\/v2\/users\/2"}],"version-history":[{"count":1,"href":"https:\/\/www.comunicacionyescuela.es\/2026\/wp-json\/wp\/v2\/tribe_events\/6608\/revisions"}],"predecessor-version":[{"id":6609,"href":"https:\/\/www.comunicacionyescuela.es\/2026\/wp-json\/wp\/v2\/tribe_events\/6608\/revisions\/6609"}],"wp:attachment":[{"href":"https:\/\/www.comunicacionyescuela.es\/2026\/wp-json\/wp\/v2\/media?parent=6608"}],"wp:term":[{"taxonomy":"post_tag","embeddable":true,"href":"https:\/\/www.comunicacionyescuela.es\/2026\/wp-json\/wp\/v2\/tags?post=6608"},{"taxonomy":"tribe_events_cat","embeddable":true,"href":"https:\/\/www.comunicacionyescuela.es\/2026\/wp-json\/wp\/v2\/tribe_events_cat?post=6608"}],"curies":[{"name":"wp","href":"https:\/\/api.w.org\/{rel}","templated":true}]}}

Conferencia: “Vida y obra de la escritora Emilia Pardo Bazán”

<p><strong>Dña. Xulia Santiso</strong>. Conservadora de la Casa Museo de Emilia Pardo Bazán<br />
<strong>Dña. María Teresa Álvarez</strong>. Escritora y periodista<br />
PRESENTA:<br />
<strong>Dña. Nerea Fernández</strong>. Profesora del Departamento de Lengua Castellana y Literatura del IES Elisa y Luis Villamil<br />
Aula de Educación Física<br />
Dirigido al alumnado de 4º de Educación Secundaria</p>

<p>Dña. Xulia Santiso. Conservadora de la Casa Museo de Emilia Pardo Bazán Dña. María Teresa Álvarez. Escritora y periodista PRESENTA: Dña. Nerea Fernández. Profesora del Departamento de Lengua Castellana y &#8230; <a title="Conferencia: “Vida y obra de la escritora Emilia Pardo Bazán”" class="read-more" href="https://www.comunicacionyescuela.es/2026/evento/conferencia-vida-y-obra-de-la-escritora-emilia-pardo-bazan/" aria-label="Leer más sobre Conferencia: “Vida y obra de la escritora Emilia Pardo Bazán”">Leer más</a></p>
