{"id":6602,"date":"2026-04-23T10:29:36","date_gmt":"2026-04-23T08:29:36","guid":{"rendered":"https:\/\/www.comunicacionyescuela.es\/2026\/?post_type=tribe_events&#038;p=6602"},"modified":"2026-04-23T10:29:36","modified_gmt":"2026-04-23T08:29:36","slug":"beatriz-oses","status":"publish","type":"tribe_events","link":"https:\/\/www.comunicacionyescuela.es\/2026\/evento\/beatriz-oses\/","title":{"rendered":"Beatriz Os\u00e9s"},"content":{"rendered":"<p><strong>D\u00f1a. Beatriz Os\u00e9s<\/strong>. Escritora<br \/>\nAutora del libro Erik Vogler y los cr\u00edmenes del Rey Blanco (Ed. Edeb\u00e9, 2014), le\u00eddo por el alumnado 1\u00ba de Educaci\u00f3n Secundaria.<br \/>\nPRESENTA:<br \/>\n<strong>D\u00f1a. M\u00f3nica Loza L\u00f3pez<\/strong>. Profesora del Departamento de Lengua Castellana y Literatura del IES Elisa y Luis Villamil<br \/>\nSal\u00f3n de Actos. 8,30 horas<br \/>\nDirigido al alumnado de 1\u00ba de Educaci\u00f3n Secundaria<\/p>\n","protected":false},"excerpt":{"rendered":"<p>D\u00f1a. Beatriz Os\u00e9s. Escritora Autora del libro Erik Vogler y los cr\u00edmenes del Rey Blanco (Ed. Edeb\u00e9, 2014), le\u00eddo por el alumnado 1\u00ba de Educaci\u00f3n Secundaria. PRESENTA: D\u00f1a. M\u00f3nica Loza &#8230; <a title=\"Beatriz Os\u00e9s\" class=\"read-more\" href=\"https:\/\/www.comunicacionyescuela.es\/2026\/evento\/beatriz-oses\/\" aria-label=\"Leer m\u00e1s sobre Beatriz Os\u00e9s\">Leer m\u00e1s<\/a><\/p>\n","protected":false},"author":2,"featured_media":0,"template":"","meta":{"ngg_post_thumbnail":0,"_tribe_events_status":"","_tribe_events_status_reason":"","footnotes":""},"tags":[],"tribe_events_cat":[66],"class_list":["post-6602","tribe_events","type-tribe_events","status-publish","hentry","tribe_events_cat-jornadas-literarias-mujer-y-literatura","cat_jornadas-literarias-mujer-y-literatura"],"_links":{"self":[{"href":"https:\/\/www.comunicacionyescuela.es\/2026\/wp-json\/wp\/v2\/tribe_events\/6602","targetHints":{"allow":["GET"]}}],"collection":[{"href":"https:\/\/www.comunicacionyescuela.es\/2026\/wp-json\/wp\/v2\/tribe_events"}],"about":[{"href":"https:\/\/www.comunicacionyescuela.es\/2026\/wp-json\/wp\/v2\/types\/tribe_events"}],"author":[{"embeddable":true,"href":"https:\/\/www.comunicacionyescuela.es\/2026\/wp-json\/wp\/v2\/users\/2"}],"version-history":[{"count":1,"href":"https:\/\/www.comunicacionyescuela.es\/2026\/wp-json\/wp\/v2\/tribe_events\/6602\/revisions"}],"predecessor-version":[{"id":6603,"href":"https:\/\/www.comunicacionyescuela.es\/2026\/wp-json\/wp\/v2\/tribe_events\/6602\/revisions\/6603"}],"wp:attachment":[{"href":"https:\/\/www.comunicacionyescuela.es\/2026\/wp-json\/wp\/v2\/media?parent=6602"}],"wp:term":[{"taxonomy":"post_tag","embeddable":true,"href":"https:\/\/www.comunicacionyescuela.es\/2026\/wp-json\/wp\/v2\/tags?post=6602"},{"taxonomy":"tribe_events_cat","embeddable":true,"href":"https:\/\/www.comunicacionyescuela.es\/2026\/wp-json\/wp\/v2\/tribe_events_cat?post=6602"}],"curies":[{"name":"wp","href":"https:\/\/api.w.org\/{rel}","templated":true}]}}

Beatriz Osés

<p><strong>Dña. Beatriz Osés</strong>. Escritora<br />
Autora del libro Erik Vogler y los crímenes del Rey Blanco (Ed. Edebé, 2014), leído por el alumnado 1º de Educación Secundaria.<br />
PRESENTA:<br />
<strong>Dña. Mónica Loza López</strong>. Profesora del Departamento de Lengua Castellana y Literatura del IES Elisa y Luis Villamil<br />
Salón de Actos. 8,30 horas<br />
Dirigido al alumnado de 1º de Educación Secundaria</p>

<p>Dña. Beatriz Osés. Escritora Autora del libro Erik Vogler y los crímenes del Rey Blanco (Ed. Edebé, 2014), leído por el alumnado 1º de Educación Secundaria. PRESENTA: Dña. Mónica Loza &#8230; <a title="Beatriz Osés" class="read-more" href="https://www.comunicacionyescuela.es/2026/evento/beatriz-oses/" aria-label="Leer más sobre Beatriz Osés">Leer más</a></p>
