{"id":6600,"date":"2026-04-23T10:27:54","date_gmt":"2026-04-23T08:27:54","guid":{"rendered":"https:\/\/www.comunicacionyescuela.es\/2026\/?post_type=tribe_events&#038;p=6600"},"modified":"2026-04-23T10:27:54","modified_gmt":"2026-04-23T08:27:54","slug":"chiqui-fabregat","status":"publish","type":"tribe_events","link":"https:\/\/www.comunicacionyescuela.es\/2026\/evento\/chiqui-fabregat\/","title":{"rendered":"Chiqui F\u00e1bregat"},"content":{"rendered":"<p><strong>D\u00f1a. Chiqui F\u00e1bregat<\/strong>. Escritora<br \/>\nAutora del libro Un hada con el ala rota (Ed. Loqueleo, 2024), le\u00eddo por el alumnado de 5\u00ba y 6\u00ba de Educaci\u00f3n Primaria de Educaci\u00f3n Primaria.<br \/>\nPRESENTAN:<br \/>\n<strong>Mar\u00eda Consolaci\u00f3n Men\u00e9ndez Garc\u00eda<\/strong>. Profesora del Colegio La Paloma<br \/>\n<strong>Alejandro Sanjurjo Gonz\u00e1lez<\/strong>. Profesor del Colegio La Paloma<br \/>\nBiblioteca del Colegio La Paloma. 10 horas<br \/>\nDirigido al alumnado de 5\u00ba y 6\u00ba de Educaci\u00f3n Primaria<\/p>\n","protected":false},"excerpt":{"rendered":"<p>D\u00f1a. Chiqui F\u00e1bregat. Escritora Autora del libro Un hada con el ala rota (Ed. Loqueleo, 2024), le\u00eddo por el alumnado de 5\u00ba y 6\u00ba de Educaci\u00f3n Primaria de Educaci\u00f3n Primaria. &#8230; <a title=\"Chiqui F\u00e1bregat\" class=\"read-more\" href=\"https:\/\/www.comunicacionyescuela.es\/2026\/evento\/chiqui-fabregat\/\" aria-label=\"Leer m\u00e1s sobre Chiqui F\u00e1bregat\">Leer m\u00e1s<\/a><\/p>\n","protected":false},"author":2,"featured_media":0,"template":"","meta":{"ngg_post_thumbnail":0,"_tribe_events_status":"","_tribe_events_status_reason":"","footnotes":""},"tags":[],"tribe_events_cat":[66],"class_list":["post-6600","tribe_events","type-tribe_events","status-publish","hentry","tribe_events_cat-jornadas-literarias-mujer-y-literatura","cat_jornadas-literarias-mujer-y-literatura"],"_links":{"self":[{"href":"https:\/\/www.comunicacionyescuela.es\/2026\/wp-json\/wp\/v2\/tribe_events\/6600","targetHints":{"allow":["GET"]}}],"collection":[{"href":"https:\/\/www.comunicacionyescuela.es\/2026\/wp-json\/wp\/v2\/tribe_events"}],"about":[{"href":"https:\/\/www.comunicacionyescuela.es\/2026\/wp-json\/wp\/v2\/types\/tribe_events"}],"author":[{"embeddable":true,"href":"https:\/\/www.comunicacionyescuela.es\/2026\/wp-json\/wp\/v2\/users\/2"}],"version-history":[{"count":1,"href":"https:\/\/www.comunicacionyescuela.es\/2026\/wp-json\/wp\/v2\/tribe_events\/6600\/revisions"}],"predecessor-version":[{"id":6601,"href":"https:\/\/www.comunicacionyescuela.es\/2026\/wp-json\/wp\/v2\/tribe_events\/6600\/revisions\/6601"}],"wp:attachment":[{"href":"https:\/\/www.comunicacionyescuela.es\/2026\/wp-json\/wp\/v2\/media?parent=6600"}],"wp:term":[{"taxonomy":"post_tag","embeddable":true,"href":"https:\/\/www.comunicacionyescuela.es\/2026\/wp-json\/wp\/v2\/tags?post=6600"},{"taxonomy":"tribe_events_cat","embeddable":true,"href":"https:\/\/www.comunicacionyescuela.es\/2026\/wp-json\/wp\/v2\/tribe_events_cat?post=6600"}],"curies":[{"name":"wp","href":"https:\/\/api.w.org\/{rel}","templated":true}]}}

Chiqui Fábregat

<p><strong>Dña. Chiqui Fábregat</strong>. Escritora<br />
Autora del libro Un hada con el ala rota (Ed. Loqueleo, 2024), leído por el alumnado de 5º y 6º de Educación Primaria de Educación Primaria.<br />
PRESENTAN:<br />
<strong>María Consolación Menéndez García</strong>. Profesora del Colegio La Paloma<br />
<strong>Alejandro Sanjurjo González</strong>. Profesor del Colegio La Paloma<br />
Biblioteca del Colegio La Paloma. 10 horas<br />
Dirigido al alumnado de 5º y 6º de Educación Primaria</p>

<p>Dña. Chiqui Fábregat. Escritora Autora del libro Un hada con el ala rota (Ed. Loqueleo, 2024), leído por el alumnado de 5º y 6º de Educación Primaria de Educación Primaria. &#8230; <a title="Chiqui Fábregat" class="read-more" href="https://www.comunicacionyescuela.es/2026/evento/chiqui-fabregat/" aria-label="Leer más sobre Chiqui Fábregat">Leer más</a></p>
