{"id":6598,"date":"2026-04-23T10:26:37","date_gmt":"2026-04-23T08:26:37","guid":{"rendered":"https:\/\/www.comunicacionyescuela.es\/2026\/?post_type=tribe_events&#038;p=6598"},"modified":"2026-04-23T10:26:37","modified_gmt":"2026-04-23T08:26:37","slug":"violeta-monreal-2","status":"publish","type":"tribe_events","link":"https:\/\/www.comunicacionyescuela.es\/2026\/evento\/violeta-monreal-2\/","title":{"rendered":"Violeta Monreal"},"content":{"rendered":"<p><strong>D\u00f1a. Violeta Monreal<\/strong>. Escritora<br \/>\nAutora del libro Otro mundo a la vuelta de la esquina (Ed. Anaya, 9\u00aa edici\u00f3n 2025), le\u00eddo por el alumnado de 3\u00ba, 4\u00ba, 5\u00ba y 6\u00ba de Educaci\u00f3n Primaria<br \/>\nPRESENTA:<br \/>\n<strong>D\u00f1a. Manuela \u00c1lvarez Gonz\u00e1lez<\/strong>. Tutora de 5\u00ba de Educaci\u00f3n Primaria<br \/>\nEspacios de Aprendizaje de la 1\u00aa planta del Colegio Jovellanos.<br \/>\n11,15 horas<br \/>\nDirigido al alumnado de 3\u00ba, 4\u00ba, 5\u00ba y 6\u00ba de Educaci\u00f3n Primaria<\/p>\n","protected":false},"excerpt":{"rendered":"<p>D\u00f1a. Violeta Monreal. Escritora Autora del libro Otro mundo a la vuelta de la esquina (Ed. Anaya, 9\u00aa edici\u00f3n 2025), le\u00eddo por el alumnado de 3\u00ba, 4\u00ba, 5\u00ba y 6\u00ba &#8230; <a title=\"Violeta Monreal\" class=\"read-more\" href=\"https:\/\/www.comunicacionyescuela.es\/2026\/evento\/violeta-monreal-2\/\" aria-label=\"Leer m\u00e1s sobre Violeta Monreal\">Leer m\u00e1s<\/a><\/p>\n","protected":false},"author":2,"featured_media":0,"template":"","meta":{"ngg_post_thumbnail":0,"_tribe_events_status":"","_tribe_events_status_reason":"","footnotes":""},"tags":[],"tribe_events_cat":[66],"class_list":["post-6598","tribe_events","type-tribe_events","status-publish","hentry","tribe_events_cat-jornadas-literarias-mujer-y-literatura","cat_jornadas-literarias-mujer-y-literatura"],"_links":{"self":[{"href":"https:\/\/www.comunicacionyescuela.es\/2026\/wp-json\/wp\/v2\/tribe_events\/6598","targetHints":{"allow":["GET"]}}],"collection":[{"href":"https:\/\/www.comunicacionyescuela.es\/2026\/wp-json\/wp\/v2\/tribe_events"}],"about":[{"href":"https:\/\/www.comunicacionyescuela.es\/2026\/wp-json\/wp\/v2\/types\/tribe_events"}],"author":[{"embeddable":true,"href":"https:\/\/www.comunicacionyescuela.es\/2026\/wp-json\/wp\/v2\/users\/2"}],"version-history":[{"count":1,"href":"https:\/\/www.comunicacionyescuela.es\/2026\/wp-json\/wp\/v2\/tribe_events\/6598\/revisions"}],"predecessor-version":[{"id":6599,"href":"https:\/\/www.comunicacionyescuela.es\/2026\/wp-json\/wp\/v2\/tribe_events\/6598\/revisions\/6599"}],"wp:attachment":[{"href":"https:\/\/www.comunicacionyescuela.es\/2026\/wp-json\/wp\/v2\/media?parent=6598"}],"wp:term":[{"taxonomy":"post_tag","embeddable":true,"href":"https:\/\/www.comunicacionyescuela.es\/2026\/wp-json\/wp\/v2\/tags?post=6598"},{"taxonomy":"tribe_events_cat","embeddable":true,"href":"https:\/\/www.comunicacionyescuela.es\/2026\/wp-json\/wp\/v2\/tribe_events_cat?post=6598"}],"curies":[{"name":"wp","href":"https:\/\/api.w.org\/{rel}","templated":true}]}}

<p><strong>Dña. Violeta Monreal</strong>. Escritora<br />
Autora del libro Otro mundo a la vuelta de la esquina (Ed. Anaya, 9ª edición 2025), leído por el alumnado de 3º, 4º, 5º y 6º de Educación Primaria<br />
PRESENTA:<br />
<strong>Dña. Manuela Álvarez González</strong>. Tutora de 5º de Educación Primaria<br />
Espacios de Aprendizaje de la 1ª planta del Colegio Jovellanos.<br />
11,15 horas<br />
Dirigido al alumnado de 3º, 4º, 5º y 6º de Educación Primaria</p>

<p>Dña. Violeta Monreal. Escritora Autora del libro Otro mundo a la vuelta de la esquina (Ed. Anaya, 9ª edición 2025), leído por el alumnado de 3º, 4º, 5º y 6º &#8230; <a title="Violeta Monreal" class="read-more" href="https://www.comunicacionyescuela.es/2026/evento/violeta-monreal-2/" aria-label="Leer más sobre Violeta Monreal">Leer más</a></p>
