{"id":6594,"date":"2026-04-23T10:22:01","date_gmt":"2026-04-23T08:22:01","guid":{"rendered":"https:\/\/www.comunicacionyescuela.es\/2026\/?post_type=tribe_events&#038;p=6594"},"modified":"2026-04-23T10:22:01","modified_gmt":"2026-04-23T08:22:01","slug":"conferencia-voz-de-mujer-palabra-de-autora-un-dialogo-con-carme-riera","status":"publish","type":"tribe_events","link":"https:\/\/www.comunicacionyescuela.es\/2026\/evento\/conferencia-voz-de-mujer-palabra-de-autora-un-dialogo-con-carme-riera\/","title":{"rendered":"Conferencia: \u201cVoz de mujer. Palabra de autora. Un di\u00e1logo con Carme Riera\u201d"},"content":{"rendered":"<p><strong>D\u00f1a. Carme Riera<\/strong>. Escritora. Acad\u00e9mica de la Real Academia Espa\u00f1ola (RAE)<br \/>\nPRESENTA:<br \/>\n<strong>D\u00f1a. D\u00e1cil Nuez Reyes<\/strong>. Profesora del Departamento de Lengua Castellana y Literatura del IES Elisa y Luis Villamil<br \/>\nBiblioteca del IES Elisa y Luis Villamil. 12,50 horas<br \/>\nDirigido al alumnado de 2\u00ba de Bachillerato<\/p>\n","protected":false},"excerpt":{"rendered":"<p>D\u00f1a. Carme Riera. Escritora. Acad\u00e9mica de la Real Academia Espa\u00f1ola (RAE) PRESENTA: D\u00f1a. D\u00e1cil Nuez Reyes. Profesora del Departamento de Lengua Castellana y Literatura del IES Elisa y Luis Villamil &#8230; <a title=\"Conferencia: \u201cVoz de mujer. Palabra de autora. Un di\u00e1logo con Carme Riera\u201d\" class=\"read-more\" href=\"https:\/\/www.comunicacionyescuela.es\/2026\/evento\/conferencia-voz-de-mujer-palabra-de-autora-un-dialogo-con-carme-riera\/\" aria-label=\"Leer m\u00e1s sobre Conferencia: \u201cVoz de mujer. Palabra de autora. Un di\u00e1logo con Carme Riera\u201d\">Leer m\u00e1s<\/a><\/p>\n","protected":false},"author":2,"featured_media":0,"template":"","meta":{"ngg_post_thumbnail":0,"_tribe_events_status":"","_tribe_events_status_reason":"","footnotes":""},"tags":[],"tribe_events_cat":[66],"class_list":["post-6594","tribe_events","type-tribe_events","status-publish","hentry","tribe_events_cat-jornadas-literarias-mujer-y-literatura","cat_jornadas-literarias-mujer-y-literatura"],"_links":{"self":[{"href":"https:\/\/www.comunicacionyescuela.es\/2026\/wp-json\/wp\/v2\/tribe_events\/6594","targetHints":{"allow":["GET"]}}],"collection":[{"href":"https:\/\/www.comunicacionyescuela.es\/2026\/wp-json\/wp\/v2\/tribe_events"}],"about":[{"href":"https:\/\/www.comunicacionyescuela.es\/2026\/wp-json\/wp\/v2\/types\/tribe_events"}],"author":[{"embeddable":true,"href":"https:\/\/www.comunicacionyescuela.es\/2026\/wp-json\/wp\/v2\/users\/2"}],"version-history":[{"count":1,"href":"https:\/\/www.comunicacionyescuela.es\/2026\/wp-json\/wp\/v2\/tribe_events\/6594\/revisions"}],"predecessor-version":[{"id":6595,"href":"https:\/\/www.comunicacionyescuela.es\/2026\/wp-json\/wp\/v2\/tribe_events\/6594\/revisions\/6595"}],"wp:attachment":[{"href":"https:\/\/www.comunicacionyescuela.es\/2026\/wp-json\/wp\/v2\/media?parent=6594"}],"wp:term":[{"taxonomy":"post_tag","embeddable":true,"href":"https:\/\/www.comunicacionyescuela.es\/2026\/wp-json\/wp\/v2\/tags?post=6594"},{"taxonomy":"tribe_events_cat","embeddable":true,"href":"https:\/\/www.comunicacionyescuela.es\/2026\/wp-json\/wp\/v2\/tribe_events_cat?post=6594"}],"curies":[{"name":"wp","href":"https:\/\/api.w.org\/{rel}","templated":true}]}}

Conferencia: “Voz de mujer. Palabra de autora. Un diálogo con Carme Riera”

<p><strong>Dña. Carme Riera</strong>. Escritora. Académica de la Real Academia Española (RAE)<br />
PRESENTA:<br />
<strong>Dña. Dácil Nuez Reyes</strong>. Profesora del Departamento de Lengua Castellana y Literatura del IES Elisa y Luis Villamil<br />
Biblioteca del IES Elisa y Luis Villamil. 12,50 horas<br />
Dirigido al alumnado de 2º de Bachillerato</p>

<p>Dña. Carme Riera. Escritora. Académica de la Real Academia Española (RAE) PRESENTA: Dña. Dácil Nuez Reyes. Profesora del Departamento de Lengua Castellana y Literatura del IES Elisa y Luis Villamil &#8230; <a title="Conferencia: “Voz de mujer. Palabra de autora. Un diálogo con Carme Riera”" class="read-more" href="https://www.comunicacionyescuela.es/2026/evento/conferencia-voz-de-mujer-palabra-de-autora-un-dialogo-con-carme-riera/" aria-label="Leer más sobre Conferencia: “Voz de mujer. Palabra de autora. Un diálogo con Carme Riera”">Leer más</a></p>
