{"id":6592,"date":"2026-04-23T10:20:04","date_gmt":"2026-04-23T08:20:04","guid":{"rendered":"https:\/\/www.comunicacionyescuela.es\/2026\/?post_type=tribe_events&#038;p=6592"},"modified":"2026-04-23T10:20:04","modified_gmt":"2026-04-23T08:20:04","slug":"monica-rodriguez","status":"publish","type":"tribe_events","link":"https:\/\/www.comunicacionyescuela.es\/2026\/evento\/monica-rodriguez\/","title":{"rendered":"M\u00f3nica Rodr\u00edguez"},"content":{"rendered":"<p><strong>D\u00f1a. M\u00f3nica Rodr\u00edguez<\/strong>. Escritora<br \/>\nAutora del libro La casa del tejado rojo (Ed. Anaya, 2011), le\u00eddo por el alumnado de Educaci\u00f3n Primaria.<br \/>\nPRESENTA:<br \/>\n<strong>D\u00f1a. Sandra Castro Su\u00e1rez<\/strong>. Directora del CRA Oscos<br \/>\nCasa de Cultura. Santa Eulalia de Oscos. 10,00 horas<br \/>\nDirigido al alumnado de Educaci\u00f3n Primaria<\/p>\n","protected":false},"excerpt":{"rendered":"<p>D\u00f1a. M\u00f3nica Rodr\u00edguez. Escritora Autora del libro La casa del tejado rojo (Ed. Anaya, 2011), le\u00eddo por el alumnado de Educaci\u00f3n Primaria. PRESENTA: D\u00f1a. Sandra Castro Su\u00e1rez. Directora del CRA &#8230; <a title=\"M\u00f3nica Rodr\u00edguez\" class=\"read-more\" href=\"https:\/\/www.comunicacionyescuela.es\/2026\/evento\/monica-rodriguez\/\" aria-label=\"Leer m\u00e1s sobre M\u00f3nica Rodr\u00edguez\">Leer m\u00e1s<\/a><\/p>\n","protected":false},"author":2,"featured_media":0,"template":"","meta":{"ngg_post_thumbnail":0,"_tribe_events_status":"","_tribe_events_status_reason":"","footnotes":""},"tags":[],"tribe_events_cat":[66],"class_list":["post-6592","tribe_events","type-tribe_events","status-publish","hentry","tribe_events_cat-jornadas-literarias-mujer-y-literatura","cat_jornadas-literarias-mujer-y-literatura"],"_links":{"self":[{"href":"https:\/\/www.comunicacionyescuela.es\/2026\/wp-json\/wp\/v2\/tribe_events\/6592","targetHints":{"allow":["GET"]}}],"collection":[{"href":"https:\/\/www.comunicacionyescuela.es\/2026\/wp-json\/wp\/v2\/tribe_events"}],"about":[{"href":"https:\/\/www.comunicacionyescuela.es\/2026\/wp-json\/wp\/v2\/types\/tribe_events"}],"author":[{"embeddable":true,"href":"https:\/\/www.comunicacionyescuela.es\/2026\/wp-json\/wp\/v2\/users\/2"}],"version-history":[{"count":1,"href":"https:\/\/www.comunicacionyescuela.es\/2026\/wp-json\/wp\/v2\/tribe_events\/6592\/revisions"}],"predecessor-version":[{"id":6593,"href":"https:\/\/www.comunicacionyescuela.es\/2026\/wp-json\/wp\/v2\/tribe_events\/6592\/revisions\/6593"}],"wp:attachment":[{"href":"https:\/\/www.comunicacionyescuela.es\/2026\/wp-json\/wp\/v2\/media?parent=6592"}],"wp:term":[{"taxonomy":"post_tag","embeddable":true,"href":"https:\/\/www.comunicacionyescuela.es\/2026\/wp-json\/wp\/v2\/tags?post=6592"},{"taxonomy":"tribe_events_cat","embeddable":true,"href":"https:\/\/www.comunicacionyescuela.es\/2026\/wp-json\/wp\/v2\/tribe_events_cat?post=6592"}],"curies":[{"name":"wp","href":"https:\/\/api.w.org\/{rel}","templated":true}]}}

Mónica Rodríguez

<p><strong>Dña. Mónica Rodríguez</strong>. Escritora<br />
Autora del libro La casa del tejado rojo (Ed. Anaya, 2011), leído por el alumnado de Educación Primaria.<br />
PRESENTA:<br />
<strong>Dña. Sandra Castro Suárez</strong>. Directora del CRA Oscos<br />
Casa de Cultura. Santa Eulalia de Oscos. 10,00 horas<br />
Dirigido al alumnado de Educación Primaria</p>

<p>Dña. Mónica Rodríguez. Escritora Autora del libro La casa del tejado rojo (Ed. Anaya, 2011), leído por el alumnado de Educación Primaria. PRESENTA: Dña. Sandra Castro Suárez. Directora del CRA &#8230; <a title="Mónica Rodríguez" class="read-more" href="https://www.comunicacionyescuela.es/2026/evento/monica-rodriguez/" aria-label="Leer más sobre Mónica Rodríguez">Leer más</a></p>
