{"id":6588,"date":"2026-04-23T10:15:55","date_gmt":"2026-04-23T08:15:55","guid":{"rendered":"https:\/\/www.comunicacionyescuela.es\/2026\/?post_type=tribe_events&#038;p=6588"},"modified":"2026-04-23T10:15:55","modified_gmt":"2026-04-23T08:15:55","slug":"conferencia-shakespeare-and-his-characters-in-the-classroom","status":"publish","type":"tribe_events","link":"https:\/\/www.comunicacionyescuela.es\/2026\/evento\/conferencia-shakespeare-and-his-characters-in-the-classroom\/","title":{"rendered":"Conferencia: \u201cShakespeare and his characters in the classroom\u201d"},"content":{"rendered":"<p>INTERVIENE:<br \/>\n<strong>D. Francisco J. Borge<\/strong>. Doctor. Profesor titular de la Universidad de Oviedo<br \/>\nPRESENTA:<br \/>\n<strong>D\u00f1a. Mar\u00eda Jes\u00fas Montero<\/strong>. Jefa del Departamento de Ingl\u00e9s del IES Elisa y Luis Villamil<br \/>\nSal\u00f3n de Actos del IES Elisa y Luis Villamil. 12,50 horas<br \/>\nDirigido al alumnado de 2\u00ba de Bachillerato<br \/>\nPARTICIPA:<br \/>\nInstituto de Educaci\u00f3n Secundaria Elisa y Luis Villamil. Vegadeo<\/p>\n","protected":false},"excerpt":{"rendered":"<p>INTERVIENE: D. Francisco J. Borge. Doctor. Profesor titular de la Universidad de Oviedo PRESENTA: D\u00f1a. Mar\u00eda Jes\u00fas Montero. Jefa del Departamento de Ingl\u00e9s del IES Elisa y Luis Villamil Sal\u00f3n &#8230; <a title=\"Conferencia: \u201cShakespeare and his characters in the classroom\u201d\" class=\"read-more\" href=\"https:\/\/www.comunicacionyescuela.es\/2026\/evento\/conferencia-shakespeare-and-his-characters-in-the-classroom\/\" aria-label=\"Leer m\u00e1s sobre Conferencia: \u201cShakespeare and his characters in the classroom\u201d\">Leer m\u00e1s<\/a><\/p>\n","protected":false},"author":2,"featured_media":0,"template":"","meta":{"ngg_post_thumbnail":0,"_tribe_events_status":"","_tribe_events_status_reason":"","footnotes":""},"tags":[],"tribe_events_cat":[65],"class_list":["post-6588","tribe_events","type-tribe_events","status-publish","hentry","tribe_events_cat-jornada-para-promover-las-vocaciones-cientificas-en-estudiantes-del-medio-rural","cat_jornada-para-promover-las-vocaciones-cientificas-en-estudiantes-del-medio-rural"],"_links":{"self":[{"href":"https:\/\/www.comunicacionyescuela.es\/2026\/wp-json\/wp\/v2\/tribe_events\/6588","targetHints":{"allow":["GET"]}}],"collection":[{"href":"https:\/\/www.comunicacionyescuela.es\/2026\/wp-json\/wp\/v2\/tribe_events"}],"about":[{"href":"https:\/\/www.comunicacionyescuela.es\/2026\/wp-json\/wp\/v2\/types\/tribe_events"}],"author":[{"embeddable":true,"href":"https:\/\/www.comunicacionyescuela.es\/2026\/wp-json\/wp\/v2\/users\/2"}],"version-history":[{"count":1,"href":"https:\/\/www.comunicacionyescuela.es\/2026\/wp-json\/wp\/v2\/tribe_events\/6588\/revisions"}],"predecessor-version":[{"id":6589,"href":"https:\/\/www.comunicacionyescuela.es\/2026\/wp-json\/wp\/v2\/tribe_events\/6588\/revisions\/6589"}],"wp:attachment":[{"href":"https:\/\/www.comunicacionyescuela.es\/2026\/wp-json\/wp\/v2\/media?parent=6588"}],"wp:term":[{"taxonomy":"post_tag","embeddable":true,"href":"https:\/\/www.comunicacionyescuela.es\/2026\/wp-json\/wp\/v2\/tags?post=6588"},{"taxonomy":"tribe_events_cat","embeddable":true,"href":"https:\/\/www.comunicacionyescuela.es\/2026\/wp-json\/wp\/v2\/tribe_events_cat?post=6588"}],"curies":[{"name":"wp","href":"https:\/\/api.w.org\/{rel}","templated":true}]}}

<p>INTERVIENE:<br />
<strong>D. Francisco J. Borge</strong>. Doctor. Profesor titular de la Universidad de Oviedo<br />
PRESENTA:<br />
<strong>Dña. María Jesús Montero</strong>. Jefa del Departamento de Inglés del IES Elisa y Luis Villamil<br />
Salón de Actos del IES Elisa y Luis Villamil. 12,50 horas<br />
Dirigido al alumnado de 2º de Bachillerato<br />
PARTICIPA:<br />
Instituto de Educación Secundaria Elisa y Luis Villamil. Vegadeo</p>

<p>INTERVIENE: D. Francisco J. Borge. Doctor. Profesor titular de la Universidad de Oviedo PRESENTA: Dña. María Jesús Montero. Jefa del Departamento de Inglés del IES Elisa y Luis Villamil Salón &#8230; <a title="Conferencia: “Shakespeare and his characters in the classroom”" class="read-more" href="https://www.comunicacionyescuela.es/2026/evento/conferencia-shakespeare-and-his-characters-in-the-classroom/" aria-label="Leer más sobre Conferencia: “Shakespeare and his characters in the classroom”">Leer más</a></p>
