{"id":6586,"date":"2026-04-23T10:13:00","date_gmt":"2026-04-23T08:13:00","guid":{"rendered":"https:\/\/www.comunicacionyescuela.es\/2026\/?post_type=tribe_events&#038;p=6586"},"modified":"2026-04-23T10:13:00","modified_gmt":"2026-04-23T08:13:00","slug":"acto-institucional-de-reconocimiento-a-los-cientificos-y-cientificas-que-participan-en-esta-jornada-cientifica-del-foro-comunicacion-y-escuela","status":"publish","type":"tribe_events","link":"https:\/\/www.comunicacionyescuela.es\/2026\/evento\/acto-institucional-de-reconocimiento-a-los-cientificos-y-cientificas-que-participan-en-esta-jornada-cientifica-del-foro-comunicacion-y-escuela\/","title":{"rendered":"Acto institucional de reconocimiento a los cient\u00edficos y cient\u00edficas que participan en esta jornada cient\u00edfica del Foro Comunicaci\u00f3n y Escuela"},"content":{"rendered":"<p>Nota: Oportunamente y a trav\u00e9s de la p\u00e1gina web y de las redes sociales del Foro Comunicaci\u00f3n y Escuela se dar\u00e1 a conocer el desarrollo de este acto institucional<br \/>\nPARTICIPAN:<br \/>\nColegio Jovellanos. Vegadeo<br \/>\nCRA R\u00eda del Eo. Vegadeo<br \/>\nCRA Oscos. Santa Eulalia de Oscos<br \/>\nColegio La Paloma. Castropol<br \/>\nInstituto de Educaci\u00f3n Secundaria Carmen y Severo Ochoa. Luarca<br \/>\nInstituto de Educaci\u00f3n Secundaria Galileo Galilei. Navia<br \/>\nCentro de Educaci\u00f3n B\u00e1sica Carlos Bouso\u00f1o. Boal<br \/>\nInstituto de Educaci\u00f3n Secundaria Marqu\u00e9s de Casariego. Tapia de Casariego<br \/>\nInstituto de Educaci\u00f3n Secundaria Elisa y Luis Villamil. Vegadeo<\/p>\n","protected":false},"excerpt":{"rendered":"<p>Nota: Oportunamente y a trav\u00e9s de la p\u00e1gina web y de las redes sociales del Foro Comunicaci\u00f3n y Escuela se dar\u00e1 a conocer el desarrollo de este acto institucional PARTICIPAN: &#8230; <a title=\"Acto institucional de reconocimiento a los cient\u00edficos y cient\u00edficas que participan en esta jornada cient\u00edfica del Foro Comunicaci\u00f3n y Escuela\" class=\"read-more\" href=\"https:\/\/www.comunicacionyescuela.es\/2026\/evento\/acto-institucional-de-reconocimiento-a-los-cientificos-y-cientificas-que-participan-en-esta-jornada-cientifica-del-foro-comunicacion-y-escuela\/\" aria-label=\"Leer m\u00e1s sobre Acto institucional de reconocimiento a los cient\u00edficos y cient\u00edficas que participan en esta jornada cient\u00edfica del Foro Comunicaci\u00f3n y Escuela\">Leer m\u00e1s<\/a><\/p>\n","protected":false},"author":2,"featured_media":0,"template":"","meta":{"ngg_post_thumbnail":0,"_tribe_events_status":"","_tribe_events_status_reason":"","footnotes":""},"tags":[],"tribe_events_cat":[65],"class_list":["post-6586","tribe_events","type-tribe_events","status-publish","hentry","tribe_events_cat-jornada-para-promover-las-vocaciones-cientificas-en-estudiantes-del-medio-rural","cat_jornada-para-promover-las-vocaciones-cientificas-en-estudiantes-del-medio-rural"],"_links":{"self":[{"href":"https:\/\/www.comunicacionyescuela.es\/2026\/wp-json\/wp\/v2\/tribe_events\/6586","targetHints":{"allow":["GET"]}}],"collection":[{"href":"https:\/\/www.comunicacionyescuela.es\/2026\/wp-json\/wp\/v2\/tribe_events"}],"about":[{"href":"https:\/\/www.comunicacionyescuela.es\/2026\/wp-json\/wp\/v2\/types\/tribe_events"}],"author":[{"embeddable":true,"href":"https:\/\/www.comunicacionyescuela.es\/2026\/wp-json\/wp\/v2\/users\/2"}],"version-history":[{"count":1,"href":"https:\/\/www.comunicacionyescuela.es\/2026\/wp-json\/wp\/v2\/tribe_events\/6586\/revisions"}],"predecessor-version":[{"id":6587,"href":"https:\/\/www.comunicacionyescuela.es\/2026\/wp-json\/wp\/v2\/tribe_events\/6586\/revisions\/6587"}],"wp:attachment":[{"href":"https:\/\/www.comunicacionyescuela.es\/2026\/wp-json\/wp\/v2\/media?parent=6586"}],"wp:term":[{"taxonomy":"post_tag","embeddable":true,"href":"https:\/\/www.comunicacionyescuela.es\/2026\/wp-json\/wp\/v2\/tags?post=6586"},{"taxonomy":"tribe_events_cat","embeddable":true,"href":"https:\/\/www.comunicacionyescuela.es\/2026\/wp-json\/wp\/v2\/tribe_events_cat?post=6586"}],"curies":[{"name":"wp","href":"https:\/\/api.w.org\/{rel}","templated":true}]}}

Acto institucional de reconocimiento a los científicos y científicas que participan en esta jornada científica del Foro Comunicación y Escuela

<p>Nota: Oportunamente y a través de la página web y de las redes sociales del Foro Comunicación y Escuela se dará a conocer el desarrollo de este acto institucional<br />
PARTICIPAN:<br />
Colegio Jovellanos. Vegadeo<br />
CRA Ría del Eo. Vegadeo<br />
CRA Oscos. Santa Eulalia de Oscos<br />
Colegio La Paloma. Castropol<br />
Instituto de Educación Secundaria Carmen y Severo Ochoa. Luarca<br />
Instituto de Educación Secundaria Galileo Galilei. Navia<br />
Centro de Educación Básica Carlos Bousoño. Boal<br />
Instituto de Educación Secundaria Marqués de Casariego. Tapia de Casariego<br />
Instituto de Educación Secundaria Elisa y Luis Villamil. Vegadeo</p>

<p>Nota: Oportunamente y a través de la página web y de las redes sociales del Foro Comunicación y Escuela se dará a conocer el desarrollo de este acto institucional PARTICIPAN: &#8230; <a title="Acto institucional de reconocimiento a los científicos y científicas que participan en esta jornada científica del Foro Comunicación y Escuela" class="read-more" href="https://www.comunicacionyescuela.es/2026/evento/acto-institucional-de-reconocimiento-a-los-cientificos-y-cientificas-que-participan-en-esta-jornada-cientifica-del-foro-comunicacion-y-escuela/" aria-label="Leer más sobre Acto institucional de reconocimiento a los científicos y científicas que participan en esta jornada científica del Foro Comunicación y Escuela">Leer más</a></p>
