{"id":6582,"date":"2026-04-23T10:09:21","date_gmt":"2026-04-23T08:09:21","guid":{"rendered":"https:\/\/www.comunicacionyescuela.es\/2026\/?post_type=tribe_events&#038;p=6582"},"modified":"2026-04-23T10:09:21","modified_gmt":"2026-04-23T08:09:21","slug":"conferencia-como-identificar-las-mutaciones-que-causan-cancer","status":"publish","type":"tribe_events","link":"https:\/\/www.comunicacionyescuela.es\/2026\/evento\/conferencia-como-identificar-las-mutaciones-que-causan-cancer\/","title":{"rendered":"Conferencia: \u201cC\u00f3mo identificar las mutaciones que causan c\u00e1ncer\u201d"},"content":{"rendered":"<p>INTERVIENE:<br \/>\n<strong>D. Xos\u00e9 Ant\u00f3n Su\u00e1rez Puente<\/strong>. Catedr\u00e1tico de la Universidad de Oviedo<br \/>\nPRESENTA:<br \/>\n<strong>Departamento de Biolog\u00eda y Geolog\u00eda del IES Elisa y Luis Villamil<\/strong><br \/>\nBiblioteca del IES Elisa y Luis Villamil<br \/>\nDirigido al alumnado de 4\u00ba de Educaci\u00f3n Secundaria<\/p>\n","protected":false},"excerpt":{"rendered":"<p>INTERVIENE: D. Xos\u00e9 Ant\u00f3n Su\u00e1rez Puente. Catedr\u00e1tico de la Universidad de Oviedo PRESENTA: Departamento de Biolog\u00eda y Geolog\u00eda del IES Elisa y Luis Villamil Biblioteca del IES Elisa y Luis &#8230; <a title=\"Conferencia: \u201cC\u00f3mo identificar las mutaciones que causan c\u00e1ncer\u201d\" class=\"read-more\" href=\"https:\/\/www.comunicacionyescuela.es\/2026\/evento\/conferencia-como-identificar-las-mutaciones-que-causan-cancer\/\" aria-label=\"Leer m\u00e1s sobre Conferencia: \u201cC\u00f3mo identificar las mutaciones que causan c\u00e1ncer\u201d\">Leer m\u00e1s<\/a><\/p>\n","protected":false},"author":2,"featured_media":0,"template":"","meta":{"ngg_post_thumbnail":0,"_tribe_events_status":"","_tribe_events_status_reason":"","footnotes":""},"tags":[],"tribe_events_cat":[65],"class_list":["post-6582","tribe_events","type-tribe_events","status-publish","hentry","tribe_events_cat-jornada-para-promover-las-vocaciones-cientificas-en-estudiantes-del-medio-rural","cat_jornada-para-promover-las-vocaciones-cientificas-en-estudiantes-del-medio-rural"],"_links":{"self":[{"href":"https:\/\/www.comunicacionyescuela.es\/2026\/wp-json\/wp\/v2\/tribe_events\/6582","targetHints":{"allow":["GET"]}}],"collection":[{"href":"https:\/\/www.comunicacionyescuela.es\/2026\/wp-json\/wp\/v2\/tribe_events"}],"about":[{"href":"https:\/\/www.comunicacionyescuela.es\/2026\/wp-json\/wp\/v2\/types\/tribe_events"}],"author":[{"embeddable":true,"href":"https:\/\/www.comunicacionyescuela.es\/2026\/wp-json\/wp\/v2\/users\/2"}],"version-history":[{"count":1,"href":"https:\/\/www.comunicacionyescuela.es\/2026\/wp-json\/wp\/v2\/tribe_events\/6582\/revisions"}],"predecessor-version":[{"id":6583,"href":"https:\/\/www.comunicacionyescuela.es\/2026\/wp-json\/wp\/v2\/tribe_events\/6582\/revisions\/6583"}],"wp:attachment":[{"href":"https:\/\/www.comunicacionyescuela.es\/2026\/wp-json\/wp\/v2\/media?parent=6582"}],"wp:term":[{"taxonomy":"post_tag","embeddable":true,"href":"https:\/\/www.comunicacionyescuela.es\/2026\/wp-json\/wp\/v2\/tags?post=6582"},{"taxonomy":"tribe_events_cat","embeddable":true,"href":"https:\/\/www.comunicacionyescuela.es\/2026\/wp-json\/wp\/v2\/tribe_events_cat?post=6582"}],"curies":[{"name":"wp","href":"https:\/\/api.w.org\/{rel}","templated":true}]}}

Conferencia: “Cómo identificar las mutaciones que causan cáncer”

<p>INTERVIENE:<br />
<strong>D. Xosé Antón Suárez Puente</strong>. Catedrático de la Universidad de Oviedo<br />
PRESENTA:<br />
<strong>Departamento de Biología y Geología del IES Elisa y Luis Villamil</strong><br />
Biblioteca del IES Elisa y Luis Villamil<br />
Dirigido al alumnado de 4º de Educación Secundaria</p>

<p>INTERVIENE: D. Xosé Antón Suárez Puente. Catedrático de la Universidad de Oviedo PRESENTA: Departamento de Biología y Geología del IES Elisa y Luis Villamil Biblioteca del IES Elisa y Luis &#8230; <a title="Conferencia: “Cómo identificar las mutaciones que causan cáncer”" class="read-more" href="https://www.comunicacionyescuela.es/2026/evento/conferencia-como-identificar-las-mutaciones-que-causan-cancer/" aria-label="Leer más sobre Conferencia: “Cómo identificar las mutaciones que causan cáncer”">Leer más</a></p>
