{"id":6580,"date":"2026-04-23T10:07:58","date_gmt":"2026-04-23T08:07:58","guid":{"rendered":"https:\/\/www.comunicacionyescuela.es\/2026\/?post_type=tribe_events&#038;p=6580"},"modified":"2026-04-23T10:07:58","modified_gmt":"2026-04-23T08:07:58","slug":"conferencia-el-ejercicio-fisico-y-las-ventajas-para-la-salud","status":"publish","type":"tribe_events","link":"https:\/\/www.comunicacionyescuela.es\/2026\/evento\/conferencia-el-ejercicio-fisico-y-las-ventajas-para-la-salud\/","title":{"rendered":"Conferencia: \u201cEl ejercicio f\u00edsico y las ventajas para la salud\u201d"},"content":{"rendered":"<p>INTERVIENE:<br \/>\n<strong>D. Benjam\u00edn Fern\u00e1ndez Garc\u00eda<\/strong>. Profesor titular de la Universidad de Oviedo<br \/>\nPRESENTA:<br \/>\n<strong>Departamento de Biolog\u00eda y Geolog\u00eda del IES Elisa y Luis Villamil<\/strong><br \/>\nAula de Educaci\u00f3n F\u00edsica del IES Elisa y Luis Villamil<br \/>\nDirigido al alumnado de 3\u00ba de Educaci\u00f3n Secundaria<\/p>\n","protected":false},"excerpt":{"rendered":"<p>INTERVIENE: D. Benjam\u00edn Fern\u00e1ndez Garc\u00eda. Profesor titular de la Universidad de Oviedo PRESENTA: Departamento de Biolog\u00eda y Geolog\u00eda del IES Elisa y Luis Villamil Aula de Educaci\u00f3n F\u00edsica del IES &#8230; <a title=\"Conferencia: \u201cEl ejercicio f\u00edsico y las ventajas para la salud\u201d\" class=\"read-more\" href=\"https:\/\/www.comunicacionyescuela.es\/2026\/evento\/conferencia-el-ejercicio-fisico-y-las-ventajas-para-la-salud\/\" aria-label=\"Leer m\u00e1s sobre Conferencia: \u201cEl ejercicio f\u00edsico y las ventajas para la salud\u201d\">Leer m\u00e1s<\/a><\/p>\n","protected":false},"author":2,"featured_media":0,"template":"","meta":{"ngg_post_thumbnail":0,"_tribe_events_status":"","_tribe_events_status_reason":"","footnotes":""},"tags":[],"tribe_events_cat":[65],"class_list":["post-6580","tribe_events","type-tribe_events","status-publish","hentry","tribe_events_cat-jornada-para-promover-las-vocaciones-cientificas-en-estudiantes-del-medio-rural","cat_jornada-para-promover-las-vocaciones-cientificas-en-estudiantes-del-medio-rural"],"_links":{"self":[{"href":"https:\/\/www.comunicacionyescuela.es\/2026\/wp-json\/wp\/v2\/tribe_events\/6580","targetHints":{"allow":["GET"]}}],"collection":[{"href":"https:\/\/www.comunicacionyescuela.es\/2026\/wp-json\/wp\/v2\/tribe_events"}],"about":[{"href":"https:\/\/www.comunicacionyescuela.es\/2026\/wp-json\/wp\/v2\/types\/tribe_events"}],"author":[{"embeddable":true,"href":"https:\/\/www.comunicacionyescuela.es\/2026\/wp-json\/wp\/v2\/users\/2"}],"version-history":[{"count":1,"href":"https:\/\/www.comunicacionyescuela.es\/2026\/wp-json\/wp\/v2\/tribe_events\/6580\/revisions"}],"predecessor-version":[{"id":6581,"href":"https:\/\/www.comunicacionyescuela.es\/2026\/wp-json\/wp\/v2\/tribe_events\/6580\/revisions\/6581"}],"wp:attachment":[{"href":"https:\/\/www.comunicacionyescuela.es\/2026\/wp-json\/wp\/v2\/media?parent=6580"}],"wp:term":[{"taxonomy":"post_tag","embeddable":true,"href":"https:\/\/www.comunicacionyescuela.es\/2026\/wp-json\/wp\/v2\/tags?post=6580"},{"taxonomy":"tribe_events_cat","embeddable":true,"href":"https:\/\/www.comunicacionyescuela.es\/2026\/wp-json\/wp\/v2\/tribe_events_cat?post=6580"}],"curies":[{"name":"wp","href":"https:\/\/api.w.org\/{rel}","templated":true}]}}

Conferencia: “El ejercicio físico y las ventajas para la salud”

<p>INTERVIENE:<br />
<strong>D. Benjamín Fernández García</strong>. Profesor titular de la Universidad de Oviedo<br />
PRESENTA:<br />
<strong>Departamento de Biología y Geología del IES Elisa y Luis Villamil</strong><br />
Aula de Educación Física del IES Elisa y Luis Villamil<br />
Dirigido al alumnado de 3º de Educación Secundaria</p>

<p>INTERVIENE: D. Benjamín Fernández García. Profesor titular de la Universidad de Oviedo PRESENTA: Departamento de Biología y Geología del IES Elisa y Luis Villamil Aula de Educación Física del IES &#8230; <a title="Conferencia: “El ejercicio físico y las ventajas para la salud”" class="read-more" href="https://www.comunicacionyescuela.es/2026/evento/conferencia-el-ejercicio-fisico-y-las-ventajas-para-la-salud/" aria-label="Leer más sobre Conferencia: “El ejercicio físico y las ventajas para la salud”">Leer más</a></p>
