{"id":6578,"date":"2026-04-23T10:06:30","date_gmt":"2026-04-23T08:06:30","guid":{"rendered":"https:\/\/www.comunicacionyescuela.es\/2026\/?post_type=tribe_events&#038;p=6578"},"modified":"2026-04-23T10:06:30","modified_gmt":"2026-04-23T08:06:30","slug":"conferencia-tecnologia-al-servicio-de-la-humanidad","status":"publish","type":"tribe_events","link":"https:\/\/www.comunicacionyescuela.es\/2026\/evento\/conferencia-tecnologia-al-servicio-de-la-humanidad\/","title":{"rendered":"Conferencia: \u201cTecnolog\u00eda al servicio de la humanidad\u201d"},"content":{"rendered":"<p>INTERVIENE:<br \/>\n<strong>D. Amador Men\u00e9ndez Vel\u00e1zquez<\/strong>. Cient\u00edfico e investigador<br \/>\nPRESENTA:<br \/>\n<strong>Departamento F\u00edsica y Qu\u00edmica del IES Elisa y Luis Villamil<\/strong><br \/>\nSal\u00f3n de Actos del IES Elisa y Luis Villamil<br \/>\nDirigido al alumnado de 2\u00ba de Educaci\u00f3n Secundaria<\/p>\n","protected":false},"excerpt":{"rendered":"<p>INTERVIENE: D. Amador Men\u00e9ndez Vel\u00e1zquez. Cient\u00edfico e investigador PRESENTA: Departamento F\u00edsica y Qu\u00edmica del IES Elisa y Luis Villamil Sal\u00f3n de Actos del IES Elisa y Luis Villamil Dirigido al &#8230; <a title=\"Conferencia: \u201cTecnolog\u00eda al servicio de la humanidad\u201d\" class=\"read-more\" href=\"https:\/\/www.comunicacionyescuela.es\/2026\/evento\/conferencia-tecnologia-al-servicio-de-la-humanidad\/\" aria-label=\"Leer m\u00e1s sobre Conferencia: \u201cTecnolog\u00eda al servicio de la humanidad\u201d\">Leer m\u00e1s<\/a><\/p>\n","protected":false},"author":2,"featured_media":0,"template":"","meta":{"ngg_post_thumbnail":0,"_tribe_events_status":"","_tribe_events_status_reason":"","footnotes":""},"tags":[],"tribe_events_cat":[65],"class_list":["post-6578","tribe_events","type-tribe_events","status-publish","hentry","tribe_events_cat-jornada-para-promover-las-vocaciones-cientificas-en-estudiantes-del-medio-rural","cat_jornada-para-promover-las-vocaciones-cientificas-en-estudiantes-del-medio-rural"],"_links":{"self":[{"href":"https:\/\/www.comunicacionyescuela.es\/2026\/wp-json\/wp\/v2\/tribe_events\/6578","targetHints":{"allow":["GET"]}}],"collection":[{"href":"https:\/\/www.comunicacionyescuela.es\/2026\/wp-json\/wp\/v2\/tribe_events"}],"about":[{"href":"https:\/\/www.comunicacionyescuela.es\/2026\/wp-json\/wp\/v2\/types\/tribe_events"}],"author":[{"embeddable":true,"href":"https:\/\/www.comunicacionyescuela.es\/2026\/wp-json\/wp\/v2\/users\/2"}],"version-history":[{"count":1,"href":"https:\/\/www.comunicacionyescuela.es\/2026\/wp-json\/wp\/v2\/tribe_events\/6578\/revisions"}],"predecessor-version":[{"id":6579,"href":"https:\/\/www.comunicacionyescuela.es\/2026\/wp-json\/wp\/v2\/tribe_events\/6578\/revisions\/6579"}],"wp:attachment":[{"href":"https:\/\/www.comunicacionyescuela.es\/2026\/wp-json\/wp\/v2\/media?parent=6578"}],"wp:term":[{"taxonomy":"post_tag","embeddable":true,"href":"https:\/\/www.comunicacionyescuela.es\/2026\/wp-json\/wp\/v2\/tags?post=6578"},{"taxonomy":"tribe_events_cat","embeddable":true,"href":"https:\/\/www.comunicacionyescuela.es\/2026\/wp-json\/wp\/v2\/tribe_events_cat?post=6578"}],"curies":[{"name":"wp","href":"https:\/\/api.w.org\/{rel}","templated":true}]}}

Conferencia: “Tecnología al servicio de la humanidad”

<p>INTERVIENE:<br />
<strong>D. Amador Menéndez Velázquez</strong>. Científico e investigador<br />
PRESENTA:<br />
<strong>Departamento Física y Química del IES Elisa y Luis Villamil</strong><br />
Salón de Actos del IES Elisa y Luis Villamil<br />
Dirigido al alumnado de 2º de Educación Secundaria</p>

<p>INTERVIENE: D. Amador Menéndez Velázquez. Científico e investigador PRESENTA: Departamento Física y Química del IES Elisa y Luis Villamil Salón de Actos del IES Elisa y Luis Villamil Dirigido al &#8230; <a title="Conferencia: “Tecnología al servicio de la humanidad”" class="read-more" href="https://www.comunicacionyescuela.es/2026/evento/conferencia-tecnologia-al-servicio-de-la-humanidad/" aria-label="Leer más sobre Conferencia: “Tecnología al servicio de la humanidad”">Leer más</a></p>
