{"id":6571,"date":"2026-04-22T19:47:48","date_gmt":"2026-04-22T17:47:48","guid":{"rendered":"https:\/\/www.comunicacionyescuela.es\/2026\/?post_type=tribe_events&#038;p=6571"},"modified":"2026-04-22T19:47:48","modified_gmt":"2026-04-22T17:47:48","slug":"conferencia-los-escritores-de-nuestro-genoma","status":"publish","type":"tribe_events","link":"https:\/\/www.comunicacionyescuela.es\/2026\/evento\/conferencia-los-escritores-de-nuestro-genoma\/","title":{"rendered":"Conferencia: \u201cLos escritores de nuestro genoma\u201d"},"content":{"rendered":"<p>INTERVIENE:<br \/>\n<strong>D. Luis Blanco<\/strong>. Profesor de investigador en el Centro de Biolog\u00eda Molecular Severo Ochoa<br \/>\nPRESENTA:<br \/>\n<strong>D. Jos\u00e9 Ram\u00f3n Fern\u00e1ndez Alonso<\/strong>. Profesor de F\u00edsica y Qu\u00edmica del CPEB Carlos Bouso\u00f1o<br \/>\nSal\u00f3n de Actos del edificio del Instituto<br \/>\nDirigido al alumnado de Educaci\u00f3n Secundaria y Bachillerato<\/p>\n","protected":false},"excerpt":{"rendered":"<p>INTERVIENE: D. Luis Blanco. Profesor de investigador en el Centro de Biolog\u00eda Molecular Severo Ochoa PRESENTA: D. Jos\u00e9 Ram\u00f3n Fern\u00e1ndez Alonso. Profesor de F\u00edsica y Qu\u00edmica del CPEB Carlos Bouso\u00f1o &#8230; <a title=\"Conferencia: \u201cLos escritores de nuestro genoma\u201d\" class=\"read-more\" href=\"https:\/\/www.comunicacionyescuela.es\/2026\/evento\/conferencia-los-escritores-de-nuestro-genoma\/\" aria-label=\"Leer m\u00e1s sobre Conferencia: \u201cLos escritores de nuestro genoma\u201d\">Leer m\u00e1s<\/a><\/p>\n","protected":false},"author":2,"featured_media":0,"template":"","meta":{"ngg_post_thumbnail":0,"_tribe_events_status":"","_tribe_events_status_reason":"","footnotes":""},"tags":[],"tribe_events_cat":[65],"class_list":["post-6571","tribe_events","type-tribe_events","status-publish","hentry","tribe_events_cat-jornada-para-promover-las-vocaciones-cientificas-en-estudiantes-del-medio-rural","cat_jornada-para-promover-las-vocaciones-cientificas-en-estudiantes-del-medio-rural"],"_links":{"self":[{"href":"https:\/\/www.comunicacionyescuela.es\/2026\/wp-json\/wp\/v2\/tribe_events\/6571","targetHints":{"allow":["GET"]}}],"collection":[{"href":"https:\/\/www.comunicacionyescuela.es\/2026\/wp-json\/wp\/v2\/tribe_events"}],"about":[{"href":"https:\/\/www.comunicacionyescuela.es\/2026\/wp-json\/wp\/v2\/types\/tribe_events"}],"author":[{"embeddable":true,"href":"https:\/\/www.comunicacionyescuela.es\/2026\/wp-json\/wp\/v2\/users\/2"}],"version-history":[{"count":1,"href":"https:\/\/www.comunicacionyescuela.es\/2026\/wp-json\/wp\/v2\/tribe_events\/6571\/revisions"}],"predecessor-version":[{"id":6573,"href":"https:\/\/www.comunicacionyescuela.es\/2026\/wp-json\/wp\/v2\/tribe_events\/6571\/revisions\/6573"}],"wp:attachment":[{"href":"https:\/\/www.comunicacionyescuela.es\/2026\/wp-json\/wp\/v2\/media?parent=6571"}],"wp:term":[{"taxonomy":"post_tag","embeddable":true,"href":"https:\/\/www.comunicacionyescuela.es\/2026\/wp-json\/wp\/v2\/tags?post=6571"},{"taxonomy":"tribe_events_cat","embeddable":true,"href":"https:\/\/www.comunicacionyescuela.es\/2026\/wp-json\/wp\/v2\/tribe_events_cat?post=6571"}],"curies":[{"name":"wp","href":"https:\/\/api.w.org\/{rel}","templated":true}]}}

<p>INTERVIENE:<br />
<strong>D. Luis Blanco</strong>. Profesor de investigador en el Centro de Biología Molecular Severo Ochoa<br />
PRESENTA:<br />
<strong>D. José Ramón Fernández Alonso</strong>. Profesor de Física y Química del CPEB Carlos Bousoño<br />
Salón de Actos del edificio del Instituto<br />
Dirigido al alumnado de Educación Secundaria y Bachillerato</p>

<p>INTERVIENE: D. Luis Blanco. Profesor de investigador en el Centro de Biología Molecular Severo Ochoa PRESENTA: D. José Ramón Fernández Alonso. Profesor de Física y Química del CPEB Carlos Bousoño &#8230; <a title="Conferencia: “Los escritores de nuestro genoma”" class="read-more" href="https://www.comunicacionyescuela.es/2026/evento/conferencia-los-escritores-de-nuestro-genoma/" aria-label="Leer más sobre Conferencia: “Los escritores de nuestro genoma”">Leer más</a></p>
