{"id":6569,"date":"2026-04-22T19:44:15","date_gmt":"2026-04-22T17:44:15","guid":{"rendered":"https:\/\/www.comunicacionyescuela.es\/2026\/?post_type=tribe_events&#038;p=6569"},"modified":"2026-04-22T19:44:15","modified_gmt":"2026-04-22T17:44:15","slug":"conferencia-del-trasplante-a-los-organos-artificiales","status":"publish","type":"tribe_events","link":"https:\/\/www.comunicacionyescuela.es\/2026\/evento\/conferencia-del-trasplante-a-los-organos-artificiales\/","title":{"rendered":"Conferencia: \u201cDel trasplante a los \u00f3rganos artificiales\u201d"},"content":{"rendered":"<p>INTERVIENE:<br \/>\n<strong>D. \u00c1lvaro Meana Infiesta<\/strong>. M\u00e9dico e investigador en la Fundaci\u00f3n Oftalmol\u00f3gica Fern\u00e1ndez Vega<br \/>\nPRESENTA:<br \/>\n<strong>D. Jes\u00fas Oliveros P\u00e9rez<\/strong>. Profesor del Departamento de Biolog\u00eda del IES Marqu\u00e9s de Casariego<br \/>\nSal\u00f3n de Actos del IES Marqu\u00e9s de Casariego<br \/>\nDirigido al alumnado de Educaci\u00f3n Secundaria y Bachillerato<\/p>\n","protected":false},"excerpt":{"rendered":"<p>INTERVIENE: D. \u00c1lvaro Meana Infiesta. M\u00e9dico e investigador en la Fundaci\u00f3n Oftalmol\u00f3gica Fern\u00e1ndez Vega PRESENTA: D. Jes\u00fas Oliveros P\u00e9rez. Profesor del Departamento de Biolog\u00eda del IES Marqu\u00e9s de Casariego Sal\u00f3n &#8230; <a title=\"Conferencia: \u201cDel trasplante a los \u00f3rganos artificiales\u201d\" class=\"read-more\" href=\"https:\/\/www.comunicacionyescuela.es\/2026\/evento\/conferencia-del-trasplante-a-los-organos-artificiales\/\" aria-label=\"Leer m\u00e1s sobre Conferencia: \u201cDel trasplante a los \u00f3rganos artificiales\u201d\">Leer m\u00e1s<\/a><\/p>\n","protected":false},"author":2,"featured_media":0,"template":"","meta":{"ngg_post_thumbnail":0,"_tribe_events_status":"","_tribe_events_status_reason":"","footnotes":""},"tags":[],"tribe_events_cat":[65],"class_list":["post-6569","tribe_events","type-tribe_events","status-publish","hentry","tribe_events_cat-jornada-para-promover-las-vocaciones-cientificas-en-estudiantes-del-medio-rural","cat_jornada-para-promover-las-vocaciones-cientificas-en-estudiantes-del-medio-rural"],"_links":{"self":[{"href":"https:\/\/www.comunicacionyescuela.es\/2026\/wp-json\/wp\/v2\/tribe_events\/6569","targetHints":{"allow":["GET"]}}],"collection":[{"href":"https:\/\/www.comunicacionyescuela.es\/2026\/wp-json\/wp\/v2\/tribe_events"}],"about":[{"href":"https:\/\/www.comunicacionyescuela.es\/2026\/wp-json\/wp\/v2\/types\/tribe_events"}],"author":[{"embeddable":true,"href":"https:\/\/www.comunicacionyescuela.es\/2026\/wp-json\/wp\/v2\/users\/2"}],"version-history":[{"count":1,"href":"https:\/\/www.comunicacionyescuela.es\/2026\/wp-json\/wp\/v2\/tribe_events\/6569\/revisions"}],"predecessor-version":[{"id":6570,"href":"https:\/\/www.comunicacionyescuela.es\/2026\/wp-json\/wp\/v2\/tribe_events\/6569\/revisions\/6570"}],"wp:attachment":[{"href":"https:\/\/www.comunicacionyescuela.es\/2026\/wp-json\/wp\/v2\/media?parent=6569"}],"wp:term":[{"taxonomy":"post_tag","embeddable":true,"href":"https:\/\/www.comunicacionyescuela.es\/2026\/wp-json\/wp\/v2\/tags?post=6569"},{"taxonomy":"tribe_events_cat","embeddable":true,"href":"https:\/\/www.comunicacionyescuela.es\/2026\/wp-json\/wp\/v2\/tribe_events_cat?post=6569"}],"curies":[{"name":"wp","href":"https:\/\/api.w.org\/{rel}","templated":true}]}}

Conferencia: “Del trasplante a los órganos artificiales”

<p>INTERVIENE:<br />
<strong>D. Álvaro Meana Infiesta</strong>. Médico e investigador en la Fundación Oftalmológica Fernández Vega<br />
PRESENTA:<br />
<strong>D. Jesús Oliveros Pérez</strong>. Profesor del Departamento de Biología del IES Marqués de Casariego<br />
Salón de Actos del IES Marqués de Casariego<br />
Dirigido al alumnado de Educación Secundaria y Bachillerato</p>

<p>INTERVIENE: D. Álvaro Meana Infiesta. Médico e investigador en la Fundación Oftalmológica Fernández Vega PRESENTA: D. Jesús Oliveros Pérez. Profesor del Departamento de Biología del IES Marqués de Casariego Salón &#8230; <a title="Conferencia: “Del trasplante a los órganos artificiales”" class="read-more" href="https://www.comunicacionyescuela.es/2026/evento/conferencia-del-trasplante-a-los-organos-artificiales/" aria-label="Leer más sobre Conferencia: “Del trasplante a los órganos artificiales”">Leer más</a></p>
