{"id":6567,"date":"2026-04-22T19:42:24","date_gmt":"2026-04-22T17:42:24","guid":{"rendered":"https:\/\/www.comunicacionyescuela.es\/2026\/?post_type=tribe_events&#038;p=6567"},"modified":"2026-04-22T19:42:24","modified_gmt":"2026-04-22T17:42:24","slug":"conferencia-lo-que-es-ciencia-y-lo-que-no-lo-es","status":"publish","type":"tribe_events","link":"https:\/\/www.comunicacionyescuela.es\/2026\/evento\/conferencia-lo-que-es-ciencia-y-lo-que-no-lo-es\/","title":{"rendered":"Conferencia: \u201cLo que es Ciencia y lo que no lo es\u201d"},"content":{"rendered":"<p>INTERVIENE:<br \/>\n<strong>D. Enrique J. de la Rosa<\/strong>. Ex director del Centro de Investigaciones Biol\u00f3gicas Margarita Salas e investigador cient\u00edfico en dicho centro<br \/>\nPRESENTA:<br \/>\n<strong>D. Juan Jos\u00e9 Alonso Tresguerres<\/strong>. Jefe del Departamento de Filosof\u00eda del IES Galileo Galilei<br \/>\nSal\u00f3n de Actos del IES Galileo Galilei<br \/>\nDirigido al alumnado de 1\u00ba y 2\u00ba de Bachillerato<\/p>\n","protected":false},"excerpt":{"rendered":"<p>INTERVIENE: D. Enrique J. de la Rosa. Ex director del Centro de Investigaciones Biol\u00f3gicas Margarita Salas e investigador cient\u00edfico en dicho centro PRESENTA: D. Juan Jos\u00e9 Alonso Tresguerres. Jefe del &#8230; <a title=\"Conferencia: \u201cLo que es Ciencia y lo que no lo es\u201d\" class=\"read-more\" href=\"https:\/\/www.comunicacionyescuela.es\/2026\/evento\/conferencia-lo-que-es-ciencia-y-lo-que-no-lo-es\/\" aria-label=\"Leer m\u00e1s sobre Conferencia: \u201cLo que es Ciencia y lo que no lo es\u201d\">Leer m\u00e1s<\/a><\/p>\n","protected":false},"author":2,"featured_media":0,"template":"","meta":{"ngg_post_thumbnail":0,"_tribe_events_status":"","_tribe_events_status_reason":"","footnotes":""},"tags":[],"tribe_events_cat":[65],"class_list":["post-6567","tribe_events","type-tribe_events","status-publish","hentry","tribe_events_cat-jornada-para-promover-las-vocaciones-cientificas-en-estudiantes-del-medio-rural","cat_jornada-para-promover-las-vocaciones-cientificas-en-estudiantes-del-medio-rural"],"_links":{"self":[{"href":"https:\/\/www.comunicacionyescuela.es\/2026\/wp-json\/wp\/v2\/tribe_events\/6567","targetHints":{"allow":["GET"]}}],"collection":[{"href":"https:\/\/www.comunicacionyescuela.es\/2026\/wp-json\/wp\/v2\/tribe_events"}],"about":[{"href":"https:\/\/www.comunicacionyescuela.es\/2026\/wp-json\/wp\/v2\/types\/tribe_events"}],"author":[{"embeddable":true,"href":"https:\/\/www.comunicacionyescuela.es\/2026\/wp-json\/wp\/v2\/users\/2"}],"version-history":[{"count":1,"href":"https:\/\/www.comunicacionyescuela.es\/2026\/wp-json\/wp\/v2\/tribe_events\/6567\/revisions"}],"predecessor-version":[{"id":6568,"href":"https:\/\/www.comunicacionyescuela.es\/2026\/wp-json\/wp\/v2\/tribe_events\/6567\/revisions\/6568"}],"wp:attachment":[{"href":"https:\/\/www.comunicacionyescuela.es\/2026\/wp-json\/wp\/v2\/media?parent=6567"}],"wp:term":[{"taxonomy":"post_tag","embeddable":true,"href":"https:\/\/www.comunicacionyescuela.es\/2026\/wp-json\/wp\/v2\/tags?post=6567"},{"taxonomy":"tribe_events_cat","embeddable":true,"href":"https:\/\/www.comunicacionyescuela.es\/2026\/wp-json\/wp\/v2\/tribe_events_cat?post=6567"}],"curies":[{"name":"wp","href":"https:\/\/api.w.org\/{rel}","templated":true}]}}

<p>INTERVIENE:<br />
<strong>D. Enrique J. de la Rosa</strong>. Ex director del Centro de Investigaciones Biológicas Margarita Salas e investigador científico en dicho centro<br />
PRESENTA:<br />
<strong>D. Juan José Alonso Tresguerres</strong>. Jefe del Departamento de Filosofía del IES Galileo Galilei<br />
Salón de Actos del IES Galileo Galilei<br />
Dirigido al alumnado de 1º y 2º de Bachillerato</p>

<p>INTERVIENE: D. Enrique J. de la Rosa. Ex director del Centro de Investigaciones Biológicas Margarita Salas e investigador científico en dicho centro PRESENTA: D. Juan José Alonso Tresguerres. Jefe del &#8230; <a title="Conferencia: “Lo que es Ciencia y lo que no lo es”" class="read-more" href="https://www.comunicacionyescuela.es/2026/evento/conferencia-lo-que-es-ciencia-y-lo-que-no-lo-es/" aria-label="Leer más sobre Conferencia: “Lo que es Ciencia y lo que no lo es”">Leer más</a></p>
