{"id":6565,"date":"2026-04-22T19:40:18","date_gmt":"2026-04-22T17:40:18","guid":{"rendered":"https:\/\/www.comunicacionyescuela.es\/2026\/?post_type=tribe_events&#038;p=6565"},"modified":"2026-04-22T19:40:18","modified_gmt":"2026-04-22T17:40:18","slug":"conferencia-estamos-preparados-para-la-proxima-pandemia","status":"publish","type":"tribe_events","link":"https:\/\/www.comunicacionyescuela.es\/2026\/evento\/conferencia-estamos-preparados-para-la-proxima-pandemia\/","title":{"rendered":"Conferencia: \u201c\u00bfEstamos preparados para la pr\u00f3xima pandemia?\u201d"},"content":{"rendered":"<p>INTERVIENE:<br \/>\n<strong>D\u00f1a. Margarita del Val<\/strong>. Investigadora en el Centro de de Biolog\u00eda Molecular Severo Ochoa, CSIC-UAM<br \/>\nPRESENTA:<br \/>\n<strong>D\u00f1a. Inmaculada L\u00f3pez Fern\u00e1ndez<\/strong>. Jefa del Departamento de F\u00edsica y Qu\u00edmica del IES Carmen y Severo Ochoa<br \/>\nSal\u00f3n de Actos del IES Carmen y Severo Ochoa<br \/>\nDirigido al alumnado de 4\u00ba de Educaci\u00f3n Secundaria y 1\u00ba y 2\u00ba de<br \/>\nBachillerato<\/p>\n","protected":false},"excerpt":{"rendered":"<p>INTERVIENE: D\u00f1a. Margarita del Val. Investigadora en el Centro de de Biolog\u00eda Molecular Severo Ochoa, CSIC-UAM PRESENTA: D\u00f1a. Inmaculada L\u00f3pez Fern\u00e1ndez. Jefa del Departamento de F\u00edsica y Qu\u00edmica del IES &#8230; <a title=\"Conferencia: \u201c\u00bfEstamos preparados para la pr\u00f3xima pandemia?\u201d\" class=\"read-more\" href=\"https:\/\/www.comunicacionyescuela.es\/2026\/evento\/conferencia-estamos-preparados-para-la-proxima-pandemia\/\" aria-label=\"Leer m\u00e1s sobre Conferencia: \u201c\u00bfEstamos preparados para la pr\u00f3xima pandemia?\u201d\">Leer m\u00e1s<\/a><\/p>\n","protected":false},"author":2,"featured_media":0,"template":"","meta":{"ngg_post_thumbnail":0,"_tribe_events_status":"","_tribe_events_status_reason":"","footnotes":""},"tags":[],"tribe_events_cat":[65],"class_list":["post-6565","tribe_events","type-tribe_events","status-publish","hentry","tribe_events_cat-jornada-para-promover-las-vocaciones-cientificas-en-estudiantes-del-medio-rural","cat_jornada-para-promover-las-vocaciones-cientificas-en-estudiantes-del-medio-rural"],"_links":{"self":[{"href":"https:\/\/www.comunicacionyescuela.es\/2026\/wp-json\/wp\/v2\/tribe_events\/6565","targetHints":{"allow":["GET"]}}],"collection":[{"href":"https:\/\/www.comunicacionyescuela.es\/2026\/wp-json\/wp\/v2\/tribe_events"}],"about":[{"href":"https:\/\/www.comunicacionyescuela.es\/2026\/wp-json\/wp\/v2\/types\/tribe_events"}],"author":[{"embeddable":true,"href":"https:\/\/www.comunicacionyescuela.es\/2026\/wp-json\/wp\/v2\/users\/2"}],"version-history":[{"count":1,"href":"https:\/\/www.comunicacionyescuela.es\/2026\/wp-json\/wp\/v2\/tribe_events\/6565\/revisions"}],"predecessor-version":[{"id":6566,"href":"https:\/\/www.comunicacionyescuela.es\/2026\/wp-json\/wp\/v2\/tribe_events\/6565\/revisions\/6566"}],"wp:attachment":[{"href":"https:\/\/www.comunicacionyescuela.es\/2026\/wp-json\/wp\/v2\/media?parent=6565"}],"wp:term":[{"taxonomy":"post_tag","embeddable":true,"href":"https:\/\/www.comunicacionyescuela.es\/2026\/wp-json\/wp\/v2\/tags?post=6565"},{"taxonomy":"tribe_events_cat","embeddable":true,"href":"https:\/\/www.comunicacionyescuela.es\/2026\/wp-json\/wp\/v2\/tribe_events_cat?post=6565"}],"curies":[{"name":"wp","href":"https:\/\/api.w.org\/{rel}","templated":true}]}}

Conferencia: “¿Estamos preparados para la próxima pandemia?”

<p>INTERVIENE:<br />
<strong>Dña. Margarita del Val</strong>. Investigadora en el Centro de de Biología Molecular Severo Ochoa, CSIC-UAM<br />
PRESENTA:<br />
<strong>Dña. Inmaculada López Fernández</strong>. Jefa del Departamento de Física y Química del IES Carmen y Severo Ochoa<br />
Salón de Actos del IES Carmen y Severo Ochoa<br />
Dirigido al alumnado de 4º de Educación Secundaria y 1º y 2º de<br />
Bachillerato</p>

<p>INTERVIENE: Dña. Margarita del Val. Investigadora en el Centro de de Biología Molecular Severo Ochoa, CSIC-UAM PRESENTA: Dña. Inmaculada López Fernández. Jefa del Departamento de Física y Química del IES &#8230; <a title="Conferencia: “¿Estamos preparados para la próxima pandemia?”" class="read-more" href="https://www.comunicacionyescuela.es/2026/evento/conferencia-estamos-preparados-para-la-proxima-pandemia/" aria-label="Leer más sobre Conferencia: “¿Estamos preparados para la próxima pandemia?”">Leer más</a></p>
