{"id":6562,"date":"2026-04-22T19:37:33","date_gmt":"2026-04-22T17:37:33","guid":{"rendered":"https:\/\/www.comunicacionyescuela.es\/2026\/?post_type=tribe_events&#038;p=6562"},"modified":"2026-04-22T19:37:33","modified_gmt":"2026-04-22T17:37:33","slug":"jornada-de-promocion-de-la-actividad-deportiva-en-el-medio-rural","status":"publish","type":"tribe_events","link":"https:\/\/www.comunicacionyescuela.es\/2026\/evento\/jornada-de-promocion-de-la-actividad-deportiva-en-el-medio-rural\/","title":{"rendered":"Jornada de promoci\u00f3n de la actividad deportiva en el medio rural"},"content":{"rendered":"<p>Se desarrollar\u00e1 una jornada dedicada a la promoci\u00f3n del hockey sobre patines con la participaci\u00f3n de las integrantes del equipo femenino del Telecable Hockey Club, un club que ha logrado 6 copas de Europa, 1 copa Intercontinental, as\u00ed como numerosos t\u00edtulos nacionales.<br \/>\nTendr\u00e1 lugar un coloquio de las jugadores con el alumnado del Instituto y, posteriormente, una exhibici\u00f3n de hockey sobre patines en el polideportivo de Vegadeo.<br \/>\nPARTICIPA:<br \/>\nInstituto de Educaci\u00f3n Secundaria Elisa y Luis Villamil<br \/>\nNota: Oportunamente y a trav\u00e9s de la p\u00e1gina web y de las redes sociales del Foro Comunicaci\u00f3n y Escuela se dar\u00e1 a conocer el desarrollo de esta jornada.<\/p>\n","protected":false},"excerpt":{"rendered":"<p>Se desarrollar\u00e1 una jornada dedicada a la promoci\u00f3n del hockey sobre patines con la participaci\u00f3n de las integrantes del equipo femenino del Telecable Hockey Club, un club que ha logrado &#8230; <a title=\"Jornada de promoci\u00f3n de la actividad deportiva en el medio rural\" class=\"read-more\" href=\"https:\/\/www.comunicacionyescuela.es\/2026\/evento\/jornada-de-promocion-de-la-actividad-deportiva-en-el-medio-rural\/\" aria-label=\"Leer m\u00e1s sobre Jornada de promoci\u00f3n de la actividad deportiva en el medio rural\">Leer m\u00e1s<\/a><\/p>\n","protected":false},"author":2,"featured_media":0,"template":"","meta":{"ngg_post_thumbnail":0,"_tribe_events_status":"","_tribe_events_status_reason":"","footnotes":""},"tags":[],"tribe_events_cat":[64],"class_list":["post-6562","tribe_events","type-tribe_events","status-publish","hentry","tribe_events_cat-jornada-de-promocion-de-la-actividad-deportiva-en-el-medio-rural","cat_jornada-de-promocion-de-la-actividad-deportiva-en-el-medio-rural"],"_links":{"self":[{"href":"https:\/\/www.comunicacionyescuela.es\/2026\/wp-json\/wp\/v2\/tribe_events\/6562","targetHints":{"allow":["GET"]}}],"collection":[{"href":"https:\/\/www.comunicacionyescuela.es\/2026\/wp-json\/wp\/v2\/tribe_events"}],"about":[{"href":"https:\/\/www.comunicacionyescuela.es\/2026\/wp-json\/wp\/v2\/types\/tribe_events"}],"author":[{"embeddable":true,"href":"https:\/\/www.comunicacionyescuela.es\/2026\/wp-json\/wp\/v2\/users\/2"}],"version-history":[{"count":1,"href":"https:\/\/www.comunicacionyescuela.es\/2026\/wp-json\/wp\/v2\/tribe_events\/6562\/revisions"}],"predecessor-version":[{"id":6563,"href":"https:\/\/www.comunicacionyescuela.es\/2026\/wp-json\/wp\/v2\/tribe_events\/6562\/revisions\/6563"}],"wp:attachment":[{"href":"https:\/\/www.comunicacionyescuela.es\/2026\/wp-json\/wp\/v2\/media?parent=6562"}],"wp:term":[{"taxonomy":"post_tag","embeddable":true,"href":"https:\/\/www.comunicacionyescuela.es\/2026\/wp-json\/wp\/v2\/tags?post=6562"},{"taxonomy":"tribe_events_cat","embeddable":true,"href":"https:\/\/www.comunicacionyescuela.es\/2026\/wp-json\/wp\/v2\/tribe_events_cat?post=6562"}],"curies":[{"name":"wp","href":"https:\/\/api.w.org\/{rel}","templated":true}]}}

Jornada de promoción de la actividad deportiva en el medio rural

<p>Se desarrollará una jornada dedicada a la promoción del hockey sobre patines con la participación de las integrantes del equipo femenino del Telecable Hockey Club, un club que ha logrado 6 copas de Europa, 1 copa Intercontinental, así como numerosos títulos nacionales.<br />
Tendrá lugar un coloquio de las jugadores con el alumnado del Instituto y, posteriormente, una exhibición de hockey sobre patines en el polideportivo de Vegadeo.<br />
PARTICIPA:<br />
Instituto de Educación Secundaria Elisa y Luis Villamil<br />
Nota: Oportunamente y a través de la página web y de las redes sociales del Foro Comunicación y Escuela se dará a conocer el desarrollo de esta jornada.</p>

<p>Se desarrollará una jornada dedicada a la promoción del hockey sobre patines con la participación de las integrantes del equipo femenino del Telecable Hockey Club, un club que ha logrado &#8230; <a title="Jornada de promoción de la actividad deportiva en el medio rural" class="read-more" href="https://www.comunicacionyescuela.es/2026/evento/jornada-de-promocion-de-la-actividad-deportiva-en-el-medio-rural/" aria-label="Leer más sobre Jornada de promoción de la actividad deportiva en el medio rural">Leer más</a></p>
