{"id":6559,"date":"2026-04-22T19:33:11","date_gmt":"2026-04-22T17:33:11","guid":{"rendered":"https:\/\/www.comunicacionyescuela.es\/2026\/?post_type=tribe_events&#038;p=6559"},"modified":"2026-04-22T19:33:11","modified_gmt":"2026-04-22T17:33:11","slug":"jornada-ellos-fueron-como-tu","status":"publish","type":"tribe_events","link":"https:\/\/www.comunicacionyescuela.es\/2026\/evento\/jornada-ellos-fueron-como-tu\/","title":{"rendered":"Jornada: \u201cEllos fueron como t\u00fa\u201d"},"content":{"rendered":"<p>INTERVIENE:<br \/>\n<strong>D\u00f1a. Pilar Quintana Arredondas<\/strong>. Artesana de Taramundi<br \/>\nPRESENTA:<br \/>\n<strong>D\u00f1a. Trinidad Su\u00e1rez Rico<\/strong>. Coordinadora Programa Rompiendo Distancias Taramundi-San Tirso- Zona alta de Castropol<br \/>\nAula 101<br \/>\nDirigido al alumnado de 1\u00ba de Educaci\u00f3n Secundaria, grupo A<\/p>\n<p>INTERVIENEN:<br \/>\n<strong>D\u00f1a. Sof\u00eda Caraduje<\/strong>. Turismo rural y ganader\u00eda ecol\u00f3gica en San Mart\u00edn de Oscos<br \/>\n<strong>D\u00f1a. Irene Villar Cerdeira<\/strong>. Artesana de telar de maderea de Santa Eulalia<br \/>\nPRESENTA:<br \/>\n<strong>D\u00f1a Luc\u00eda S\u00e1nchez Feito<\/strong>. Coordinadora Programa Rompiendo Distancias Oscos-Alta Monta\u00f1a de Vegadeo<br \/>\nAula 102<br \/>\nDirigido al alumnado de 1\u00ba de Educaci\u00f3n Secundaria, grupo \u0412<\/p>\n<p>INTERVIENE:<br \/>\n<strong>D. Tob\u00edas Mart\u00ednez Cotarelo<\/strong>. Guarda forestal de San Tirso de Abres<br \/>\nPRESENTA:<br \/>\n<strong>D\u00f1a. Tania Pastur Rodr\u00edguez<\/strong>. Profesora del Departamento de Ingl\u00e9s del IES Elisa y Luis Villamil<br \/>\nAula 104<br \/>\nDirigido al alumnado de 1\u00ba de Educaci\u00f3n Secundaria, grupo C<\/p>\n<p>INTERVIENE:<br \/>\n<strong>D\u00f1a. Araceli Estrada Corte<\/strong>. Primera mujer conductora de ambulancia en Asturias<br \/>\nPRESENTA:<br \/>\n<strong>D\u00f1a. Mar\u00eda Antonia Fern\u00e1ndez Rodr\u00edguez<\/strong>. Profesora del Departamento de Biolog\u00eda y Geo-log\u00eda del IES Elisa y Luis Villamil<br \/>\nAula 304<br \/>\nDirigido al alumnado de 2\u00ba de Educaci\u00f3n Secundaria<br \/>\nCOLABORAN:<br \/>\nPrograma Rompiendo Distancias Oscos-Alta Monta\u00f1a de Vegadeo<br \/>\nPrograma Rompiendo Distancias Taramundi-San Tirso-Zona alta de<br \/>\nCastropol<br \/>\nPARTICIPA:<br \/>\nInstituto de Educaci\u00f3n Secundaria Elisa y Luis Villamil<\/p>\n","protected":false},"excerpt":{"rendered":"<p>INTERVIENE: D\u00f1a. Pilar Quintana Arredondas. Artesana de Taramundi PRESENTA: D\u00f1a. Trinidad Su\u00e1rez Rico. Coordinadora Programa Rompiendo Distancias Taramundi-San Tirso- Zona alta de Castropol Aula 101 Dirigido al alumnado de 1\u00ba &#8230; <a title=\"Jornada: \u201cEllos fueron como t\u00fa\u201d\" class=\"read-more\" href=\"https:\/\/www.comunicacionyescuela.es\/2026\/evento\/jornada-ellos-fueron-como-tu\/\" aria-label=\"Leer m\u00e1s sobre Jornada: \u201cEllos fueron como t\u00fa\u201d\">Leer m\u00e1s<\/a><\/p>\n","protected":false},"author":2,"featured_media":0,"template":"","meta":{"ngg_post_thumbnail":0,"_tribe_events_status":"","_tribe_events_status_reason":"","footnotes":""},"tags":[],"tribe_events_cat":[63],"class_list":["post-6559","tribe_events","type-tribe_events","status-publish","hentry","tribe_events_cat-jornada-intergeneracional","cat_jornada-intergeneracional"],"_links":{"self":[{"href":"https:\/\/www.comunicacionyescuela.es\/2026\/wp-json\/wp\/v2\/tribe_events\/6559","targetHints":{"allow":["GET"]}}],"collection":[{"href":"https:\/\/www.comunicacionyescuela.es\/2026\/wp-json\/wp\/v2\/tribe_events"}],"about":[{"href":"https:\/\/www.comunicacionyescuela.es\/2026\/wp-json\/wp\/v2\/types\/tribe_events"}],"author":[{"embeddable":true,"href":"https:\/\/www.comunicacionyescuela.es\/2026\/wp-json\/wp\/v2\/users\/2"}],"version-history":[{"count":1,"href":"https:\/\/www.comunicacionyescuela.es\/2026\/wp-json\/wp\/v2\/tribe_events\/6559\/revisions"}],"predecessor-version":[{"id":6560,"href":"https:\/\/www.comunicacionyescuela.es\/2026\/wp-json\/wp\/v2\/tribe_events\/6559\/revisions\/6560"}],"wp:attachment":[{"href":"https:\/\/www.comunicacionyescuela.es\/2026\/wp-json\/wp\/v2\/media?parent=6559"}],"wp:term":[{"taxonomy":"post_tag","embeddable":true,"href":"https:\/\/www.comunicacionyescuela.es\/2026\/wp-json\/wp\/v2\/tags?post=6559"},{"taxonomy":"tribe_events_cat","embeddable":true,"href":"https:\/\/www.comunicacionyescuela.es\/2026\/wp-json\/wp\/v2\/tribe_events_cat?post=6559"}],"curies":[{"name":"wp","href":"https:\/\/api.w.org\/{rel}","templated":true}]}}

Jornada: “Ellos fueron como tú”

<p>INTERVIENE:<br />
<strong>Dña. Pilar Quintana Arredondas</strong>. Artesana de Taramundi<br />
PRESENTA:<br />
<strong>Dña. Trinidad Suárez Rico</strong>. Coordinadora Programa Rompiendo Distancias Taramundi-San Tirso- Zona alta de Castropol<br />
Aula 101<br />
Dirigido al alumnado de 1º de Educación Secundaria, grupo A</p>
<p>INTERVIENEN:<br />
<strong>Dña. Sofía Caraduje</strong>. Turismo rural y ganadería ecológica en San Martín de Oscos<br />
<strong>Dña. Irene Villar Cerdeira</strong>. Artesana de telar de maderea de Santa Eulalia<br />
PRESENTA:<br />
<strong>Dña Lucía Sánchez Feito</strong>. Coordinadora Programa Rompiendo Distancias Oscos-Alta Montaña de Vegadeo<br />
Aula 102<br />
Dirigido al alumnado de 1º de Educación Secundaria, grupo В</p>
<p>INTERVIENE:<br />
<strong>D. Tobías Martínez Cotarelo</strong>. Guarda forestal de San Tirso de Abres<br />
PRESENTA:<br />
<strong>Dña. Tania Pastur Rodríguez</strong>. Profesora del Departamento de Inglés del IES Elisa y Luis Villamil<br />
Aula 104<br />
Dirigido al alumnado de 1º de Educación Secundaria, grupo C</p>
<p>INTERVIENE:<br />
<strong>Dña. Araceli Estrada Corte</strong>. Primera mujer conductora de ambulancia en Asturias<br />
PRESENTA:<br />
<strong>Dña. María Antonia Fernández Rodríguez</strong>. Profesora del Departamento de Biología y Geo-logía del IES Elisa y Luis Villamil<br />
Aula 304<br />
Dirigido al alumnado de 2º de Educación Secundaria<br />
COLABORAN:<br />
Programa Rompiendo Distancias Oscos-Alta Montaña de Vegadeo<br />
Programa Rompiendo Distancias Taramundi-San Tirso-Zona alta de<br />
Castropol<br />
PARTICIPA:<br />
Instituto de Educación Secundaria Elisa y Luis Villamil</p>

<p>INTERVIENE: Dña. Pilar Quintana Arredondas. Artesana de Taramundi PRESENTA: Dña. Trinidad Suárez Rico. Coordinadora Programa Rompiendo Distancias Taramundi-San Tirso- Zona alta de Castropol Aula 101 Dirigido al alumnado de 1º &#8230; <a title="Jornada: “Ellos fueron como tú”" class="read-more" href="https://www.comunicacionyescuela.es/2026/evento/jornada-ellos-fueron-como-tu/" aria-label="Leer más sobre Jornada: “Ellos fueron como tú”">Leer más</a></p>
