{"id":6555,"date":"2026-04-22T19:25:40","date_gmt":"2026-04-22T17:25:40","guid":{"rendered":"https:\/\/www.comunicacionyescuela.es\/2026\/?post_type=tribe_events&#038;p=6555"},"modified":"2026-04-22T19:25:40","modified_gmt":"2026-04-22T17:25:40","slug":"de-la-mar-al-aula-musica-asturiana","status":"publish","type":"tribe_events","link":"https:\/\/www.comunicacionyescuela.es\/2026\/evento\/de-la-mar-al-aula-musica-asturiana\/","title":{"rendered":"De la mar al aula: m\u00fasica asturiana"},"content":{"rendered":"<p>INTERVIENE:<br \/>\n<strong>Pipo Prendes<\/strong>.<br \/>\nPRESENTA:<br \/>\n<strong>D\u00f1a. Aurora Rena Monteser\u00edn<\/strong>. Jefa del Departamento de M\u00fasica del IES Elisa y Luis Villamil<br \/>\nSal\u00f3n de Actos<br \/>\nDirigido al alumnado de 1\u00ba de Educaci\u00f3n Secundaria<br \/>\nPARTICIPA:<br \/>\nInstituto de Educaci\u00f3n Secundaria Elisa y Luis Villamil<\/p>\n","protected":false},"excerpt":{"rendered":"<p>INTERVIENE: Pipo Prendes. PRESENTA: D\u00f1a. Aurora Rena Monteser\u00edn. Jefa del Departamento de M\u00fasica del IES Elisa y Luis Villamil Sal\u00f3n de Actos Dirigido al alumnado de 1\u00ba de Educaci\u00f3n Secundaria &#8230; <a title=\"De la mar al aula: m\u00fasica asturiana\" class=\"read-more\" href=\"https:\/\/www.comunicacionyescuela.es\/2026\/evento\/de-la-mar-al-aula-musica-asturiana\/\" aria-label=\"Leer m\u00e1s sobre De la mar al aula: m\u00fasica asturiana\">Leer m\u00e1s<\/a><\/p>\n","protected":false},"author":2,"featured_media":0,"template":"","meta":{"ngg_post_thumbnail":0,"_tribe_events_status":"","_tribe_events_status_reason":"","footnotes":""},"tags":[],"tribe_events_cat":[62],"class_list":["post-6555","tribe_events","type-tribe_events","status-publish","hentry","tribe_events_cat-jornada-dedicada-a-las-artes","cat_jornada-dedicada-a-las-artes"],"_links":{"self":[{"href":"https:\/\/www.comunicacionyescuela.es\/2026\/wp-json\/wp\/v2\/tribe_events\/6555","targetHints":{"allow":["GET"]}}],"collection":[{"href":"https:\/\/www.comunicacionyescuela.es\/2026\/wp-json\/wp\/v2\/tribe_events"}],"about":[{"href":"https:\/\/www.comunicacionyescuela.es\/2026\/wp-json\/wp\/v2\/types\/tribe_events"}],"author":[{"embeddable":true,"href":"https:\/\/www.comunicacionyescuela.es\/2026\/wp-json\/wp\/v2\/users\/2"}],"version-history":[{"count":1,"href":"https:\/\/www.comunicacionyescuela.es\/2026\/wp-json\/wp\/v2\/tribe_events\/6555\/revisions"}],"predecessor-version":[{"id":6556,"href":"https:\/\/www.comunicacionyescuela.es\/2026\/wp-json\/wp\/v2\/tribe_events\/6555\/revisions\/6556"}],"wp:attachment":[{"href":"https:\/\/www.comunicacionyescuela.es\/2026\/wp-json\/wp\/v2\/media?parent=6555"}],"wp:term":[{"taxonomy":"post_tag","embeddable":true,"href":"https:\/\/www.comunicacionyescuela.es\/2026\/wp-json\/wp\/v2\/tags?post=6555"},{"taxonomy":"tribe_events_cat","embeddable":true,"href":"https:\/\/www.comunicacionyescuela.es\/2026\/wp-json\/wp\/v2\/tribe_events_cat?post=6555"}],"curies":[{"name":"wp","href":"https:\/\/api.w.org\/{rel}","templated":true}]}}

De la mar al aula: música asturiana

<p>INTERVIENE:<br />
<strong>Pipo Prendes</strong>.<br />
PRESENTA:<br />
<strong>Dña. Aurora Rena Monteserín</strong>. Jefa del Departamento de Música del IES Elisa y Luis Villamil<br />
Salón de Actos<br />
Dirigido al alumnado de 1º de Educación Secundaria<br />
PARTICIPA:<br />
Instituto de Educación Secundaria Elisa y Luis Villamil</p>

<p>INTERVIENE: Pipo Prendes. PRESENTA: Dña. Aurora Rena Monteserín. Jefa del Departamento de Música del IES Elisa y Luis Villamil Salón de Actos Dirigido al alumnado de 1º de Educación Secundaria &#8230; <a title="De la mar al aula: música asturiana" class="read-more" href="https://www.comunicacionyescuela.es/2026/evento/de-la-mar-al-aula-musica-asturiana/" aria-label="Leer más sobre De la mar al aula: música asturiana">Leer más</a></p>
