{"id":6553,"date":"2026-04-22T19:24:36","date_gmt":"2026-04-22T17:24:36","guid":{"rendered":"https:\/\/www.comunicacionyescuela.es\/2026\/?post_type=tribe_events&#038;p=6553"},"modified":"2026-04-22T19:24:36","modified_gmt":"2026-04-22T17:24:36","slug":"factoria-de-androides","status":"publish","type":"tribe_events","link":"https:\/\/www.comunicacionyescuela.es\/2026\/evento\/factoria-de-androides\/","title":{"rendered":"Factoria de androides"},"content":{"rendered":"<p>INTERVIENE:<br \/>\n<strong>By S\u00e1trapa<\/strong>. Artista<br \/>\nPRESENTA:<br \/>\n<strong>D\u00f1a. Flavia Besada Otero<\/strong>. Jefa del Departamento de Educaci\u00f3n Pl\u00e1stica del IES Elisa y Luis Villamil<br \/>\nAula 306<br \/>\nDirigido al alumnado de 3\u00ba de Educaci\u00f3n Secundaria<br \/>\n\u201cEncuentro con Herminio Fern\u00e1ndez\u201d<br \/>\nINTERVIENE:<br \/>\n<strong>D. Herminio Fern\u00e1ndez<\/strong>. Escultor<br \/>\nPRESENTA:<br \/>\n<strong>D\u00f1a. Aurora L\u00f3pez Formadela<\/strong>. Profesora del Departamento de Educaci\u00f3n Pl\u00e1stica del IES Elisa y Luis Villamil<br \/>\nAula de Pl\u00e1stica<br \/>\nDirigido a los al alumnado de 3\u00ba de Educaci\u00f3n Secundaria<\/p>\n","protected":false},"excerpt":{"rendered":"<p>INTERVIENE: By S\u00e1trapa. Artista PRESENTA: D\u00f1a. Flavia Besada Otero. Jefa del Departamento de Educaci\u00f3n Pl\u00e1stica del IES Elisa y Luis Villamil Aula 306 Dirigido al alumnado de 3\u00ba de Educaci\u00f3n &#8230; <a title=\"Factoria de androides\" class=\"read-more\" href=\"https:\/\/www.comunicacionyescuela.es\/2026\/evento\/factoria-de-androides\/\" aria-label=\"Leer m\u00e1s sobre Factoria de androides\">Leer m\u00e1s<\/a><\/p>\n","protected":false},"author":2,"featured_media":0,"template":"","meta":{"ngg_post_thumbnail":0,"_tribe_events_status":"","_tribe_events_status_reason":"","footnotes":""},"tags":[],"tribe_events_cat":[62],"class_list":["post-6553","tribe_events","type-tribe_events","status-publish","hentry","tribe_events_cat-jornada-dedicada-a-las-artes","cat_jornada-dedicada-a-las-artes"],"_links":{"self":[{"href":"https:\/\/www.comunicacionyescuela.es\/2026\/wp-json\/wp\/v2\/tribe_events\/6553","targetHints":{"allow":["GET"]}}],"collection":[{"href":"https:\/\/www.comunicacionyescuela.es\/2026\/wp-json\/wp\/v2\/tribe_events"}],"about":[{"href":"https:\/\/www.comunicacionyescuela.es\/2026\/wp-json\/wp\/v2\/types\/tribe_events"}],"author":[{"embeddable":true,"href":"https:\/\/www.comunicacionyescuela.es\/2026\/wp-json\/wp\/v2\/users\/2"}],"version-history":[{"count":1,"href":"https:\/\/www.comunicacionyescuela.es\/2026\/wp-json\/wp\/v2\/tribe_events\/6553\/revisions"}],"predecessor-version":[{"id":6554,"href":"https:\/\/www.comunicacionyescuela.es\/2026\/wp-json\/wp\/v2\/tribe_events\/6553\/revisions\/6554"}],"wp:attachment":[{"href":"https:\/\/www.comunicacionyescuela.es\/2026\/wp-json\/wp\/v2\/media?parent=6553"}],"wp:term":[{"taxonomy":"post_tag","embeddable":true,"href":"https:\/\/www.comunicacionyescuela.es\/2026\/wp-json\/wp\/v2\/tags?post=6553"},{"taxonomy":"tribe_events_cat","embeddable":true,"href":"https:\/\/www.comunicacionyescuela.es\/2026\/wp-json\/wp\/v2\/tribe_events_cat?post=6553"}],"curies":[{"name":"wp","href":"https:\/\/api.w.org\/{rel}","templated":true}]}}

<p>INTERVIENE:<br />
<strong>By Sátrapa</strong>. Artista<br />
PRESENTA:<br />
<strong>Dña. Flavia Besada Otero</strong>. Jefa del Departamento de Educación Plástica del IES Elisa y Luis Villamil<br />
Aula 306<br />
Dirigido al alumnado de 3º de Educación Secundaria<br />
“Encuentro con Herminio Fernández”<br />
INTERVIENE:<br />
<strong>D. Herminio Fernández</strong>. Escultor<br />
PRESENTA:<br />
<strong>Dña. Aurora López Formadela</strong>. Profesora del Departamento de Educación Plástica del IES Elisa y Luis Villamil<br />
Aula de Plástica<br />
Dirigido a los al alumnado de 3º de Educación Secundaria</p>

<p>INTERVIENE: By Sátrapa. Artista PRESENTA: Dña. Flavia Besada Otero. Jefa del Departamento de Educación Plástica del IES Elisa y Luis Villamil Aula 306 Dirigido al alumnado de 3º de Educación &#8230; <a title="Factoria de androides" class="read-more" href="https://www.comunicacionyescuela.es/2026/evento/factoria-de-androides/" aria-label="Leer más sobre Factoria de androides">Leer más</a></p>
