{"id":6551,"date":"2026-04-22T19:22:34","date_gmt":"2026-04-22T17:22:34","guid":{"rendered":"https:\/\/www.comunicacionyescuela.es\/2026\/?post_type=tribe_events&#038;p=6551"},"modified":"2026-04-22T19:22:34","modified_gmt":"2026-04-22T17:22:34","slug":"musica-sin-fronteras-instrumentos-del-mundo-2","status":"publish","type":"tribe_events","link":"https:\/\/www.comunicacionyescuela.es\/2026\/evento\/musica-sin-fronteras-instrumentos-del-mundo-2\/","title":{"rendered":"M\u00fasica sin fronteras: instrumentos del mundo"},"content":{"rendered":"<p>INTERVIENE:<br \/>\n<strong>D. Pablo Canal\u00eds<\/strong>. Instrumentista musical<br \/>\nPRESENTA:<br \/>\n<strong>D\u00f1a. Aurora Rena Monteser\u00edn<\/strong>. Jefa del Departamento de M\u00fasica del IES Elisa y Luis Villamil<br \/>\nSal\u00f3n de Actos<br \/>\nDirigido al alumnado de 2\u00ba de Educaci\u00f3n Secundaria<\/p>\n","protected":false},"excerpt":{"rendered":"<p>INTERVIENE: D. Pablo Canal\u00eds. Instrumentista musical PRESENTA: D\u00f1a. Aurora Rena Monteser\u00edn. Jefa del Departamento de M\u00fasica del IES Elisa y Luis Villamil Sal\u00f3n de Actos Dirigido al alumnado de 2\u00ba &#8230; <a title=\"M\u00fasica sin fronteras: instrumentos del mundo\" class=\"read-more\" href=\"https:\/\/www.comunicacionyescuela.es\/2026\/evento\/musica-sin-fronteras-instrumentos-del-mundo-2\/\" aria-label=\"Leer m\u00e1s sobre M\u00fasica sin fronteras: instrumentos del mundo\">Leer m\u00e1s<\/a><\/p>\n","protected":false},"author":2,"featured_media":0,"template":"","meta":{"ngg_post_thumbnail":0,"_tribe_events_status":"","_tribe_events_status_reason":"","footnotes":""},"tags":[],"tribe_events_cat":[62],"class_list":["post-6551","tribe_events","type-tribe_events","status-publish","hentry","tribe_events_cat-jornada-dedicada-a-las-artes","cat_jornada-dedicada-a-las-artes"],"_links":{"self":[{"href":"https:\/\/www.comunicacionyescuela.es\/2026\/wp-json\/wp\/v2\/tribe_events\/6551","targetHints":{"allow":["GET"]}}],"collection":[{"href":"https:\/\/www.comunicacionyescuela.es\/2026\/wp-json\/wp\/v2\/tribe_events"}],"about":[{"href":"https:\/\/www.comunicacionyescuela.es\/2026\/wp-json\/wp\/v2\/types\/tribe_events"}],"author":[{"embeddable":true,"href":"https:\/\/www.comunicacionyescuela.es\/2026\/wp-json\/wp\/v2\/users\/2"}],"version-history":[{"count":1,"href":"https:\/\/www.comunicacionyescuela.es\/2026\/wp-json\/wp\/v2\/tribe_events\/6551\/revisions"}],"predecessor-version":[{"id":6552,"href":"https:\/\/www.comunicacionyescuela.es\/2026\/wp-json\/wp\/v2\/tribe_events\/6551\/revisions\/6552"}],"wp:attachment":[{"href":"https:\/\/www.comunicacionyescuela.es\/2026\/wp-json\/wp\/v2\/media?parent=6551"}],"wp:term":[{"taxonomy":"post_tag","embeddable":true,"href":"https:\/\/www.comunicacionyescuela.es\/2026\/wp-json\/wp\/v2\/tags?post=6551"},{"taxonomy":"tribe_events_cat","embeddable":true,"href":"https:\/\/www.comunicacionyescuela.es\/2026\/wp-json\/wp\/v2\/tribe_events_cat?post=6551"}],"curies":[{"name":"wp","href":"https:\/\/api.w.org\/{rel}","templated":true}]}}

Música sin fronteras: instrumentos del mundo

<p>INTERVIENE:<br />
<strong>D. Pablo Canalís</strong>. Instrumentista musical<br />
PRESENTA:<br />
<strong>Dña. Aurora Rena Monteserín</strong>. Jefa del Departamento de Música del IES Elisa y Luis Villamil<br />
Salón de Actos<br />
Dirigido al alumnado de 2º de Educación Secundaria</p>

<p>INTERVIENE: D. Pablo Canalís. Instrumentista musical PRESENTA: Dña. Aurora Rena Monteserín. Jefa del Departamento de Música del IES Elisa y Luis Villamil Salón de Actos Dirigido al alumnado de 2º &#8230; <a title="Música sin fronteras: instrumentos del mundo" class="read-more" href="https://www.comunicacionyescuela.es/2026/evento/musica-sin-fronteras-instrumentos-del-mundo-2/" aria-label="Leer más sobre Música sin fronteras: instrumentos del mundo">Leer más</a></p>
