{"id":6547,"date":"2026-04-22T19:19:31","date_gmt":"2026-04-22T17:19:31","guid":{"rendered":"https:\/\/www.comunicacionyescuela.es\/2026\/?post_type=tribe_events&#038;p=6547"},"modified":"2026-04-22T19:19:31","modified_gmt":"2026-04-22T17:19:31","slug":"arte-que-habla","status":"publish","type":"tribe_events","link":"https:\/\/www.comunicacionyescuela.es\/2026\/evento\/arte-que-habla\/","title":{"rendered":"Arte que habla"},"content":{"rendered":"<p>INTERVIENE:<br \/>\n<strong>D. Arturo Verano<\/strong>. Artista<br \/>\nPRESENTA:<br \/>\n<strong>D\u00f1a. Flavia Besada Otero<\/strong>. Jefa del Departamento de Educaci\u00f3n Pl\u00e1stica<br \/>\nAula de Pl\u00e1stica<br \/>\nDirigido al alumnado de 4\u00ba de Educaci\u00f3n Secundaria que cursa la<br \/>\nasignatura de Expresi\u00f3n art\u00edstica<\/p>\n","protected":false},"excerpt":{"rendered":"<p>INTERVIENE: D. Arturo Verano. Artista PRESENTA: D\u00f1a. Flavia Besada Otero. Jefa del Departamento de Educaci\u00f3n Pl\u00e1stica Aula de Pl\u00e1stica Dirigido al alumnado de 4\u00ba de Educaci\u00f3n Secundaria que cursa la &#8230; <a title=\"Arte que habla\" class=\"read-more\" href=\"https:\/\/www.comunicacionyescuela.es\/2026\/evento\/arte-que-habla\/\" aria-label=\"Leer m\u00e1s sobre Arte que habla\">Leer m\u00e1s<\/a><\/p>\n","protected":false},"author":2,"featured_media":0,"template":"","meta":{"ngg_post_thumbnail":0,"_tribe_events_status":"","_tribe_events_status_reason":"","footnotes":""},"tags":[],"tribe_events_cat":[62],"class_list":["post-6547","tribe_events","type-tribe_events","status-publish","hentry","tribe_events_cat-jornada-dedicada-a-las-artes","cat_jornada-dedicada-a-las-artes"],"_links":{"self":[{"href":"https:\/\/www.comunicacionyescuela.es\/2026\/wp-json\/wp\/v2\/tribe_events\/6547","targetHints":{"allow":["GET"]}}],"collection":[{"href":"https:\/\/www.comunicacionyescuela.es\/2026\/wp-json\/wp\/v2\/tribe_events"}],"about":[{"href":"https:\/\/www.comunicacionyescuela.es\/2026\/wp-json\/wp\/v2\/types\/tribe_events"}],"author":[{"embeddable":true,"href":"https:\/\/www.comunicacionyescuela.es\/2026\/wp-json\/wp\/v2\/users\/2"}],"version-history":[{"count":1,"href":"https:\/\/www.comunicacionyescuela.es\/2026\/wp-json\/wp\/v2\/tribe_events\/6547\/revisions"}],"predecessor-version":[{"id":6548,"href":"https:\/\/www.comunicacionyescuela.es\/2026\/wp-json\/wp\/v2\/tribe_events\/6547\/revisions\/6548"}],"wp:attachment":[{"href":"https:\/\/www.comunicacionyescuela.es\/2026\/wp-json\/wp\/v2\/media?parent=6547"}],"wp:term":[{"taxonomy":"post_tag","embeddable":true,"href":"https:\/\/www.comunicacionyescuela.es\/2026\/wp-json\/wp\/v2\/tags?post=6547"},{"taxonomy":"tribe_events_cat","embeddable":true,"href":"https:\/\/www.comunicacionyescuela.es\/2026\/wp-json\/wp\/v2\/tribe_events_cat?post=6547"}],"curies":[{"name":"wp","href":"https:\/\/api.w.org\/{rel}","templated":true}]}}

<p>INTERVIENE:<br />
<strong>D. Arturo Verano</strong>. Artista<br />
PRESENTA:<br />
<strong>Dña. Flavia Besada Otero</strong>. Jefa del Departamento de Educación Plástica<br />
Aula de Plástica<br />
Dirigido al alumnado de 4º de Educación Secundaria que cursa la<br />
asignatura de Expresión artística</p>

<p>INTERVIENE: D. Arturo Verano. Artista PRESENTA: Dña. Flavia Besada Otero. Jefa del Departamento de Educación Plástica Aula de Plástica Dirigido al alumnado de 4º de Educación Secundaria que cursa la &#8230; <a title="Arte que habla" class="read-more" href="https://www.comunicacionyescuela.es/2026/evento/arte-que-habla/" aria-label="Leer más sobre Arte que habla">Leer más</a></p>
