{"id":6541,"date":"2026-04-22T19:09:38","date_gmt":"2026-04-22T17:09:38","guid":{"rendered":"https:\/\/www.comunicacionyescuela.es\/2026\/?post_type=tribe_events&#038;p=6541"},"modified":"2026-04-22T19:09:38","modified_gmt":"2026-04-22T17:09:38","slug":"conferencia-junta-general-del-principado-el-parlamento-de-asturias","status":"publish","type":"tribe_events","link":"https:\/\/www.comunicacionyescuela.es\/2026\/evento\/conferencia-junta-general-del-principado-el-parlamento-de-asturias\/","title":{"rendered":"Conferencia: \u201cJunta General del Principado: el Parlamento de Asturias\u201d"},"content":{"rendered":"<p>INTERVIENEN:<br \/>\n<strong>D. Juan Manuel Cofi\u00f1o Gonz\u00e1lez<\/strong>. Presidente de la Junta General del Principado y Miembros de la Mesa de la C\u00e1mara<br \/>\nPRESENTAN:<br \/>\n<strong>D\u00f1a. Sandra Castro Su\u00e1rez<\/strong>. Directora del CRA Oscos<br \/>\n<strong>D\u00f1a. Francisco Rivas \u00c1lvarez<\/strong>. Director del CRA R\u00eda del Eo<br \/>\n<strong>D. Luis Felipe Fern\u00e1ndez Garc\u00eda<\/strong>. Coordinador del Foro Comunicaci\u00f3n y Escuela<br \/>\nCasa de Cultura. San Mart\u00edn de Oscos. 11 horas<br \/>\nDirigido al alumnado de 5\u00ba y 6\u00ba de Educaci\u00f3n Primaria y de 1\u00ba de<br \/>\nEducaci\u00f3n Secundaria<\/p>\n","protected":false},"excerpt":{"rendered":"<p>INTERVIENEN: D. Juan Manuel Cofi\u00f1o Gonz\u00e1lez. Presidente de la Junta General del Principado y Miembros de la Mesa de la C\u00e1mara PRESENTAN: D\u00f1a. Sandra Castro Su\u00e1rez. Directora del CRA Oscos &#8230; <a title=\"Conferencia: \u201cJunta General del Principado: el Parlamento de Asturias\u201d\" class=\"read-more\" href=\"https:\/\/www.comunicacionyescuela.es\/2026\/evento\/conferencia-junta-general-del-principado-el-parlamento-de-asturias\/\" aria-label=\"Leer m\u00e1s sobre Conferencia: \u201cJunta General del Principado: el Parlamento de Asturias\u201d\">Leer m\u00e1s<\/a><\/p>\n","protected":false},"author":2,"featured_media":0,"template":"","meta":{"ngg_post_thumbnail":0,"_tribe_events_status":"","_tribe_events_status_reason":"","footnotes":""},"tags":[],"tribe_events_cat":[61],"class_list":["post-6541","tribe_events","type-tribe_events","status-publish","hentry","tribe_events_cat-jornadas-con-la-junta-general-del-principado","cat_jornadas-con-la-junta-general-del-principado"],"_links":{"self":[{"href":"https:\/\/www.comunicacionyescuela.es\/2026\/wp-json\/wp\/v2\/tribe_events\/6541","targetHints":{"allow":["GET"]}}],"collection":[{"href":"https:\/\/www.comunicacionyescuela.es\/2026\/wp-json\/wp\/v2\/tribe_events"}],"about":[{"href":"https:\/\/www.comunicacionyescuela.es\/2026\/wp-json\/wp\/v2\/types\/tribe_events"}],"author":[{"embeddable":true,"href":"https:\/\/www.comunicacionyescuela.es\/2026\/wp-json\/wp\/v2\/users\/2"}],"version-history":[{"count":1,"href":"https:\/\/www.comunicacionyescuela.es\/2026\/wp-json\/wp\/v2\/tribe_events\/6541\/revisions"}],"predecessor-version":[{"id":6542,"href":"https:\/\/www.comunicacionyescuela.es\/2026\/wp-json\/wp\/v2\/tribe_events\/6541\/revisions\/6542"}],"wp:attachment":[{"href":"https:\/\/www.comunicacionyescuela.es\/2026\/wp-json\/wp\/v2\/media?parent=6541"}],"wp:term":[{"taxonomy":"post_tag","embeddable":true,"href":"https:\/\/www.comunicacionyescuela.es\/2026\/wp-json\/wp\/v2\/tags?post=6541"},{"taxonomy":"tribe_events_cat","embeddable":true,"href":"https:\/\/www.comunicacionyescuela.es\/2026\/wp-json\/wp\/v2\/tribe_events_cat?post=6541"}],"curies":[{"name":"wp","href":"https:\/\/api.w.org\/{rel}","templated":true}]}}

<p>INTERVIENEN:<br />
<strong>D. Juan Manuel Cofiño González</strong>. Presidente de la Junta General del Principado y Miembros de la Mesa de la Cámara<br />
PRESENTAN:<br />
<strong>Dña. Sandra Castro Suárez</strong>. Directora del CRA Oscos<br />
<strong>Dña. Francisco Rivas Álvarez</strong>. Director del CRA Ría del Eo<br />
<strong>D. Luis Felipe Fernández García</strong>. Coordinador del Foro Comunicación y Escuela<br />
Casa de Cultura. San Martín de Oscos. 11 horas<br />
Dirigido al alumnado de 5º y 6º de Educación Primaria y de 1º de<br />
Educación Secundaria</p>

<p>INTERVIENEN: D. Juan Manuel Cofiño González. Presidente de la Junta General del Principado y Miembros de la Mesa de la Cámara PRESENTAN: Dña. Sandra Castro Suárez. Directora del CRA Oscos &#8230; <a title="Conferencia: “Junta General del Principado: el Parlamento de Asturias”" class="read-more" href="https://www.comunicacionyescuela.es/2026/evento/conferencia-junta-general-del-principado-el-parlamento-de-asturias/" aria-label="Leer más sobre Conferencia: “Junta General del Principado: el Parlamento de Asturias”">Leer más</a></p>
